000
CXUS51 KPHI 010815
CF6GED
PRELIMINARY LOCAL CLIMATOLOGICAL DATA (WS FORM: F-6)
STATION: GEORGETOWN DE
MONTH: APRIL
YEAR: 2022
LATITUDE: 38 41 N
LONGITUDE: 75 22 W
TEMPERATURE IN F: :PCPN: SNOW: WIND :SUNSHINE: SKY :PK WND
================================================================================
1 2 3 4 5 6A 6B 7 8 9 10 11 12 13 14 15 16 17 18
12Z AVG MX 2MIN
DY MAX MIN AVG DEP HDD CDD WTR SNW DPTH SPD SPD DIR MIN PSBL S-S WX SPD DR
================================================================================
1 67 45 56 5 9 0 T M M 11.6 25 290 M M 6 38 290
2 57 38 48 -3 17 0 0.00 M M 6.9 18 130 M M 1 22 130
3 62 42 52 0 13 0 0.00 M M 9.9 22 280 M M 4 36 280
4 57 39 48 -4 17 0 0.00 M M 5.5 14 280 M M 2 18 280
5 60 46 53 1 12 0 0.30 M M 7.1 13 130 M M 9 1 16 140
6 59 47 53 0 12 0 1.04 M M 10.6 20 110 M M 10 1 25 130
7 67 47 57 4 8 0 0.20 M M 10.2 20 120 M M 10 1 26 140
8 65 45 55 2 10 0 T M M 7.3 17 220 M M 3 23 290
9 58 44 51 -3 14 0 0.01 M M 5.4 15 270 M M 7 1 21 280
10 52 34 43 -11 22 0 0.00 M M 8.2 20 280 M M 4 31 310
11 63 31 47 -7 18 0 0.00 M M 5.5 18 180 M M 2 23 180
12 76 49 63 8 2 0 T M M 6.1 17 270 M M 4 28 280
13 84 51 68 13 0 3 0.00 M M 8.2 20 220 M M 1 25 220
14 82 58 70 15 0 5 0.15 M M 13.0 28 230 M M 3 3 38 230
15 71 50 61 5 4 0 T M M 6.8 21 180 M M 1 28 180
16 77 52 65 9 0 0 0.06 M M 13.8 28 210 M M 1 3 38 200
17 58 38 48 -8 17 0 0.00 M M 7.5 16 310 M M 3 34 310
18 53 35 44 -13 21 0 1.13 M M 13.1 26 50 M M 5 1 39 50
19 54 43 49 -8 16 0 T M M 12.1 21 290 M M 5 8 35 300
20 60 40 50 -7 15 0 0.00 M M 5.1 15 340 M M 0 21 300
21 68 39 54 -4 11 0 0.00 M M 7.9 18 220 M M 2 21 220
22 76 47 62 4 3 0 0.00 M M 3.6 13 300 M M 1 20 350
23 71 46 59 1 6 0 0.00 M M 6.5 16 110 M M 3 20 140
24 74 53 64 6 1 0 0.00 M M 7.9 18 110 M M 1 24 80
25 65 50 58 -1 7 0 0.00 M M 8.5 16 90 M M 7 20 70
26 80 57 69 10 0 4 0.07 M M 5.0 13 320 M M 6 1 24 320
27 60 44 52 -7 13 0 0.00 M M 9.5 21 300 M M 3 30 300
28 59 38 49 -11 16 0 0.00 M M 7.8 18 350 M M 2 27 350
29 64 37 51 -9 14 0 0.00 M M 5.2 16 290 M M 0 23 280
30 69 35 52 -8 13 0 0.00 M M 4.6 14 120 M M 0 19 310
================================================================================
SM 1968 1320 311 12 2.96 M 240.4 M 106
================================================================================
AV 65.6 44.0 8.0 FASTST M M 4 MAX(MPH)
MISC ----> # 28 230 39 50
================================================================================
NOTES:
# LAST OF SEVERAL OCCURRENCES
COLUMN 17 PEAK WIND IN M.P.H.
PRELIMINARY LOCAL CLIMATOLOGICAL DATA (WS FORM: F-6) , PAGE 2
STATION: GEORGETOWN DE
MONTH: APRIL
YEAR: 2022
LATITUDE: 38 41 N
LONGITUDE: 75 22 W
[TEMPERATURE DATA] [PRECIPITATION DATA] SYMBOLS USED IN COLUMN 16
AVERAGE MONTHLY: 54.8 TOTAL FOR MONTH: 2.96 1 = FOG OR MIST
DPTR FM NORMAL: -1.0 DPTR FM NORMAL: -0.33 2 = FOG REDUCING VISIBILITY
HIGHEST: 84 ON 13 GRTST 24HR 1.29 ON 5- 6 TO 1/4 MILE OR LESS
LOWEST: 31 ON 11 3 = THUNDER
SNOW, ICE PELLETS, HAIL 4 = ICE PELLETS
TOTAL MONTH: M 5 = HAIL
GRTST 24HR M ON M 6 = FREEZING RAIN OR DRIZZLE
GRTST DEPTH: M ON M 7 = DUSTSTORM OR SANDSTORM:
VSBY 1/2 MILE OR LESS
8 = SMOKE OR HAZE
[NO. OF DAYS WITH] [WEATHER - DAYS WITH] 9 = BLOWING SNOW
X = TORNADO
MAX 32 OR BELOW: 0 0.01 INCH OR MORE: 8
MAX 90 OR ABOVE: 0 0.10 INCH OR MORE: 5
MIN 32 OR BELOW: 1 0.50 INCH OR MORE: 2
MIN 0 OR BELOW: 0 1.00 INCH OR MORE: 2
[HDD (BASE 65) ]
TOTAL THIS MO. 311 CLEAR (SCALE 0-3) 17
DPTR FM NORMAL 10 PTCLDY (SCALE 4-7) 10
TOTAL FM JUL 1 3711 CLOUDY (SCALE 8-10) 3
DPTR FM NORMAL -243
[CDD (BASE 65) ]
TOTAL THIS MO. 12
DPTR FM NORMAL -13 [PRESSURE DATA]
TOTAL FM JAN 1 18 HIGHEST SLP 30.52 ON 21
DPTR FM NORMAL -10 LOWEST SLP 29.49 ON 7
[REMARKS]
#FINAL-04-22#