000
CXUS56 KOTX 010850
CLAGEG
CLIMATE REPORT
NATIONAL WEATHER SERVICE SPOKANE WA
1250 AM PST SUN JAN 01 2023
...................................
...THE SPOKANE WA AIRPORT CLIMATE SUMMARY FOR THE YEAR OF 2022...
CLIMATE NORMAL PERIOD 1991 TO 2020
CLIMATE RECORD PERIOD 1881 TO 2022
WEATHER OBSERVED NORMAL DEPART
VALUE DATE(S) VALUE FROM
NORMAL
................................................
TEMPERATURE (F)
RECORD
HIGH 109 06/29/2021
LOW -30 01/16/1888
01/15/1888
HIGHEST 102 07/29
07/31
LOWEST -10 12/22
AVG. MAXIMUM 57.9 58.0 -0.1
AVG. MINIMUM 38.9 39.2 -0.3
MEAN 48.4 48.6 -0.2
DAYS MAX >= 90 34 20.8 13.2
DAYS MAX <= 32 44 33.7 10.3
DAYS MIN <= 32 140 132.0 8.0
DAYS MIN <= 0 3 2.2 0.8
PRECIPITATION (INCHES)
RECORD
MAXIMUM 26.07 1948
MINIMUM 7.55 1929
TOTALS 17.72 16.45 1.27
DAILY AVG. T 0.05 -0.05
DAYS >= .01 95 112.7 -17.7
DAYS >= .10 53 52.9 0.1
DAYS >= .50 9 5.3 3.7
DAYS >= 1.00 0 0.4 -0.4
GREATEST
24 HR. TOTAL 1.14 12/26 TO 12/27
SNOWFALL (INCHES)
RECORDS
TOTAL 132.6 2008
TOTALS 54.5 45.4 9.1
DAYS >= TRACE 71 34.7 36.3
DAYS >= 1.0 16 15.0 1.0
GREATEST
24 HR TOTAL 2.1
DEGREE DAYS
HEATING TOTAL 6684 6463 221
COOLING TOTAL 765 515 250
FREEZE DATES
RECORD
EARLIEST 09/11/1889
LATEST 05/25/1964
EARLIEST 10/23
LATEST 04/22
................................................
WIND (MPH)
AVERAGE WIND SPEED 8.1
HIGHEST WIND SPEED/DIRECTION 51/240 DATE 04/04
HIGHEST GUST SPEED/DIRECTION 59/260 DATE 04/04
SKY COVER
AVERAGE SKY COVER 0.61
AVERAGE RH (PERCENT) 62
WEATHER CONDITIONS. NUMBER OF DAYS WITH
THUNDERSTORM 23 MIXED PRECIP 3
HEAVY RAIN 2 RAIN 14
LIGHT RAIN 108 FREEZING RAIN 0
LT FREEZING RAIN 7 HAIL 6
HEAVY SNOW 1 SNOW 11
LIGHT SNOW 70 SLEET 1
FOG 148 FOG W/VIS <= 1/4 MILE 57
HAZE 60
- INDICATES NEGATIVE NUMBERS.
R INDICATES RECORD WAS SET OR TIED.
MM INDICATES DATA IS MISSING.
T INDICATES TRACE AMOUNT.
$$