881
CXUS53 KIND 010600
CF6GEZ
PRELIMINARY LOCAL CLIMATOLOGICAL DATA (WS FORM: F-6)
STATION: SHELBYVILLE IN
MONTH: AUGUST
YEAR: 2020
LATITUDE: 39 35 N
LONGITUDE: 85 48 W
TEMPERATURE IN F: :PCPN: SNOW: WIND :SUNSHINE: SKY :PK WND
================================================================================
1 2 3 4 5 6A 6B 7 8 9 10 11 12 13 14 15 16 17 18
12Z AVG MX 2MIN
DY MAX MIN AVG DEP HDD CDD WTR SNW DPTH SPD SPD DIR MIN PSBL S-S WX SPD DR
================================================================================
1 81 67 74 1 0 9 1.44 M M 6.6 12 340 M M 9 18 16 340
2 82 65 74 1 0 9 0.08 M M 9.2 16 280 M M 8 18 22 270
3 81 66 74 1 0 9 1.88 M M 5.0 16 330 M M 5 13 21 180
4 78 60 69 -4 0 4 0.01 M M 6.8 15 320 M M 5 1 20 330
5 77 54 66 -7 0 1 0.00 M M 3.1 10 350 M M 2 1 14 350
6 80 56 68 -5 0 3 0.00 M M 3.1 8 350 M M 2 12 40
7 82 56 69 -4 0 4 0.00 M M 3.9 12 60 M M 1 18 16 60
8 83 57 70 -3 0 5 0.00 M M 2.6 8 220 M M 0 18 12 210
9 88 63 76 3 0 11 0.00 M M 5.9 14 190 M M 1 18 18 190
10 87 70 79 6 0 14 1.79 M M 8.2 35 340 M M 4 13 47 340
11 85 69 77 4 0 12 0.00 M M 4.9 10 290 M M 4 15 210
12 87 68 78 5 0 13 0.00 M M 2.8 8 60 M M 2 18 11 100
13 89 67 78 5 0 13 0.00 M M 3.8 8 20 M M 1 11 20
14 87 69 78 5 0 13 0.00 M M 1.9 7 90 M M 1 11 360
15 89 66 78 5 0 13 0.00 M M 2.8 8 240 M M 1 18 11 90
16 84 67 76 4 0 11 0.00 M M 6.7 17 340 M M 3 128 24 340
17 86 63 75 3 0 10 T M M 3.2 13 290 M M 2 17 210
18 79 64 72 0 0 7 1.26 M M 6.7 15 70 M M 7 13 25 70
19 81 56 69 -3 0 4 0.00 M M 5.4 12 20 M M 0 17 50
20 82 57 70 -2 0 5 0.00 M M 4.6 10 50 M M 0 17 60
21 85 58 72 0 0 7 0.00 M M 3.0 8 60 M M 0 13 70
22 87 60 74 2 0 9 0.00 M M 2.0 13 140 M M 1 18 21 130
23 86 65 76 4 0 11 0.00 M M 3.3 12 180 M M 0 18 14 190
24 90 71 81 9 0 16 0.17 M M 8.0 24 250 M M 2 138 33 260
25 92 71 82 10 0 17 0.00 M M 4.0 13 230 M M 3 138 17 280
26 90 71 81 9 0 16 0.00 M M 6.2 15 180 M M 1 128 18 210
27 84 73 79 8 0 14 T M M 6.7 14 240 M M 2 20 230
28 85 73 79 8 0 14 0.37 M M 6.8 31 200 M M 1 138 40 210
29 85 67 76 5 0 11 0.00 M M 8.0 16 300 M M 5 23 320
30 80 57 69 -2 0 4 0.00 M M 3.9 9 60 M M 0 1 13 60
31 84 61 73 2 0 8 0.00 M M 5.4 12 190 M M 5 14 170
================================================================================
SM 2616 1987 0 297 7.00 M 154.5 M 78
================================================================================
AV 84.4 64.1 5.0 FASTST M M 3 MAX(MPH)
MISC ----> 35 340 47 340
================================================================================
NOTES:
# LAST OF SEVERAL OCCURRENCES
COLUMN 17 PEAK WIND IN M.P.H.
PRELIMINARY LOCAL CLIMATOLOGICAL DATA (WS FORM: F-6) , PAGE 2
STATION: SHELBYVILLE IN
MONTH: AUGUST
YEAR: 2020
LATITUDE: 39 35 N
LONGITUDE: 85 48 W
[TEMPERATURE DATA] [PRECIPITATION DATA] SYMBOLS USED IN COLUMN 16
AVERAGE MONTHLY: 74.2 TOTAL FOR MONTH: 7.00 1 = FOG OR MIST
DPTR FM NORMAL: 1.8 DPTR FM NORMAL: 3.61 2 = FOG REDUCING VISIBILITY
HIGHEST: 92 ON 25 GRTST 24HR 1.89 ON 3- 4 TO 1/4 MILE OR LESS
LOWEST: 54 ON 5 3 = THUNDER
SNOW, ICE PELLETS, HAIL 4 = ICE PELLETS
TOTAL MONTH: M 5 = HAIL
GRTST 24HR M ON M 6 = FREEZING RAIN OR DRIZZLE
GRTST DEPTH: M ON M 7 = DUSTSTORM OR SANDSTORM:
VSBY 1/2 MILE OR LESS
8 = SMOKE OR HAZE
[NO. OF DAYS WITH] [WEATHER - DAYS WITH] 9 = BLOWING SNOW
X = TORNADO
MAX 32 OR BELOW: 0 0.01 INCH OR MORE: 8
MAX 90 OR ABOVE: 3 0.10 INCH OR MORE: 6
MIN 32 OR BELOW: 0 0.50 INCH OR MORE: 4
MIN 0 OR BELOW: 0 1.00 INCH OR MORE: 4
[HDD (BASE 65) ]
TOTAL THIS MO. 0 CLEAR (SCALE 0-3) 22
DPTR FM NORMAL -5 PTCLDY (SCALE 4-7) 7
TOTAL FM JUL 1 0 CLOUDY (SCALE 8-10) 2
DPTR FM NORMAL -1
[CDD (BASE 65) ]
TOTAL THIS MO. 297
DPTR FM NORMAL 64 [PRESSURE DATA]
TOTAL FM JAN 1 1181 HIGHEST SLP M ON M
DPTR FM NORMAL 375 LOWEST SLP 29.64 ON 29
[REMARKS]
#FINAL-08-20#