262
CXUS53 KFGF 010936
CLSGFK
CLIMATE REPORT
NATIONAL WEATHER SERVICE GRAND FORKS
430 AM CDT TUE SEP 01 2020
...................................
...THE GRAND FORKS INTL AP ND CLIMATE SUMMARY FOR THE SEASON, FROM
6/1/2020 TO 8/31/2020...
CLIMATE NORMAL PERIOD 1981 TO 2010
CLIMATE RECORD PERIOD 1941 TO 2020
WEATHER OBSERVED NORMAL DEPART LAST YEAR`S
VALUE DATE(S) VALUE FROM VALUE DATE(S)
NORMAL
................................................................
TEMPERATURE (F)
RECORD
HIGH 109 07/12/1936
LOW 28 06/01/1917
06/03/1910
06/02/1910
HIGHEST 97 06/16 80 17 96 06/07
LOWEST 45 06/06 55 -10 36 06/02
AVG. MAXIMUM 82.0 79.1 2.9 79.9
AVG. MINIMUM 57.7 54.1 3.6 55.0
MEAN 69.8 66.6 3.2 67.4
DAYS MAX >= 90 12 7.6 4.4 6
DAYS MAX <= 32 0 0.0 0.0 0
DAYS MIN <= 32 0 0.2 -0.2 0
DAYS MIN <= 0 0 0.0 0.0 0
PRECIPITATION (INCHES)
RECORD
MAXIMUM 16.98 1993
MINIMUM 3.37 1967
TOTALS 15.01 9.51 5.50 7.83
DAILY AVG. 0.17 0.10 0.07 0.09
DAYS >= .01 29 31.2 -2.2 32
DAYS >= .10 18 17.1 0.9 19
DAYS >= .50 7 6.0 1.0 5
DAYS >= 1.00 5 2.0 3.0 1
GREATEST
24 HR. TOTAL 5.65 1.31 07/09 TO 07/09
STORM TOTAL 4.26 MM
(MM/DD(HH)) MM
SNOWFALL (INCHES)
RECORDS
TOTAL MM MM
24 HR TOTAL MM
SNOW DEPTH MM MM
TOTALS 0.0 0.0 0.0 0.0
LIQUID EQUIV 0.00 0.00 0.00 0.00
SINCE 7/1 0.0 0.0 0.0 MM
LIQUID 7/1 0.00 0.00 0.00 MM
SNOWDEPTH AVG. 0 0
DAYS >= TRACE 0 0.0 0.0 0
DAYS >= 1.0 0 0.0 0.0 0
GREATEST
SNOW DEPTH 0 0 MM
24 HR TOTAL 0.0 MM 0.0
STORM TOTAL 0.0 MM
(MM/DD(HH)) MM
DEGREE DAYS
HEATING TOTAL 61 186 -125 126
SINCE 7/1 19 83 -64 50
COOLING TOTAL 531 335 196 377
SINCE 1/1 537 352 185 385
FREEZE DATES
RECORD
EARLIEST MM
LATEST MM
EARLIEST MM
LATEST 05/30
................................................................
WIND (MPH)
AVERAGE WIND SPEED 9.6
RESULTANT WIND SPEED/DIRECTION 2/200
HIGHEST WIND SPEED/DIRECTION 46/330 DATE 06/07
HIGHEST GUST SPEED/DIRECTION 64/010 DATE 08/09
SKY COVER
POSSIBLE SUNSHINE (PERCENT) MM
AVERAGE SKY COVER 0.44
NUMBER OF DAYS FAIR 27
NUMBER OF DAYS PC 60
NUMBER OF DAYS CLOUDY 5
AVERAGE RH (PERCENT) 66
WEATHER CONDITIONS. NUMBER OF DAYS WITH
THUNDERSTORM 22 MIXED PRECIP 0
HEAVY RAIN 12 RAIN 17
LIGHT RAIN 36 FREEZING RAIN 0
LT FREEZING RAIN 0 HAIL 1
HEAVY SNOW 0 SNOW 0
LIGHT SNOW 0 SLEET 0
FOG 29 FOG W/VIS <= 1/4 MILE 7
HAZE 2
- INDICATES NEGATIVE NUMBERS.
R INDICATES RECORD WAS SET OR TIED.
MM INDICATES DATA IS MISSING.
T INDICATES TRACE AMOUNT.
$$