000
CXUS55 KALY 010810
CF6GFL
PRELIMINARY LOCAL CLIMATOLOGICAL DATA (WS FORM: F-6)
STATION: GLENS FALLS NY
MONTH: NOVEMBER
YEAR: 2023
LATITUDE: 43 20 N
LONGITUDE: 73 37 W
TEMPERATURE IN F: :PCPN: SNOW: WIND :SUNSHINE: SKY :PK WND
================================================================================
1 2 3 4 5 6A 6B 7 8 9 10 11 12 13 14 15 16 17 18
12Z AVG MX 2MIN
DY MAX MIN AVG DEP HDD CDD WTR SNW DPTH SPD SPD DIR MIN PSBL S-S WX SPD DR
================================================================================
1 42 31 37 -5 28 0 0.05 M M 4.8 17 360 M M 9 16 22 350
2 44 21 33 -9 32 0 0.00 M M 3.5 14 200 M M 5 8 17 200
3 54 32 43 1 22 0 0.00 M M 8.8 20 180 M M 3 27 190
4 51 42 47 6 18 0 0.00 M M 3.1 10 210 M M 8 13 190
5 57 29 43 2 22 0 0.00 M M 3.5 14 40 M M 6 18 40
6 46 26 36 -5 29 0 0.07 M M 2.2 14 200 M M 6 1 20 180
7 58 38 48 8 17 0 0.03 M M 8.4 20 340 M M 9 1 25 350
8 39 29 34 -6 31 0 0.00 M M 8.1 20 310 M M 3 27 310
9 41 30 36 -4 29 0 0.36 M M 3.4 12 200 M M 10 16 15 200
10 51 32 42 3 23 0 0.00 M M 5.3 15 240 M M 7 1 23 230
11 43 31 37 -2 28 0 0.00 M M 6.8 13 10 M M 7 17 80
12 39 20 30 -8 35 0 0.00 M M 1.8 9 60 M M 6 13 30
13 35 17 26 -12 39 0 0.02 M M 1.5 9 180 M M 5 128 11 170
14 41 27 34 -4 31 0 T M M 2.3 9 60 M M 9 1 13 70
15 46 25 36 -1 29 0 0.00 M M 3.5 13 200 M M 3 12 17 200
16 57 24 41 4 24 0 0.00 M M 2.3 12 150 M M 0 14 160
17 62 26 44 7 21 0 0.07 M M 5.0 16 220 M M 3 1 22 200
18 52 27 40 4 25 0 0.22 M M 6.6 17 340 M M 6 1 22 320
19 48 24 36 0 29 0 0.00 M M 7.0 17 310 M M 6 22 350
20 36 18 27 -9 38 0 0.00 M M 6.5 13 90 M M 3 20 350
21 32 15 24 -11 41 0 0.54 M M 1.3 8 190 M M 3 12 10 190
22 41 30 36 1 29 0 0.27 M M 3.8 13 330 M M 10 126 16 320
23 45 32 39 5 26 0 0.00 M M 3.8 12 280 M M 10 12 17 290
24 42 18 30 -4 35 0 0.00 M M 8.0 20 300 M M 5 24 300
25 34 15 25 -9 40 0 0.00 M M 4.2 13 150 M M 1 16 300
26 42 20 31 -2 34 0 0.39 M M 4.0 16 180 M M 5 1 22 200
27 45 28 37 4 28 0 0.60 M M 6.4 21 260 M M 5 1 31 240
28 34 24 29 -3 36 0 T M M 8.8 18 230 M M 4 29 240
29 32 20 26 -6 39 0 T M M 6.6 15 230 M M 7 1 21 210
30 43 26 35 3 30 0 0.00 M M 6.9 17 210 M M 4 24 210
================================================================================
SM 1332 777 888 0 2.62 M 148.2 M 168
================================================================================
AV 44.4 25.9 4.9 FASTST M M 6 MAX(MPH)
MISC ----> 21 260 31 240
================================================================================
NOTES:
# LAST OF SEVERAL OCCURRENCES
COLUMN 17 PEAK WIND IN M.P.H.
PRELIMINARY LOCAL CLIMATOLOGICAL DATA (WS FORM: F-6) , PAGE 2
STATION: GLENS FALLS NY
MONTH: NOVEMBER
YEAR: 2023
LATITUDE: 43 20 N
LONGITUDE: 73 37 W
[TEMPERATURE DATA] [PRECIPITATION DATA] SYMBOLS USED IN COLUMN 16
AVERAGE MONTHLY: 35.2 TOTAL FOR MONTH: 2.62 1 = FOG OR MIST
DPTR FM NORMAL: -2.0 DPTR FM NORMAL: -0.39 2 = FOG REDUCING VISIBILITY
HIGHEST: 62 ON 17 GRTST 24HR 0.81 ON 21-22 TO 1/4 MILE OR LESS
LOWEST: 15 ON 25,21 3 = THUNDER
SNOW, ICE PELLETS, HAIL 4 = ICE PELLETS
TOTAL MONTH: M 5 = HAIL
GRTST 24HR M ON M 6 = FREEZING RAIN OR DRIZZLE
GRTST DEPTH: M ON M 7 = DUSTSTORM OR SANDSTORM:
VSBY 1/2 MILE OR LESS
8 = SMOKE OR HAZE
[NO. OF DAYS WITH] [WEATHER - DAYS WITH] 9 = BLOWING SNOW
X = TORNADO
MAX 32 OR BELOW: 2 0.01 INCH OR MORE: 11
MAX 90 OR ABOVE: 0 0.10 INCH OR MORE: 6
MIN 32 OR BELOW: 28 0.50 INCH OR MORE: 2
MIN 0 OR BELOW: 0 1.00 INCH OR MORE: 0
[HDD (BASE 65) ]
TOTAL THIS MO. 888 CLEAR (SCALE 0-3) 5
DPTR FM NORMAL 52 PTCLDY (SCALE 4-7) 18
TOTAL FM JUL 1 1435 CLOUDY (SCALE 8-10) 7
DPTR FM NORMAL -168
[CDD (BASE 65) ]
TOTAL THIS MO. 0
DPTR FM NORMAL 0 [PRESSURE DATA]
TOTAL FM JAN 1 439 HIGHEST SLP 30.60 ON 21
DPTR FM NORMAL 31 LOWEST SLP 29.61 ON 7
[REMARKS]
#FINAL-11-23#