000
CXUS51 KALY 130431
CLSGFL
CLIMATE REPORT
NATIONAL WEATHER SERVICE ALBANY NY
1131 PM EST SAT DEC 12 2020
...................................
...THE GLENS FALLS NY CLIMATE SUMMARY FOR THE SEASON, FROM
9/1/2020 TO 11/30/2020...
CLIMATE NORMAL PERIOD: 1981 TO 2010
CLIMATE RECORD PERIOD: 1893 TO 2020
WEATHER OBSERVED NORMAL DEPART LAST YEAR`S
VALUE DATE(S) VALUE FROM VALUE DATE(S)
NORMAL
................................................................
TEMPERATURE (F)
RECORD
HIGH 97 09/02/1953
LOW -7 11/24/1914
HIGHEST 82 09/08 84 09/11
09/09
LOWEST 14 11/18 3 11/13
10/05
10/06
AVG. MAXIMUM 60.5 58.4 2.1 66.2
AVG. MINIMUM 37.2 36.3 0.9 42.3
MEAN 48.8 47.3 1.5 54.3
DAYS MAX >= 90 0 0.0 0.0 0
DAYS MAX <= 32 1 2.0 -1.0 0
DAYS MIN <= 32 35 34.9 0.1 9
DAYS MIN <= 0 0 0.0 0.0 0
PRECIPITATION (INCHES)
RECORD
MAXIMUM 16.60 2005
MINIMUM 1.86 1964
TOTALS 9.00 10.20 -1.20 9.91
DAILY AVG. 0.10 0.16
DAYS >= .01 32 31.5 0.5 23
DAYS >= .10 19 19.5 -0.5 14
DAYS >= .50 5 7.1 -2.1 7
DAYS >= 1.00 2 1.9 0.1 4
GREATEST
24 HR. TOTAL 2.31 09/29 TO 09/30
DEGREE DAYS
HEATING TOTAL 1469 1632 -163 663
SINCE 7/1 1503 1697 -194 691
COOLING TOTAL 24 25 -1 21
SINCE 1/1 567 352 215 416
................................................................
WIND (MPH)
AVERAGE WIND SPEED 4.8
HIGHEST WIND SPEED/DIRECTION 26/180 DATE 09/07
HIGHEST GUST SPEED/DIRECTION 39/260 DATE 10/07
WEATHER CONDITIONS. NUMBER OF DAYS WITH
THUNDERSTORM 0 MIXED PRECIP 0
HEAVY RAIN 7 RAIN 12
LIGHT RAIN 36 FREEZING RAIN 0
LT FREEZING RAIN 0 HAIL 0
HEAVY SNOW 0 SNOW 0
LIGHT SNOW 1 SLEET 0
FOG 63 FOG W/VIS <= 1/4 MILE 19
HAZE 6
- INDICATES NEGATIVE NUMBERS.
R INDICATES RECORD WAS SET OR TIED.
MM INDICATES DATA IS MISSING.
T INDICATES TRACE AMOUNT.
$$