000
CXUS55 KGJT 020305
CLMGJT
CLIMATE REPORT
NATIONAL WEATHER SERVICE GRAND JUNCTION CO
905 PM MDT SAT JUL 01 2023
...................................
...THE GRAND JUNCTION CO CLIMATE SUMMARY FOR THE MONTH OF JUNE 2023...
CLIMATE NORMAL PERIOD 1991 TO 2020
CLIMATE RECORD PERIOD 1893 TO 2023
WEATHER OBSERVED NORMAL DEPART LAST YEAR`S
VALUE DATE(S) VALUE FROM VALUE DATE(S)
NORMAL
................................................................
TEMPERATURE (F)
RECORD
HIGH 105 06/27/1990
LOW 34 06/14/1976
HIGHEST 97 06/26 91 6 102 06/11
LOWEST 47 06/03 51 -4 45 06/02
06/15
AVG. MAXIMUM 86.4 89.2 -2.8 90.8
AVG. MINIMUM 56.4 56.8 -0.4 57.9
MEAN 71.4 73.0 -1.6 74.3
DAYS MAX >= 90 11 16.0 -5.0 18
DAYS MAX <= 32 0 0.0 0.0 0
DAYS MIN <= 32 0 0.0 0.0 0
DAYS MIN <= 0 0 0.0 0.0 0
PRECIPITATION (INCHES)
RECORD
MAXIMUM 2.07 1969
MINIMUM T 2001
TOTALS 0.27 0.41 -0.14 0.19
DAILY AVG. 0.01 0.01 -0.00 0.01
DAYS >= .01 3 3.4 -0.4 4
DAYS >= .10 1 1.5 -0.5 0
DAYS >= .50 0 0.1 -0.1 0
DAYS >= 1.00 0 0.0 0.0 0
GREATEST
24 HR. TOTAL 0.20 06/15 TO 06/15 0.07
SNOWFALL (INCHES)
RECORDS
TOTAL T 2009
TOTALS 0.0 0.0 0.0 0.0
SINCE 7/1 23.9 17.7 6.2 MM
SNOWDEPTH AVG. 0 0
DAYS >= 1.0 0 0.0 0.0 0
GREATEST
SNOW DEPTH 0 0 MM
24 HR TOTAL 0.0 0.0
DEGREE DAYS
HEATING TOTAL 6 18 -12 2
SINCE 7/1 5479 5492 -13 5393
COOLING TOTAL 206 257 -51 289
SINCE 1/1 265 316 -51 359
................................................................
WIND (MPH)
AVERAGE WIND SPEED 9.6
HIGHEST WIND SPEED/DIRECTION 36/210 DATE 06/07
HIGHEST GUST SPEED/DIRECTION 54/210 DATE 06/07
SKY COVER
POSSIBLE SUNSHINE (PERCENT) MM
AVERAGE SKY COVER 0.12
NUMBER OF DAYS FAIR 27
NUMBER OF DAYS PC 3
NUMBER OF DAYS CLOUDY 0
AVERAGE RH (PERCENT) 30
WEATHER CONDITIONS. NUMBER OF DAYS WITH
THUNDERSTORM 9 MIXED PRECIP 0
HEAVY RAIN 0 RAIN 1
LIGHT RAIN 9 FREEZING RAIN 0
LT FREEZING RAIN 0 HAIL 0
HEAVY SNOW 0 SNOW 0
LIGHT SNOW 0 SLEET 0
FOG 0 FOG W/VIS <= 1/4 MILE 0
HAZE 9
- INDICATES NEGATIVE NUMBERS.
R INDICATES RECORD WAS SET OR TIED.
MM INDICATES DATA IS MISSING.
T INDICATES TRACE AMOUNT.
$$