000
CXUS54 KFWD 251720
CF6GKY
PRELIMINARY LOCAL CLIMATOLOGICAL DATA (WS FORM: F-6)
STATION: ARLINGTON
MONTH: MARCH
YEAR: 2021
LATITUDE: 32 39 N
LONGITUDE: 97 6 W
TEMPERATURE IN F: :PCPN: SNOW: WIND :SUNSHINE: SKY :PK WND
================================================================================
1 2 3 4 5 6A 6B 7 8 9 10 11 12 13 14 15 16 17 18
12Z AVG MX 2MIN
DY MAX MIN AVG DEP HDD CDD WTR SNW DPTH SPD SPD DIR MIN PSBL S-S WX SPD DR
================================================================================
1 60 45 53 -1 12 0 0.17 M M 8.5 25 10 M M 8 3 34 20
2 66 36 51 -4 14 0 0.00 M M 2.6 10 340 M M 2 15 320
3 72 33 53 -2 12 0 0.00 M M 5.6 15 150 M M 0 26 160
4 77 50 64 9 1 0 0.00 M M 10.7 22 120 M M 0 29 120
5 74 56 65 9 0 0 0.00 M M 12.9 23 10 M M 4 32 360
6 68 41 55 -1 10 0 0.00 M M 7.3 16 10 M M 0 24 60
7 69 36 53 -3 12 0 0.00 M M 5.7 18 140 M M 0 26 150
8 74 38 56 0 9 0 0.00 M M 9.4 18 140 M M 0 27 160
9 74 58 66 9 0 1 T M M 14.9 24 150 M M 6 37 140
10 78 65 72 15 0 7 0.00 M M 18.1 31 160 M M 8 50 170
11 80 71 76 19 0 11 0.00 M M 14.4 26 170 M M 7 39 170
12 82 70 76 18 0 11 T M M 12.8 23 160 M M 7 33 170
13 80 68 74 16 0 9 T M M 15.6 29 130 M M 7 37 140
14 78 53 66 8 0 1 0.15 M M 7.8 20 200 M M 6 1 29 190
15 83 46 65 6 0 0 0.00 M M 7.7 20 210 M M 0 32 260
16 84 55 70 11 0 5 0.00 M M 9.8 23 130 M M 3 32 140
17 74 49 62 3 3 0 1.44 M M 17.4 33 240 M M 6 13 59 250
18 64 46 55 -5 10 0 0.00 M M 17.6 28 320 M M 1 40 310
19 68 44 56 -4 9 0 0.00 M M 10.1 22 330 M M 0 30 40
20 72 39 56 -4 9 0 0.00 M M 4.4 14 120 M M 0 21 120
21 72 46 59 -1 6 0 0.00 M M 11.7 21 130 M M 0 27 170
22 66 56 61 0 4 0 1.01 M M 11.9 22 120 M M 8 13 30 110
23 76 51 64 3 1 0 0.00 M M 6.9 16 200 M M 1 25 220
24 79 48 64 3 1 0 0.04 M M 10.4 23 320 M M 3 3 32 320
25 72 48 60 -1 5 0 0.76 M M 7.5 21 330 M M 5 13 29 320
26 81 45 63 1 2 0 0.00 M M 7.1 21 160 M M 0 29 140
27 83 59 71 9 0 6 0.00 M M 10.4 29 340 M M 4 18 37 340
28 76 47 62 0 3 0 0.00 M M 11.6 25 350 M M 0 33 350
29 80 44 62 0 3 0 0.00 M M 10.0 21 140 M M 0 32 160
30 82 59 71 8 0 6 0.00 M M 10.7 22 170 M M 4 35 170
31 70 46 58 -5 7 0 0.00 M M 16.3 30 20 M M 5 43 10
================================================================================
SM 2314 1548 133 57 3.57 M 327.8 M 95
================================================================================
AV 74.6 49.9 10.6 FASTST M M 3 MAX(MPH)
MISC ----> 33 240 59 250
================================================================================
NOTES:
# LAST OF SEVERAL OCCURRENCES
COLUMN 17 PEAK WIND IN M.P.H.
PRELIMINARY LOCAL CLIMATOLOGICAL DATA (WS FORM: F-6) , PAGE 2
STATION: ARLINGTON
MONTH: MARCH
YEAR: 2021
LATITUDE: 32 39 N
LONGITUDE: 97 6 W
[TEMPERATURE DATA] [PRECIPITATION DATA] SYMBOLS USED IN COLUMN 16
AVERAGE MONTHLY: 62.3 TOTAL FOR MONTH: 3.57 1 = FOG OR MIST
DPTR FM NORMAL: 3.5 DPTR FM NORMAL: 0.20 2 = FOG REDUCING VISIBILITY
HIGHEST: 84 ON 16 GRTST 24HR 1.44 ON 17-17 TO 1/4 MILE OR LESS
LOWEST: 33 ON 3 3 = THUNDER
SNOW, ICE PELLETS, HAIL 4 = ICE PELLETS
TOTAL MONTH: M 5 = HAIL
GRTST 24HR M ON M 6 = FREEZING RAIN OR DRIZZLE
GRTST DEPTH: M ON M 7 = DUSTSTORM OR SANDSTORM:
VSBY 1/2 MILE OR LESS
8 = SMOKE OR HAZE
[NO. OF DAYS WITH] [WEATHER - DAYS WITH] 9 = BLOWING SNOW
X = TORNADO
MAX 32 OR BELOW: 0 0.01 INCH OR MORE: 6
MAX 90 OR ABOVE: 0 0.10 INCH OR MORE: 5
MIN 32 OR BELOW: 0 0.50 INCH OR MORE: 3
MIN 0 OR BELOW: 0 1.00 INCH OR MORE: 2
[HDD (BASE 65) ]
TOTAL THIS MO. 133 CLEAR (SCALE 0-3) 17
DPTR FM NORMAL -100 PTCLDY (SCALE 4-7) 13
TOTAL FM JUL 1 1891 CLOUDY (SCALE 8-10) 1
DPTR FM NORMAL -146
[CDD (BASE 65) ]
TOTAL THIS MO. 57
DPTR FM NORMAL 16 [PRESSURE DATA]
TOTAL FM JAN 1 61 HIGHEST SLP 30.47 ON 31
DPTR FM NORMAL 7 LOWEST SLP 29.54 ON 17
[REMARKS]
#FINAL-03-21#