000
CXUS53 KGLD 021951
CF6GLD
PRELIMINARY LOCAL CLIMATOLOGICAL DATA (WS FORM: F-6)
STATION: GOODLAND KS
MONTH: JANUARY
YEAR: 2021
LATITUDE: 39 22 N
LONGITUDE: 101 42 W
TEMPERATURE IN F: :PCPN: SNOW: WIND :SUNSHINE: SKY :PK WND
================================================================================
1 2 3 4 5 6A 6B 7 8 9 10 11 12 13 14 15 16 17 18
12Z AVG MX 2MIN
DY MAX MIN AVG DEP HDD CDD WTR SNW DPTH SPD SPD DIR MIN PSBL S-S WX SPD DR
================================================================================
1 40 16 28 -2 37 0 0.00 0.0 0 10.6 21 340 M M 0 26 340
2 48 20 34 4 31 0 0.00 0.0 0 8.7 17 190 M M 0 23 180
3 50 22 36 6 29 0 0.00 0.0 0 9.2 18 300 M M 1 28 290
4 51 27 39 9 26 0 0.00 0.0 0 10.9 20 200 M M 0 28 200
5 54 26 40 10 25 0 0.02 T 0 14.8 29 330 M M 3 1 40 330
6 45 20 33 3 32 0 0.02 0.1 T 15.8 26 330 M M 2 1 37 320
7 39 14 27 -3 38 0 0.00 0.0 0 5.4 12 120 M M 3 14 120
8 43 18 31 1 34 0 0.00 0.0 0 9.4 23 340 M M 3 31 330
9 35 22 29 -1 36 0 0.00 0.0 0 3.7 9 120 M M 9 13 120
10 38 20 29 -1 36 0 0.00 0.0 0 5.3 16 250 M M 7 1 22 250
11 49 16 33 3 32 0 0.00 0.0 0 10.5 18 310 M M 0 23 290
12 57 16 37 7 28 0 0.00 0.0 0 9.4 16 250 M M 0 21 310
13 64 34 49 19 16 0 0.00 0.0 0 13.8 51 340 M M 0 8 72 340
14 42 29 36 6 29 0 0.00 0.0 0 30.9 44 340 M M 2 57 340
15 39 18 29 -1 36 0 0.00 0.0 0 26.5 48 340 M M 1 8 62 350
16 51 22 37 7 28 0 T 0.0 0 16.5 37 330 M M 6 48 340
17 47 20 34 4 31 0 0.00 0.0 0 11.4 22 330 M M 2 29 330
18 47 19 33 3 32 0 T 0.0 0 15.6 30 340 M M 3 42 340
19 43 16 30 0 35 0 0.00 0.0 0 10.7 22 330 M M 0 29 320
20 60 16 38 8 27 0 0.00 0.0 0 9.0 23 200 M M 0 33 210
21 52 14 33 3 32 0 0.00 0.0 0 8.2 16 50 M M 1 25 20
22 40 14 27 -3 38 0 0.00 0.0 0 13.9 25 150 M M 1 37 170
23 40 19 30 0 35 0 T T 0 14.5 24 160 M M 6 1 33 160
24 33 21 27 -3 38 0 T T 0 9.6 17 350 M M 9 1 22 350
25 25 17 21 -9 44 0 0.23 2.3 1 11.5 21 10 M M 10 18 28 350
26 18 1 10 -20 55 0 0.19 2.9 3 6.8 17 360 M M 8 12 22 360
27 19 -5 7 -23 58 0 T T 6 10.1 25 180 M M 3 1 33 190
28 32 12 22 -8 43 0 0.00 0.0 5 8.8 25 180 M M 0 30 180
29 44 17 31 1 34 0 0.00 0.0 4 5.5 14 280 M M 0 17 270
30 47 26 37 7 28 0 0.00 0.0 3 16.2 28 340 M M 1 18 39 340
31 49 24 37 7 28 0 0.00 0.0 T 11.1 23 330 M M 0 30 330
================================================================================
SM 1341 571 1051 0 0.46 5.3 364.3 M 81
================================================================================
AV 43.3 18.4 11.8 FASTST M M 3 MAX(MPH)
MISC ----> 51 340 72 340
================================================================================
NOTES:
# LAST OF SEVERAL OCCURRENCES
COLUMN 17 PEAK WIND IN M.P.H.
PRELIMINARY LOCAL CLIMATOLOGICAL DATA (WS FORM: F-6) , PAGE 2
STATION: GOODLAND KS
MONTH: JANUARY
YEAR: 2021
LATITUDE: 39 22 N
LONGITUDE: 101 42 W
[TEMPERATURE DATA] [PRECIPITATION DATA] SYMBOLS USED IN COLUMN 16
AVERAGE MONTHLY: 30.8 TOTAL FOR MONTH: 0.46 1 = FOG OR MIST
DPTR FM NORMAL: 1.2 DPTR FM NORMAL: 0.08 2 = FOG REDUCING VISIBILITY
HIGHEST: 64 ON 13 GRTST 24HR 0.23 ON 24-25 TO 1/4 MILE OR LESS
LOWEST: -5 ON 27 3 = THUNDER
SNOW, ICE PELLETS, HAIL 4 = ICE PELLETS
TOTAL MONTH: 5.3 INCHES 5 = HAIL
GRTST 24HR 2.9 ON 26-26 6 = FREEZING RAIN OR DRIZZLE
GRTST DEPTH: 6 ON 27 7 = DUSTSTORM OR SANDSTORM:
VSBY 1/2 MILE OR LESS
8 = SMOKE OR HAZE
[NO. OF DAYS WITH] [WEATHER - DAYS WITH] 9 = BLOWING SNOW
X = TORNADO
MAX 32 OR BELOW: 4 0.01 INCH OR MORE: 4
MAX 90 OR ABOVE: 0 0.10 INCH OR MORE: 2
MIN 32 OR BELOW: 30 0.50 INCH OR MORE: 0
MIN 0 OR BELOW: 1 1.00 INCH OR MORE: 0
[HDD (BASE 65) ]
TOTAL THIS MO. 1051 CLEAR (SCALE 0-3) 22
DPTR FM NORMAL -45 PTCLDY (SCALE 4-7) 6
TOTAL FM JUL 1 3285 CLOUDY (SCALE 8-10) 3
DPTR FM NORMAL -209
[CDD (BASE 65) ]
TOTAL THIS MO. 0
DPTR FM NORMAL 0 [PRESSURE DATA]
TOTAL FM JAN 1 0 HIGHEST SLP 30.52 ON 19
DPTR FM NORMAL 0 LOWEST SLP 29.47 ON 30
[REMARKS]
#FINAL-01-21#