000
CXUS54 KFWD 010830
CF6GLE
PRELIMINARY LOCAL CLIMATOLOGICAL DATA (WS FORM: F-6)
STATION: GAINESVILLE
MONTH: NOVEMBER
YEAR: 2022
LATITUDE: 33 39 N
LONGITUDE: 97 12 W
TEMPERATURE IN F: :PCPN: SNOW: WIND :SUNSHINE: SKY :PK WND
================================================================================
1 2 3 4 5 6A 6B 7 8 9 10 11 12 13 14 15 16 17 18
12Z AVG MX 2MIN
DY MAX MIN AVG DEP HDD CDD WTR SNW DPTH SPD SPD DIR MIN PSBL S-S WX SPD DR
================================================================================
1 76 47 62 3 3 0 0.00 M M 3.6 12 150 M M 0 17 150
2 73 52 63 4 2 0 0.00 M M 7.4 16 180 M M 5 12 21 160
3 76 59 68 10 0 3 0.00 M M 12.0 18 160 M M 7 1 26 160
4 76 42 59 1 6 0 0.41 M M 13.0 28 290 M M 8 38 290
5 63 37 50 -8 15 0 0.00 M M 7.4 14 150 M M 0 18 280
6 78 51 65 8 0 0 0.00 M M 8.5 14 190 M M 0 20 190
7 72 56 64 7 1 0 0.18 M M 5.0 8 120 M M 9 2 20 70
8 77 68 73 17 0 8 0.00 M M 9.7 13 170 M M 9 1 17 130
9 80 64 72 16 0 7 0.00 M M 10.4 21 180 M M 5 26 190
10 70 62 66 10 0 1 0.00 M M 7.0 13 170 M M 6 18 190
11 63 35 49 -6 16 0 0.16 M M 16.1 22 340 M M 9 30 360
12 51 29 40 -15 25 0 0.00 M M 7.1 13 10 M M 0 8 20 340
13 51 27 39 -15 26 0 0.00 M M 4.7 10 150 M M 0 M M
14 40 36 38 -16 27 0 0.35 M M 7.0 12 70 M M 9 1 18 80
15 48 33 41 -13 24 0 0.00 M M 8.1 15 330 M M 5 20 330
16 54 30 42 -11 23 0 0.00 M M 4.5 13 320 M M 0 18 320
17 58 28 43 -10 22 0 0.00 M M 2.9 9 170 M M 1 M M
18 43 33 38 -14 27 0 T M M 9.2 16 30 M M 6 4 24 30
19 47 29 38 -14 27 0 0.00 M M 4.5 9 360 M M 5 M M
20 50 25 38 -14 27 0 0.00 M M 3.6 7 150 M M 0 M M
21 54 38 46 -5 19 0 0.00 M M 4.7 10 170 M M 6 M M
22 59 34 47 -4 18 0 0.00 M M 3.1 10 200 M M 4 1 M M
23 52 42 47 -3 18 0 0.14 M M 6.2 10 140 M M 10 1 M M
24 53 49 51 1 14 0 0.07 M M 7.7 14 30 M M 10 1 21 30
25 60 46 53 3 12 0 0.01 M M 10.6 15 50 M M 9 21 360
26 52 46 49 0 16 0 1.23 M M 7.5 15 260 M M 10 1 21 260
27 60 37 49 0 16 0 0.00 M M 6.9 13 270 M M 1 18 300
28 66 33 50 2 15 0 0.00 M M 7.4 17 180 M M 0 21 180
29 79 36 58 10 7 0 0.00 M M 13.6 25 360 M M 2 1 32 350
30 48 29 39 -9 26 0 0.00 M M 8.2 16 360 M M 0 26 360
================================================================================
SM 1829 1233 432 19 2.55 M 227.7 M 136
================================================================================
AV 61.0 41.1 7.6 FASTST M M 5 MAX(MPH)
MISC ----> 28 290 38 290
================================================================================
NOTES:
# LAST OF SEVERAL OCCURRENCES
COLUMN 17 PEAK WIND IN M.P.H.
PRELIMINARY LOCAL CLIMATOLOGICAL DATA (WS FORM: F-6) , PAGE 2
STATION: GAINESVILLE
MONTH: NOVEMBER
YEAR: 2022
LATITUDE: 33 39 N
LONGITUDE: 97 12 W
[TEMPERATURE DATA] [PRECIPITATION DATA] SYMBOLS USED IN COLUMN 16
AVERAGE MONTHLY: 51.0 TOTAL FOR MONTH: 2.55 1 = FOG OR MIST
DPTR FM NORMAL: -2.4 DPTR FM NORMAL: -0.43 2 = FOG REDUCING VISIBILITY
HIGHEST: 80 ON 9 GRTST 24HR 1.23 ON 26-26 TO 1/4 MILE OR LESS
LOWEST: 25 ON 20 3 = THUNDER
SNOW, ICE PELLETS, HAIL 4 = ICE PELLETS
TOTAL MONTH: M 5 = HAIL
GRTST 24HR M ON M 6 = FREEZING RAIN OR DRIZZLE
GRTST DEPTH: M ON M 7 = DUSTSTORM OR SANDSTORM:
VSBY 1/2 MILE OR LESS
8 = SMOKE OR HAZE
[NO. OF DAYS WITH] [WEATHER - DAYS WITH] 9 = BLOWING SNOW
X = TORNADO
MAX 32 OR BELOW: 0 0.01 INCH OR MORE: 8
MAX 90 OR ABOVE: 0 0.10 INCH OR MORE: 6
MIN 32 OR BELOW: 7 0.50 INCH OR MORE: 1
MIN 0 OR BELOW: 0 1.00 INCH OR MORE: 1
[HDD (BASE 65) ]
TOTAL THIS MO. 432 CLEAR (SCALE 0-3) 12
DPTR FM NORMAL 70 PTCLDY (SCALE 4-7) 10
TOTAL FM JUL 1 528 CLOUDY (SCALE 8-10) 8
DPTR FM NORMAL 53
[CDD (BASE 65) ]
TOTAL THIS MO. 19
DPTR FM NORMAL 5 [PRESSURE DATA]
TOTAL FM JAN 1 2652 HIGHEST SLP M ON M
DPTR FM NORMAL 438 LOWEST SLP M ON M
[REMARKS]
#FINAL-11-22#