000
CXUS54 KFWD 010730
CF6GLE
PRELIMINARY LOCAL CLIMATOLOGICAL DATA (WS FORM: F-6)
STATION: GAINESVILLE
MONTH: MAY
YEAR: 2022
LATITUDE: 33 39 N
LONGITUDE: 97 12 W
TEMPERATURE IN F: :PCPN: SNOW: WIND :SUNSHINE: SKY :PK WND
================================================================================
1 2 3 4 5 6A 6B 7 8 9 10 11 12 13 14 15 16 17 18
12Z AVG MX 2MIN
DY MAX MIN AVG DEP HDD CDD WTR SNW DPTH SPD SPD DIR MIN PSBL S-S WX SPD DR
================================================================================
1 81 47 64 -2 1 0 0.01 M M 6.2 14 130 M M 1 18 130
2 82 62 72 6 0 7 0.53 M M 12.9 20 180 M M 7 36 360
3 63 49 56 -11 9 0 0.00 M M 8.2 15 360 M M 9 21 360
4 82 56 69 2 0 4 0.00 M M 8.2 16 150 M M 8 12 23 160
5 79 55 67 0 0 2 0.00 M M 9.3 20 320 M M 6 26 290
6 79 52 66 -2 0 1 0.00 M M 3.7 7 330 M M 0 M M
7 85 62 74 6 0 9 0.00 M M 10.8 17 130 M M 4 8 23 140
8 91 72 82 14 0 17 0.00 M M 14.8 22 180 M M 2 28 180
9 89 73 81 13 0 16 0.00 M M 17.0 24 190 M M 3 33 190
10 87 74 81 12 0 16 0.00 M M 13.7 21 190 M M 4 25 170
11 87 69 78 9 0 13 0.00 M M 10.1 17 190 M M 1 22 150
12 89 68 79 10 0 14 0.00 M M 9.8 17 160 M M 0 24 160
13 89 68 79 10 0 14 0.00 M M 9.4 13 180 M M 0 23 180
14 89 62 76 6 0 11 0.00 M M 5.2 9 160 M M 0 M M
15 94 64 79 9 0 14 0.80 M M 8.9 25 70 M M 1 30 70
16 84 64 74 4 0 9 0.28 M M 5.6 9 60 M M 2 20 350
17 89 71 80 10 0 15 0.00 M M 11.1 21 160 M M 0 25 160
18 90 70 80 9 0 15 0.00 M M 10.8 17 170 M M 0 25 190
19 91 69 80 9 0 15 0.00 M M 12.9 21 170 M M 1 28 180
20 91 72 82 11 0 17 0.00 M M 16.5 25 190 M M 3 31 190
21 80 60 70 -2 0 5 0.00 M M 12.1 17 360 M M 8 23 360
22 65 55 60 -12 5 0 M M M 9.9 14 20 M M 10 21 20
23 69 56 63 -9 2 0 0.02 M M 6.1 16 110 M M 10 1 22 110
24 66 61 64 -8 1 0 1.90 M M 8.0 18 350 M M 10 1 25 350
25 64 55 60 -13 5 0 0.08 M M 8.7 17 260 M M 9 23 280
26 81 52 67 -6 0 2 0.00 M M 8.2 20 300 M M 0 28 300
27 85 53 69 -4 0 4 0.00 M M 3.8 8 70 M M 0 M M
28 90 63 77 3 0 12 0.00 M M 11.6 24 170 M M 0 30 150
29 89 71 80 6 0 15 0.00 M M 16.2 22 160 M M 0 32 160
30 88 72 80 6 0 15 0.00 M M 17.6 24 190 M M 6 35 190
31 91 74 83 9 0 18 0.00 M M 14.5 21 180 M M 4 30 170
================================================================================
SM 2579 1951 23 280 3.62 M 321.7 M 109
================================================================================
AV 83.2 62.9 10.4 FASTST M M 4 MAX(MPH)
MISC ----> # 25 70 36 360
================================================================================
NOTES:
# LAST OF SEVERAL OCCURRENCES
COLUMN 17 PEAK WIND IN M.P.H.
PRELIMINARY LOCAL CLIMATOLOGICAL DATA (WS FORM: F-6) , PAGE 2
STATION: GAINESVILLE
MONTH: MAY
YEAR: 2022
LATITUDE: 33 39 N
LONGITUDE: 97 12 W
[TEMPERATURE DATA] [PRECIPITATION DATA] SYMBOLS USED IN COLUMN 16
AVERAGE MONTHLY: 73.1 TOTAL FOR MONTH: 3.62 1 = FOG OR MIST
DPTR FM NORMAL: 2.8 DPTR FM NORMAL: -1.72 2 = FOG REDUCING VISIBILITY
HIGHEST: 94 ON 15 GRTST 24HR 1.90 ON 24-24 TO 1/4 MILE OR LESS
LOWEST: 47 ON 1 3 = THUNDER
SNOW, ICE PELLETS, HAIL 4 = ICE PELLETS
TOTAL MONTH: M 5 = HAIL
GRTST 24HR M ON M 6 = FREEZING RAIN OR DRIZZLE
GRTST DEPTH: M ON M 7 = DUSTSTORM OR SANDSTORM:
VSBY 1/2 MILE OR LESS
8 = SMOKE OR HAZE
[NO. OF DAYS WITH] [WEATHER - DAYS WITH] 9 = BLOWING SNOW
X = TORNADO
MAX 32 OR BELOW: 0 0.01 INCH OR MORE: 7
MAX 90 OR ABOVE: 7 0.10 INCH OR MORE: 4
MIN 32 OR BELOW: 0 0.50 INCH OR MORE: 3
MIN 0 OR BELOW: 0 1.00 INCH OR MORE: 1
[HDD (BASE 65) ]
TOTAL THIS MO. 23 CLEAR (SCALE 0-3) 17
DPTR FM NORMAL -3 PTCLDY (SCALE 4-7) 9
TOTAL FM JUL 1 2467 CLOUDY (SCALE 8-10) 5
DPTR FM NORMAL -433
[CDD (BASE 65) ]
TOTAL THIS MO. 280
DPTR FM NORMAL 89 [PRESSURE DATA]
TOTAL FM JAN 1 385 HIGHEST SLP M ON M
DPTR FM NORMAL 124 LOWEST SLP M ON M
[REMARKS]
#FINAL-05-22#