000
CXUS54 KJAN 012028
CF6GLH
PRELIMINARY LOCAL CLIMATOLOGICAL DATA (WS FORM: F-6)
STATION: GREENVILLE
MONTH: AUGUST
YEAR: 2022
LATITUDE: 33 29 N
LONGITUDE: 90 59 W
TEMPERATURE IN F: :PCPN: SNOW: WIND :SUNSHINE: SKY :PK WND
================================================================================
1 2 3 4 5 6A 6B 7 8 9 10 11 12 13 14 15 16 17 18
12Z AVG MX 2MIN
DY MAX MIN AVG DEP HDD CDD WTR SNW DPTH SPD SPD DIR MIN PSBL S-S WX SPD DR
================================================================================
1 92 75 84 1 0 19 T 0.0 0 5.7 20 190 M M 2 3 30 190
2 95 76 86 3 0 21 0.00 0.0 0 7.1 25 200 M M 2 34 190
3 94 75 85 2 0 20 0.00 0.0 0 5.7 16 210 M M 5 1 22 220
4 91 74 83 0 0 18 T 0.0 0 4.1 12 200 M M 3 3 15 190
5 93 76 85 3 0 20 0.00 0.0 0 6.4 15 180 M M 2 18 160
6 94 73 84 2 0 19 0.00 0.0 0 6.0 16 150 M M 1 22 150
7 95 73 84 2 0 19 0.00 0.0 0 4.7 9 230 M M 1 13 220
8 97 75 86 4 0 21 T 0.0 0 5.4 20 150 M M 0 27 150
9 92 73 83 1 0 18 1.19 0.0 0 5.7 28 300 M M 2 138 36 280
10 91 72 82 0 0 17 0.02 0.0 0 3.1 16 110 M M 5 13 23 100
11 92 75 84 2 0 19 0.76 0.0 0 4.0 22 50 M M 6 123 30 50
12 93 74 84 2 0 19 T 0.0 0 6.8 14 10 M M 1 1 19 30
13 92 68 80 -2 0 15 0.00 0.0 0 5.5 9 350 M M 0 14 30
14 96 69 83 1 0 18 0.00 0.0 0 3.5 10 260 M M 1 18 220
15 99 75 87 5 0 22 0.00 0.0 0 4.8 10 280 M M 0 14 50
16 97 73 85 3 0 20 0.03 0.0 0 3.0 10 260 M M 0 13 22 10
17 87 74 81 -1 0 16 0.05 0.0 0 5.6 15 30 M M 6 25 30
18 83 71 77 -5 0 12 0.01 0.0 0 4.1 10 30 M M 9 15 10
19 91 68 80 -2 0 15 0.00 0.0 0 2.8 8 160 M M 4 1 11 180
20 92 76 84 3 0 19 0.03 0.0 0 8.1 17 200 M M 4 1 20 190
21 87 74 81 0 0 16 0.27 0.0 0 6.3 18 210 M M 5 1 25 230
22 80 74 77 -4 0 12 1.18 0.0 0 3.1 9 260 M M 8 1 13 260
23 80 74 77 -4 0 12 0.39 0.0 0 6.5 13 120 M M 9 18 110
24 78 73 76 -5 0 11 0.10 0.0 0 7.4 15 100 M M 10 1 22 70
25 89 73 81 0 0 16 0.01 0.0 0 3.8 9 50 M M 8 1 13 40
26 88 73 81 0 0 16 0.00 0.0 0 4.6 9 110 M M 5 12 11 120
27 88 68 78 -2 0 13 0.00 0.0 0 1.2 6 90 M M 2 6 90
28 90 74 82 2 0 17 0.01 0.0 0 6.7 13 190 M M 2 21 190
29 95 74 85 5 0 20 0.00 0.0 0 3.8 13 270 M M 0 1 17 270
30 95 76 86 6 0 21 0.00 0.0 0 3.0 13 340 M M 1 18 350
31 95 73 84 4 0 19 0.00 0.0 0 4.0 9 40 M M 1 1 13 20
================================================================================
SM 2821 2271 0 540 4.05 0.0 152.5 M 105
================================================================================
AV 91.0 73.3 4.9 FASTST M M 3 MAX(MPH)
MISC ----> 28 300 36 280
================================================================================
NOTES:
# LAST OF SEVERAL OCCURRENCES
COLUMN 17 PEAK WIND IN M.P.H.
PRELIMINARY LOCAL CLIMATOLOGICAL DATA (WS FORM: F-6) , PAGE 2
STATION: GREENVILLE
MONTH: AUGUST
YEAR: 2022
LATITUDE: 33 29 N
LONGITUDE: 90 59 W
[TEMPERATURE DATA] [PRECIPITATION DATA] SYMBOLS USED IN COLUMN 16
AVERAGE MONTHLY: 82.1 TOTAL FOR MONTH: 4.05 1 = FOG OR MIST
DPTR FM NORMAL: 0.5 DPTR FM NORMAL: 1.22 2 = FOG REDUCING VISIBILITY
HIGHEST: 99 ON 15 GRTST 24HR 1.21 ON 22-23 TO 1/4 MILE OR LESS
LOWEST: 68 ON 27,19 3 = THUNDER
SNOW, ICE PELLETS, HAIL 4 = ICE PELLETS
TOTAL MONTH: 0.0 INCH 5 = HAIL
GRTST 24HR 0.0 6 = FREEZING RAIN OR DRIZZLE
GRTST DEPTH: 0 7 = DUSTSTORM OR SANDSTORM:
VSBY 1/2 MILE OR LESS
8 = SMOKE OR HAZE
[NO. OF DAYS WITH] [WEATHER - DAYS WITH] 9 = BLOWING SNOW
X = TORNADO
MAX 32 OR BELOW: 0 0.01 INCH OR MORE: 13
MAX 90 OR ABOVE: 22 0.10 INCH OR MORE: 6
MIN 32 OR BELOW: 0 0.50 INCH OR MORE: 3
MIN 0 OR BELOW: 0 1.00 INCH OR MORE: 2
[HDD (BASE 65) ]
TOTAL THIS MO. 0 CLEAR (SCALE 0-3) 18
DPTR FM NORMAL 0 PTCLDY (SCALE 4-7) 10
TOTAL FM JUL 1 0 CLOUDY (SCALE 8-10) 3
DPTR FM NORMAL 0
[CDD (BASE 65) ]
TOTAL THIS MO. 540
DPTR FM NORMAL 26 [PRESSURE DATA]
TOTAL FM JAN 1 2155 HIGHEST SLP 30.20 ON 7
DPTR FM NORMAL 318 LOWEST SLP 29.87 ON 15
[REMARKS]
#FINAL-08-22#