000
CXUS54 KJAN 012159
CF6GLH
PRELIMINARY LOCAL CLIMATOLOGICAL DATA (WS FORM: F-6)
STATION: GREENVILLE
MONTH: OCTOBER
YEAR: 2021
LATITUDE: 33 29 N
LONGITUDE: 90 59 W
TEMPERATURE IN F: :PCPN: SNOW: WIND :SUNSHINE: SKY :PK WND
================================================================================
1 2 3 4 5 6A 6B 7 8 9 10 11 12 13 14 15 16 17 18
12Z AVG MX 2MIN
DY MAX MIN AVG DEP HDD CDD WTR SNW DPTH SPD SPD DIR MIN PSBL S-S WX SPD DR
================================================================================
1 91 71 81 10 0 16 T 0.0 0 6.6 18 230 M M 7 18 24 230
2 83 71 77 6 0 12 0.37 0.0 0 4.9 17 140 M M 8 1 21 160
3 86 70 78 8 0 13 0.08 0.0 0 5.2 14 220 M M 6 18 17 210
4 85 65 75 5 0 10 0.00 0.0 0 5.7 12 360 M M 0 16 20
5 86 64 75 5 0 10 0.42 0.0 0 5.6 22 50 M M 3 13 33 50
6 82 61 72 3 0 7 T 0.0 0 3.3 9 360 M M 2 128 12 30
7 88 60 74 5 0 9 0.00 0.0 0 1.8 8 110 M M 2 12 15 270
8 89 62 76 8 0 11 0.00 0.0 0 4.0 10 240 M M 0 16 220
9 88 64 76 8 0 11 0.00 0.0 0 7.2 15 210 M M 0 21 230
10 90 65 78 10 0 13 0.00 0.0 0 11.2 22 160 M M 0 1 32 200
11 88 62 75 8 0 10 T 0.0 0 11.2 30 190 M M 5 41 180
12 88 61 75 8 0 10 T 0.0 0 4.6 13 200 M M 4 16 200
13 88 72 80 14 0 15 0.00 0.0 0 10.0 21 190 M M 1 32 190
14 87 73 80 14 0 15 T 0.0 0 7.9 16 190 M M 2 23 130
15 91 60 76 10 0 11 0.08 0.0 0 12.7 31 320 M M 6 1 41 330
16 73 48 61 -4 4 0 0.00 0.0 0 7.9 21 350 M M 0 28 340
17 75 44 60 -5 5 0 0.00 0.0 0 3.3 14 30 M M 0 19 30
18 76 42 59 -5 6 0 0.00 0.0 0 3.0 12 130 M M 0 16 130
19 79 45 62 -2 3 0 0.00 0.0 0 4.2 14 140 M M 0 8 18 140
20 84 51 68 4 0 3 0.00 0.0 0 4.5 10 150 M M 1 8 15 150
21 86 56 71 8 0 6 0.00 0.0 0 7.4 16 320 M M 4 1 21 320
22 80 52 66 3 0 1 0.00 0.0 0 4.1 9 360 M M 0 8 12 360
23 86 52 69 7 0 4 0.00 0.0 0 7.9 16 210 M M 1 22 200
24 85 64 75 13 0 10 0.00 0.0 0 11.5 22 180 M M 2 1 30 190
25 80 59 70 9 0 5 0.38 0.0 0 8.8 22 330 M M 2 1 28 330
26 75 52 64 3 1 0 0.00 0.0 0 6.1 12 80 M M 0 16 70
27 75 61 68 7 0 3 1.27 0.0 0 11.8 21 270 M M 4 13 28 140
28 65 55 60 0 5 0 0.08 0.0 0 14.0 22 290 M M 9 1 34 270
29 60 51 56 -4 9 0 0.01 0.0 0 13.5 23 310 M M 10 1 33 310
30 67 50 59 0 6 0 0.00 0.0 0 6.9 15 310 M M 6 20 290
31 74 44 59 0 6 0 0.00 0.0 0 2.7 9 10 M M 2 12 12 10
================================================================================
SM 2530 1807 45 205 2.69 0.0 219.5 M 87
================================================================================
AV 81.6 58.3 7.1 FASTST M M 3 MAX(MPH)
MISC ----> 31 320 # 41 180
================================================================================
NOTES:
# LAST OF SEVERAL OCCURRENCES
COLUMN 17 PEAK WIND IN M.P.H.
PRELIMINARY LOCAL CLIMATOLOGICAL DATA (WS FORM: F-6) , PAGE 2
STATION: GREENVILLE
MONTH: OCTOBER
YEAR: 2021
LATITUDE: 33 29 N
LONGITUDE: 90 59 W
[TEMPERATURE DATA] [PRECIPITATION DATA] SYMBOLS USED IN COLUMN 16
AVERAGE MONTHLY: 70.0 TOTAL FOR MONTH: 2.69 1 = FOG OR MIST
DPTR FM NORMAL: 4.9 DPTR FM NORMAL: -1.53 2 = FOG REDUCING VISIBILITY
HIGHEST: 91 ON 15, 1 GRTST 24HR 1.27 ON 27-27 TO 1/4 MILE OR LESS
LOWEST: 42 ON 18 3 = THUNDER
SNOW, ICE PELLETS, HAIL 4 = ICE PELLETS
TOTAL MONTH: 0.0 INCH 5 = HAIL
GRTST 24HR 0.0 6 = FREEZING RAIN OR DRIZZLE
GRTST DEPTH: 0 7 = DUSTSTORM OR SANDSTORM:
VSBY 1/2 MILE OR LESS
8 = SMOKE OR HAZE
[NO. OF DAYS WITH] [WEATHER - DAYS WITH] 9 = BLOWING SNOW
X = TORNADO
MAX 32 OR BELOW: 0 0.01 INCH OR MORE: 8
MAX 90 OR ABOVE: 3 0.10 INCH OR MORE: 4
MIN 32 OR BELOW: 0 0.50 INCH OR MORE: 1
MIN 0 OR BELOW: 0 1.00 INCH OR MORE: 1
[HDD (BASE 65) ]
TOTAL THIS MO. 45 CLEAR (SCALE 0-3) 20
DPTR FM NORMAL -59 PTCLDY (SCALE 4-7) 9
TOTAL FM JUL 1 45 CLOUDY (SCALE 8-10) 2
DPTR FM NORMAL -63
[CDD (BASE 65) ]
TOTAL THIS MO. 205
DPTR FM NORMAL 98 [PRESSURE DATA]
TOTAL FM JAN 1 2415 HIGHEST SLP 30.34 ON 17
DPTR FM NORMAL 137 LOWEST SLP 29.47 ON 28
[REMARKS]
#FINAL-10-21#