000
CXUS54 KHGX 011410
CF6GLS
PRELIMINARY LOCAL CLIMATOLOGICAL DATA (WS FORM: F-6)
STATION: GALVESTON
MONTH: OCTOBER
YEAR: 2021
LATITUDE: 29 16 N
LONGITUDE: 94 52 W
TEMPERATURE IN F: :PCPN: SNOW: WIND :SUNSHINE: SKY :PK WND
================================================================================
1 2 3 4 5 6A 6B 7 8 9 10 11 12 13 14 15 16 17 18
12Z AVG MX 2MIN
DY MAX MIN AVG DEP HDD CDD WTR SNW DPTH SPD SPD DIR MIN PSBL S-S WX SPD DR
================================================================================
1 84 75 80 0 0 15 1.39 0.0 0 8.2 16 270 M M 6 13 21 270
2 82 75 79 0 0 14 1.89 0.0 0 7.0 22 170 M M 5 138 27 150
3 88 77 83 4 0 18 0.00 0.0 0 5.2 12 150 M M 3 1 14 10
4 88 77 83 4 0 18 0.00 0.0 0 9.0 17 360 M M 0 22 360
5 87 75 81 2 0 16 0.00 0.0 0 6.7 14 350 M M 0 17 350
6 89 73 81 3 0 16 0.00 0.0 0 3.9 9 10 M M 1 13 360
7 89 73 81 3 0 16 0.00 0.0 0 4.6 12 140 M M 0 13 10
8 86 74 80 2 0 15 0.00 0.0 0 5.8 10 150 M M 1 13 130
9 87 76 82 4 0 17 0.00 0.0 0 9.8 17 150 M M 2 22 150
10 90 81 86 9 0 21 0.00 0.0 0 19.4 25 160 M M 4 32 150
11 87 74 81 4 0 16 0.84 0.0 0 8.6 24 200 M M 5 13 30 170
12 89 82 86 9 0 21 0.00 0.0 0 13.3 21 150 M M 3 24 180
13 89 81 85 9 0 20 0.00 0.0 0 17.5 24 140 M M 2 28 150
14 87 81 84 8 0 19 T 0.0 0 13.3 24 150 M M 4 29 160
15 89 77 83 7 0 18 T 0.0 0 10.9 30 350 M M 2 3 37 340
16 77 66 72 -4 0 7 0.00 0.0 0 21.2 35 10 M M 0 45 20
17 76 64 70 -5 0 5 0.00 0.0 0 7.6 18 30 M M 0 23 40
18 79 65 72 -3 0 7 0.00 0.0 0 8.5 14 30 M M 2 19 50
19 84 71 78 3 0 13 0.00 0.0 0 10.6 17 100 M M 3 22 100
20 85 77 81 7 0 16 0.00 0.0 0 7.1 14 80 M M 4 1 19 70
21 85 74 80 6 0 15 0.00 0.0 0 4.8 12 10 M M 3 12 21 30
22 86 74 80 6 0 15 0.00 0.0 0 7.1 12 140 M M 2 14 110
23 87 73 80 7 0 15 1.41 0.0 0 10.2 33 160 M M 4 13 39 160
24 85 77 81 8 0 16 T 0.0 0 12.0 23 120 M M 3 30 120
25 87 76 82 10 0 17 0.00 0.0 0 5.4 12 170 M M 2 1 14 170
26 86 79 83 11 0 18 0.00 0.0 0 9.5 13 140 M M 3 M M
27 83 68 76 4 0 11 1.24 0.0 0 M M M M M M 3 M M
28 80 64 72 0 0 7 0.00 0.0 0 20.0 38 310 M M 0 8 49 280
29 75 59 67 -4 0 2 0.00 0.0 0 15.5 28 310 M M 0 37 310
30 78 55 67 -4 0 2 0.00 0.0 0 4.6 13 280 M M 0 15 280
31 79 60 70 0 0 5 0.00 0.0 0 4.5 12 110 M M 0 15 110
================================================================================
SM 2623 2253 0 431 6.77 0.0 291.8 M 64
================================================================================
AV 84.6 72.7 9.7 FASTST M M 2 MAX(MPH)
MISC ----> 38 310 49 280
================================================================================
NOTES:
# LAST OF SEVERAL OCCURRENCES
COLUMN 17 PEAK WIND IN M.P.H.
PRELIMINARY LOCAL CLIMATOLOGICAL DATA (WS FORM: F-6) , PAGE 2
STATION: GALVESTON
MONTH: OCTOBER
YEAR: 2021
LATITUDE: 29 16 N
LONGITUDE: 94 52 W
[TEMPERATURE DATA] [PRECIPITATION DATA] SYMBOLS USED IN COLUMN 16
AVERAGE MONTHLY: 78.6 TOTAL FOR MONTH: 6.77 1 = FOG OR MIST
DPTR FM NORMAL: 3.3 DPTR FM NORMAL: 1.62 2 = FOG REDUCING VISIBILITY
HIGHEST: 90 ON 10 GRTST 24HR 3.20 ON 1- 2 TO 1/4 MILE OR LESS
LOWEST: 55 ON 30 3 = THUNDER
SNOW, ICE PELLETS, HAIL 4 = ICE PELLETS
TOTAL MONTH: 0.0 INCH 5 = HAIL
GRTST 24HR 0.0 6 = FREEZING RAIN OR DRIZZLE
GRTST DEPTH: 0 7 = DUSTSTORM OR SANDSTORM:
VSBY 1/2 MILE OR LESS
8 = SMOKE OR HAZE
[NO. OF DAYS WITH] [WEATHER - DAYS WITH] 9 = BLOWING SNOW
X = TORNADO
MAX 32 OR BELOW: 0 0.01 INCH OR MORE: 5
MAX 90 OR ABOVE: 1 0.10 INCH OR MORE: 5
MIN 32 OR BELOW: 0 0.50 INCH OR MORE: 5
MIN 0 OR BELOW: 0 1.00 INCH OR MORE: 4
[HDD (BASE 65) ]
TOTAL THIS MO. 0 CLEAR (SCALE 0-3) 21
DPTR FM NORMAL -8 PTCLDY (SCALE 4-7) 9
TOTAL FM JUL 1 0 CLOUDY (SCALE 8-10) 1
DPTR FM NORMAL -4
[CDD (BASE 65) ]
TOTAL THIS MO. 431
DPTR FM NORMAL 103 [PRESSURE DATA]
TOTAL FM JAN 1 3582 HIGHEST SLP 30.32 ON 17
DPTR FM NORMAL 147 LOWEST SLP 29.60 ON 27
[REMARKS]
#FINAL-10-21#