000
CXUS54 KOUN 010810
CF6GOK
PRELIMINARY LOCAL CLIMATOLOGICAL DATA (WS FORM: F-6)
STATION: GUTHRIE MUNICIPAL
MONTH: OCTOBER
YEAR: 2022
LATITUDE: 35 50 N
LONGITUDE: 97 25 W
TEMPERATURE IN F: :PCPN: SNOW: WIND :SUNSHINE: SKY :PK WND
================================================================================
1 2 3 4 5 6A 6B 7 8 9 10 11 12 13 14 15 16 17 18
12Z AVG MX 2MIN
DY MAX MIN AVG DEP HDD CDD WTR SNW DPTH SPD SPD DIR MIN PSBL S-S WX SPD DR
================================================================================
1 86 52 69 1 0 4 0.00 0.0 0 5.2 13 60 M M 0 17 70
2 87 50 69 1 0 4 0.00 0.0 M 4.7 10 110 M M 0 14 80
3 85 49 67 0 0 2 0.00 0.0 M 5.3 14 190 M M 0 18 180
4 85 52 69 2 0 4 0.00 0.0 M 6.6 17 200 M M 0 22 210
5 85 55 70 4 0 5 T 0.0 M 2.9 10 330 M M 3 16 340
6 86 51 69 3 0 4 0.00 M M 3.0 10 310 M M 1 8 17 310
7 74 50 62 -4 3 0 0.00 M M 6.4 15 40 M M 0 27 50
8 70 43 57 -8 8 0 0.00 M M 3.4 9 60 M M 3 12 60
9 78 50 64 -1 1 0 T M M 6.9 18 220 M M 2 26 220
10 77 53 65 1 0 0 0.30 M M 5.4 18 250 M M 6 13 23 260
11 81 60 71 7 0 6 0.01 M M 14.2 28 190 M M 3 1 36 200
12 80 53 67 3 0 2 T M M 7.1 20 180 M M 0 28 170
13 75 39 57 -6 8 0 0.00 M M 6.1 20 290 M M 0 26 280
14 85 43 64 1 1 0 0.00 M M 9.4 23 250 M M 0 30 230
15 89 55 72 10 0 7 T M M 5.9 20 70 M M 0 3 26 110
16 69 52 61 -1 4 0 0.00 M M 5.2 17 60 M M 1 25 60
17 61 39 50 -12 15 0 0.00 M M 5.7 14 20 M M 0 23 50
18 55 30 43 -18 22 0 0.00 M M 4.6 13 360 M M 1 21 10
19 66 25 46 -15 19 0 0.00 M M 5.6 15 210 M M 0 20 200
20 78 37 58 -2 7 0 0.00 M M 4.6 10 180 M M 0 14 170
21 91 49 70 10 0 5 0.00 M M 13.2 24 210 M M 0 33 190
22 90 67 79 19 0 14 0.00 M M 18.2 28 190 M M 0 38 200
23 82 68 75 16 0 10 0.00 M M 21.4 30 170 M M 0 46 150
24 74 48 61 2 4 0 1.35 M M 10.8 24 180 M M 8 1 33 170
25 65 43 54 -4 11 0 0.46 M M 8.6 31 50 M M 3 13 47 60
26 68 39 54 -4 11 0 0.00 M M 7.9 16 150 M M 0 20 130
27 67 49 58 0 7 0 T M M 11.7 24 170 M M 2 34 170
28 64 50 57 0 8 0 0.32 M M 5.6 14 40 M M 4 1 20 40
29 68 50 59 2 6 0 0.00 M M 3.8 12 40 M M 6 19 40
30 67 45 56 0 9 0 0.00 M M 3.1 12 300 M M 4 1 15 330
31 73 39 56 0 9 0 0.00 M M 3.9 9 240 M M 0 8 13 260
================================================================================
SM 2361 1485 153 67 2.44 0.0 226.4 M 47
================================================================================
AV 76.2 47.9 7.3 FASTST M M 2 MAX(MPH)
MISC ----> 31 50 47 60
================================================================================
NOTES:
# LAST OF SEVERAL OCCURRENCES
COLUMN 17 PEAK WIND IN M.P.H.
PRELIMINARY LOCAL CLIMATOLOGICAL DATA (WS FORM: F-6) , PAGE 2
STATION: GUTHRIE MUNICIPAL
MONTH: OCTOBER
YEAR: 2022
LATITUDE: 35 50 N
LONGITUDE: 97 25 W
[TEMPERATURE DATA] [PRECIPITATION DATA] SYMBOLS USED IN COLUMN 16
AVERAGE MONTHLY: 62.0 TOTAL FOR MONTH: 2.44 1 = FOG OR MIST
DPTR FM NORMAL: 0.1 DPTR FM NORMAL: -0.34 2 = FOG REDUCING VISIBILITY
HIGHEST: 91 ON 21 GRTST 24HR 1.81 ON 24-25 TO 1/4 MILE OR LESS
LOWEST: 25 ON 19 3 = THUNDER
SNOW, ICE PELLETS, HAIL 4 = ICE PELLETS
TOTAL MONTH: 0.0 INCH 5 = HAIL
GRTST 24HR 0.0 6 = FREEZING RAIN OR DRIZZLE
GRTST DEPTH: 0 7 = DUSTSTORM OR SANDSTORM:
VSBY 1/2 MILE OR LESS
8 = SMOKE OR HAZE
[NO. OF DAYS WITH] [WEATHER - DAYS WITH] 9 = BLOWING SNOW
X = TORNADO
MAX 32 OR BELOW: 0 0.01 INCH OR MORE: 5
MAX 90 OR ABOVE: 2 0.10 INCH OR MORE: 4
MIN 32 OR BELOW: 2 0.50 INCH OR MORE: 1
MIN 0 OR BELOW: 0 1.00 INCH OR MORE: 1
[HDD (BASE 65) ]
TOTAL THIS MO. 153 CLEAR (SCALE 0-3) 24
DPTR FM NORMAL -19 PTCLDY (SCALE 4-7) 7
TOTAL FM JUL 1 153 CLOUDY (SCALE 8-10) 0
DPTR FM NORMAL -36
[CDD (BASE 65) ]
TOTAL THIS MO. 67
DPTR FM NORMAL -10 [PRESSURE DATA]
TOTAL FM JAN 1 2442 HIGHEST SLP M ON M
DPTR FM NORMAL 357 LOWEST SLP 29.48 ON 22
[REMARKS]
#FINAL-10-22#