056
CXUS55 KMSO 010900
CF6GPI
PRELIMINARY LOCAL CLIMATOLOGICAL DATA (WS FORM: F-6)
STATION: KALISPELL MT
MONTH: JULY
YEAR: 2020
LATITUDE: 48 17 N
LONGITUDE: 114 16 W
TEMPERATURE IN F: :PCPN: SNOW: WIND :SUNSHINE: SKY :PK WND
================================================================================
1 2 3 4 5 6A 6B 7 8 9 10 11 12 13 14 15 16 17 18
12Z AVG MX 2MIN
DY MAX MIN AVG DEP HDD CDD WTR SNW DPTH SPD SPD DIR MIN PSBL S-S WX SPD DR
================================================================================
1 61 49 55 -6 10 0 T 0.0 0 9.8 23 210 M M 9 28 200
2 66 43 55 -7 10 0 0.00 0.0 0 6.9 15 210 M M 8 19 220
3 83 37 60 -2 5 0 T 0.0 0 2.8 12 240 M M 2 15 10
4 80 47 64 2 1 0 0.00 0.0 0 4.6 17 260 M M 3 8 23 260
5 78 43 61 -1 4 0 0.00 0.0 0 3.1 14 160 M M 0 1 17 150
6 80 44 62 -1 3 0 0.00 0.0 0 4.7 13 40 M M 0 16 140
7 69 52 61 -2 4 0 0.30 0.0 0 6.3 23 50 M M 6 13 28 50
8 68 47 58 -5 7 0 T 0.0 0 4.4 13 220 M M 8 16 200
9 76 40 58 -6 7 0 0.00 0.0 0 4.2 15 170 M M 0 1 21 140
10 76 50 63 -1 2 0 0.07 0.0 0 9.2 21 150 M M 6 29 150
11 82 42 62 -2 3 0 0.00 0.0 0 3.8 15 160 M M 0 18 19 170
12 75 52 64 0 1 0 T 0.0 0 11.3 22 220 M M 3 28 230
13 73 42 58 -6 7 0 T 0.0 0 3.8 15 330 M M 3 24 310
14 77 37 57 -8 8 0 0.00 0.0 0 3.2 13 170 M M 0 17 140
15 81 42 62 -3 3 0 0.00 0.0 0 4.6 16 150 M M 1 22 160
16 86 44 65 0 0 0 0.00 0.0 0 6.6 20 150 M M 2 23 150
17 80 51 66 1 0 1 0.00 0.0 0 6.8 17 220 M M 3 23 200
18 82 43 63 -3 2 0 0.00 0.0 0 3.2 12 190 M M 0 16 160
19 83 44 64 -2 1 0 0.00 0.0 0 3.4 14 350 M M 2 18 160
20 84 56 70 4 0 5 0.00 0.0 0 6.4 16 30 M M 2 21 20
21 86 49 68 2 0 3 0.00 0.0 0 4.1 14 160 M M 0 21 140
22 91 49 70 4 0 5 0.00 0.0 0 6.5 22 150 M M 1 8 29 160
23 87 52 70 4 0 5 T 0.0 0 6.8 22 230 M M 2 28 220
24 84 44 64 -2 1 0 0.00 0.0 0 7.1 21 270 M M 2 28 280
25 80 39 60 -6 5 0 0.00 0.0 0 2.8 10 180 M M 0 16 160
26 86 41 64 -2 1 0 0.00 0.0 0 1.9 8 70 M M 0 12 120
27 92 45 69 3 0 4 0.00 0.0 0 3.7 12 20 M M 0 14 40
28 93 49 71 4 0 6 0.00 0.0 0 5.1 17 250 M M 0 23 250
29 91 49 70 3 0 5 0.00 0.0 0 4.4 14 140 M M 0 17 150
30 95 52 74 7 0 9 0.00 0.0 0 2.4 12 50 M M 0 14 30
31 97 59 78 11 0 13 0.00 0.0 0 8.1 17 30 M M 0 22 40
================================================================================
SM 2522 1433 85 56 0.37 0.0 162.0 M 63
================================================================================
AV 81.4 46.2 5.2 FASTST M M 2 MAX(MPH)
MISC ----> # 23 210 # 29 150
================================================================================
NOTES:
# LAST OF SEVERAL OCCURRENCES
COLUMN 17 PEAK WIND IN M.P.H.
PRELIMINARY LOCAL CLIMATOLOGICAL DATA (WS FORM: F-6) , PAGE 2
STATION: KALISPELL MT
MONTH: JULY
YEAR: 2020
LATITUDE: 48 17 N
LONGITUDE: 114 16 W
[TEMPERATURE DATA] [PRECIPITATION DATA] SYMBOLS USED IN COLUMN 16
AVERAGE MONTHLY: 63.8 TOTAL FOR MONTH: 0.37 1 = FOG OR MIST
DPTR FM NORMAL: -0.9 DPTR FM NORMAL: -1.08 2 = FOG REDUCING VISIBILITY
HIGHEST: 97 ON 31 GRTST 24HR 0.30 ON 7- 7 TO 1/4 MILE OR LESS
LOWEST: 37 ON 14, 3 3 = THUNDER
SNOW, ICE PELLETS, HAIL 4 = ICE PELLETS
TOTAL MONTH: 0.0 INCH 5 = HAIL
GRTST 24HR 0.0 6 = FREEZING RAIN OR DRIZZLE
GRTST DEPTH: 0 7 = DUSTSTORM OR SANDSTORM:
VSBY 1/2 MILE OR LESS
8 = SMOKE OR HAZE
[NO. OF DAYS WITH] [WEATHER - DAYS WITH] 9 = BLOWING SNOW
X = TORNADO
MAX 32 OR BELOW: 0 0.01 INCH OR MORE: 2
MAX 90 OR ABOVE: 6 0.10 INCH OR MORE: 1
MIN 32 OR BELOW: 0 0.50 INCH OR MORE: 0
MIN 0 OR BELOW: 0 1.00 INCH OR MORE: 0
[HDD (BASE 65) ]
TOTAL THIS MO. 85 CLEAR (SCALE 0-3) 24
DPTR FM NORMAL 8 PTCLDY (SCALE 4-7) 5
TOTAL FM JUL 1 85 CLOUDY (SCALE 8-10) 2
DPTR FM NORMAL 8
[CDD (BASE 65) ]
TOTAL THIS MO. 56
DPTR FM NORMAL -11 [PRESSURE DATA]
TOTAL FM JAN 1 69 HIGHEST SLP M ON M
DPTR FM NORMAL -14 LOWEST SLP 29.64 ON 22
[REMARKS]
#FINAL-07-20#