000
CXUS54 KLIX 010910
CF6GPT
PRELIMINARY LOCAL CLIMATOLOGICAL DATA (WS FORM: F-6)
STATION: GULFPORT
MONTH: FEBRUARY
YEAR: 2024
LATITUDE: 30 23 N
LONGITUDE: 89 4 W
TEMPERATURE IN F: :PCPN: SNOW: WIND :SUNSHINE: SKY :PK WND
================================================================================
1 2 3 4 5 6A 6B 7 8 9 10 11 12 13 14 15 16 17 18
12Z AVG MX 2MIN
DY MAX MIN AVG DEP HDD CDD WTR SNW DPTH SPD SPD DIR MIN PSBL S-S WX SPD DR
================================================================================
1 63 40 52 -1 13 0 0.00 0.0 M 2.2 9 160 M M 0 13 170
2 66 43 55 2 10 0 0.00 0.0 M 2.6 10 180 M M 0 1 14 150
3 63 44 54 1 11 0 0.96 M M 13.5 41 110 M M 6 12 60 100
4 71 52 62 8 3 0 0.24 0.0 M 9.0 28 130 M M 6 13 36 150
5 56 46 51 -3 14 0 0.04 M M 10.6 22 360 M M 8 1 30 360
6 73 45 59 5 6 0 0.00 0.0 M 6.7 18 330 M M 0 23 310
7 67 39 53 -1 12 0 0.00 M M 8.3 20 110 M M 0 24 120
8 68 55 62 8 3 0 T 0.0 M 13.0 22 120 M M 2 8 28 120
9 75 59 67 13 0 2 0.00 0.0 M 8.9 17 140 M M 1 24 150
10 72 63 68 13 0 3 0.02 0.0 M 8.1 17 150 M M 8 8 22 150
11 71 66 69 14 0 4 T 0.0 M 5.9 13 160 M M 9 12 21 160
12 71 50 61 6 4 0 0.05 M M 11.7 25 310 M M 7 13 38 300
13 65 44 55 0 10 0 0.00 0.0 M 7.1 18 330 M M 4 26 330
14 63 38 51 -4 14 0 0.00 0.0 M 3.3 14 160 M M 0 18 150
15 65 47 56 0 9 0 0.00 0.0 M 1.8 10 150 M M 3 12 150
16 63 53 58 2 7 0 0.13 0.0 M 1.3 9 170 M M 5 1 14 170
17 60 43 52 -4 13 0 0.12 M M 11.5 24 10 M M 6 1 33 350
18 60 38 49 -7 16 0 0.00 0.0 M 8.6 18 360 M M 0 26 20
19 60 33 47 -9 18 0 0.00 0.0 M 3.2 12 200 M M 0 18 210
20 65 37 51 -5 14 0 0.00 0.0 M 3.3 14 200 M M 0 22 200
21 69 45 57 0 8 0 0.00 0.0 M 4.3 13 170 M M 3 12 18 170
22 74 51 63 6 2 0 0.00 0.0 M 5.5 15 200 M M 6 12 26 210
23 81 53 67 10 0 2 T 0.0 M 9.0 23 330 M M 4 33 310
24 77 43 60 3 5 0 0.00 0.0 M 5.6 20 310 M M 0 29 310
25 69 40 55 -3 10 0 0.00 0.0 M 4.9 14 150 M M 0 20 130
26 74 47 61 3 4 0 0.00 0.0 M 6.0 14 170 M M 2 12 23 150
27 77 66 72 14 0 7 0.00 0.0 M 8.5 16 190 M M 7 1 26 190
28 81 56 69 11 0 4 T 0.0 M 10.2 28 330 M M 7 40 330
29 60 54 57 -1 8 0 T 0.0 M 8.9 20 40 M M 7 8 28 30
================================================================================
SM 1979 1390 214 22 1.56 0.0 203.5 M 101
================================================================================
AV 68.2 47.9 7.0 FASTST M M 3 MAX(MPH)
MISC ----> 41 110 60 100
================================================================================
NOTES:
# LAST OF SEVERAL OCCURRENCES
COLUMN 17 PEAK WIND IN M.P.H.
PRELIMINARY LOCAL CLIMATOLOGICAL DATA (WS FORM: F-6) , PAGE 2
STATION: GULFPORT
MONTH: FEBRUARY
YEAR: 2024
LATITUDE: 30 23 N
LONGITUDE: 89 4 W
[TEMPERATURE DATA] [PRECIPITATION DATA] SYMBOLS USED IN COLUMN 16
AVERAGE MONTHLY: 58.1 TOTAL FOR MONTH: 1.56 1 = FOG OR MIST
DPTR FM NORMAL: 2.6 DPTR FM NORMAL: -2.88 2 = FOG REDUCING VISIBILITY
HIGHEST: 81 ON 28,23 GRTST 24HR 1.19 ON 3- 4 TO 1/4 MILE OR LESS
LOWEST: 33 ON 19 3 = THUNDER
SNOW, ICE PELLETS, HAIL 4 = ICE PELLETS
TOTAL MONTH: 0.0 INCH 5 = HAIL
GRTST 24HR 0.0 6 = FREEZING RAIN OR DRIZZLE
GRTST DEPTH: M ON M 7 = DUSTSTORM OR SANDSTORM:
VSBY 1/2 MILE OR LESS
8 = SMOKE OR HAZE
[NO. OF DAYS WITH] [WEATHER - DAYS WITH] 9 = BLOWING SNOW
X = TORNADO
MAX 32 OR BELOW: 0 0.01 INCH OR MORE: 7
MAX 90 OR ABOVE: 0 0.10 INCH OR MORE: 4
MIN 32 OR BELOW: 0 0.50 INCH OR MORE: 1
MIN 0 OR BELOW: 0 1.00 INCH OR MORE: 0
[HDD (BASE 65) ]
TOTAL THIS MO. 214 CLEAR (SCALE 0-3) 15
DPTR FM NORMAL -68 PTCLDY (SCALE 4-7) 11
TOTAL FM JUL 1 1110 CLOUDY (SCALE 8-10) 3
DPTR FM NORMAL -197
[CDD (BASE 65) ]
TOTAL THIS MO. 22
DPTR FM NORMAL 6 [PRESSURE DATA]
TOTAL FM JAN 1 23 HIGHEST SLP 30.35 ON 29
DPTR FM NORMAL -1 LOWEST SLP 29.48 ON 4
[REMARKS]
#FINAL-02-24#