000
CXUS54 KLIX 010810
CF6GPT
PRELIMINARY LOCAL CLIMATOLOGICAL DATA (WS FORM: F-6)
STATION: GULFPORT
MONTH: JUNE
YEAR: 2020
LATITUDE: 30 23 N
LONGITUDE: 89 4 W
TEMPERATURE IN F: :PCPN: SNOW: WIND :SUNSHINE: SKY :PK WND
================================================================================
1 2 3 4 5 6A 6B 7 8 9 10 11 12 13 14 15 16 17 18
12Z AVG MX 2MIN
DY MAX MIN AVG DEP HDD CDD WTR SNW DPTH SPD SPD DIR MIN PSBL S-S WX SPD DR
================================================================================
1 89 69 79 1 0 14 0.00 M M 4.2 13 150 M M 0 16 140
2 85 72 79 1 0 14 0.00 M M 8.5 18 120 M M 4 23 130
3 84 71 78 0 0 13 2.86 M M 6.5 18 160 M M 5 13 25 160
4 86 70 78 -1 0 13 0.01 M M 4.6 14 140 M M 2 138 17 130
5 88 72 80 1 0 15 0.00 0.0 M 6.6 17 150 M M 1 23 140
6 86 75 81 2 0 16 0.42 0.0 M 9.7 29 100 M M 6 18 39 90
7 81 74 78 -1 0 13 6.91 0.0 M 21.0 38 100 M M 10 12 49 110
8 83 78 81 2 0 16 0.23 0.0 M 13.8 28 170 M M 9 1 45 180
9 87 80 84 4 0 19 0.02 0.0 M 11.1 18 160 M M 10 138 25 160
10 87 73 80 0 0 15 0.49 M M 6.4 21 290 M M 5 13 30 300
11 88 67 78 -2 0 13 0.00 M M 8.4 16 340 M M 1 24 360
12 90 69 80 0 0 15 0.00 M M 9.1 17 360 M M 1 22 10
13 89 68 79 -1 0 14 0.00 M M 6.1 16 140 M M 3 3 19 140
14 89 72 81 1 0 16 T M M 5.4 16 130 M M 4 21 140
15 95 70 83 3 0 18 0.00 M M 5.0 15 360 M M 1 19 30
16 91 72 82 1 0 17 0.00 M M 5.6 16 340 M M 1 21 340
17 88 68 78 -3 0 13 0.00 M M 4.2 13 130 M M 2 15 130
18 88 70 79 -2 0 14 0.00 M M 4.8 16 160 M M 2 19 170
19 89 70 80 -1 0 15 0.00 M M 3.7 15 140 M M 0 21 140
20 91 69 80 -1 0 15 0.00 M M 4.4 14 170 M M 0 19 190
21 90 72 81 0 0 16 0.00 M M 5.0 14 200 M M 1 19 170
22 85 75 80 -1 0 15 0.08 M M 6.2 13 260 M M 5 13 18 260
23 89 74 82 1 0 17 0.23 M M 7.0 22 260 M M 3 13 30 260
24 85 72 79 -2 0 14 0.47 M M 5.9 23 270 M M 5 13 32 270
25 89 77 83 1 0 18 0.00 M M 5.9 17 290 M M 3 22 290
26 88 76 82 0 0 17 0.00 0.0 M 5.8 16 130 M M 4 19 130
27 88 81 85 3 0 20 0.00 0.0 M 6.6 13 140 M M 2 16 160
28 89 78 84 2 0 19 T M M 6.7 14 170 M M 3 3 19 170
29 91 81 86 4 0 21 0.00 M M 6.4 15 170 M M 3 21 160
30 92 78 85 3 0 20 0.00 0.0 M 4.6 14 180 M M 1 19 170
================================================================================
SM 2640 2193 0 475 11.72 0.0 209.2 M 97
================================================================================
AV 88.0 73.1 7.0 FASTST M M 3 MAX(MPH)
MISC ----> 38 100 49 110
================================================================================
NOTES:
# LAST OF SEVERAL OCCURRENCES
COLUMN 17 PEAK WIND IN M.P.H.
PRELIMINARY LOCAL CLIMATOLOGICAL DATA (WS FORM: F-6) , PAGE 2
STATION: GULFPORT
MONTH: JUNE
YEAR: 2020
LATITUDE: 30 23 N
LONGITUDE: 89 4 W
[TEMPERATURE DATA] [PRECIPITATION DATA] SYMBOLS USED IN COLUMN 16
AVERAGE MONTHLY: 80.6 TOTAL FOR MONTH: 11.72 1 = FOG OR MIST
DPTR FM NORMAL: 0.3 DPTR FM NORMAL: 5.33 2 = FOG REDUCING VISIBILITY
HIGHEST: 95 ON 15 GRTST 24HR 6.92 ON 6- 7 TO 1/4 MILE OR LESS
LOWEST: 67 ON 11 3 = THUNDER
SNOW, ICE PELLETS, HAIL 4 = ICE PELLETS
TOTAL MONTH: 0.0 INCH 5 = HAIL
GRTST 24HR 0.0 6 = FREEZING RAIN OR DRIZZLE
GRTST DEPTH: M ON M 7 = DUSTSTORM OR SANDSTORM:
VSBY 1/2 MILE OR LESS
8 = SMOKE OR HAZE
[NO. OF DAYS WITH] [WEATHER - DAYS WITH] 9 = BLOWING SNOW
X = TORNADO
MAX 32 OR BELOW: 0 0.01 INCH OR MORE: 10
MAX 90 OR ABOVE: 7 0.10 INCH OR MORE: 7
MIN 32 OR BELOW: 0 0.50 INCH OR MORE: 2
MIN 0 OR BELOW: 0 1.00 INCH OR MORE: 2
[HDD (BASE 65) ]
TOTAL THIS MO. 0 CLEAR (SCALE 0-3) 17
DPTR FM NORMAL 0 PTCLDY (SCALE 4-7) 10
TOTAL FM JUL 1 1214 CLOUDY (SCALE 8-10) 3
DPTR FM NORMAL -414
[CDD (BASE 65) ]
TOTAL THIS MO. 475
DPTR FM NORMAL 16 [PRESSURE DATA]
TOTAL FM JAN 1 1135 HIGHEST SLP M ON M
DPTR FM NORMAL 239 LOWEST SLP 29.40 ON 7
[REMARKS]
#FINAL-06-20#