000
CXUS53 KIWX 010910
CF6GSH
PRELIMINARY LOCAL CLIMATOLOGICAL DATA (WS FORM: F-6)
STATION: GOSHEN
MONTH: FEBRUARY
YEAR: 2021
LATITUDE: 41 31 N
LONGITUDE: 85 47 W
TEMPERATURE IN F: :PCPN: SNOW: WIND :SUNSHINE: SKY :PK WND
================================================================================
1 2 3 4 5 6A 6B 7 8 9 10 11 12 13 14 15 16 17 18
12Z AVG MX 2MIN
DY MAX MIN AVG DEP HDD CDD WTR SNW DPTH SPD SPD DIR MIN PSBL S-S WX SPD DR
================================================================================
1 31 16 24 0 41 0 T M M 12.5 21 10 M M 5 8 28 10
2 35 11 23 -2 42 0 0.00 M M 10.5 21 350 M M 1 30 330
3 33 9 21 -4 44 0 0.00 0.0 M 5.7 14 320 M M 1 18 17 320
4 34 22 28 3 37 0 0.06 M M 15.6 35 250 M M 5 1268 49 260
5 25 9 17 -8 48 0 T M M 22.4 36 250 M M 6 189 46 260
6 16 4 10 -15 55 0 T M M 11.3 20 250 M M 6 18 25 240
7 11 0 6 -19 59 0 T M M 10.8 16 250 M M 8 18 20 260
8 15 2 9 -17 56 0 0.03 M M 2.8 9 150 M M 10 18 14 130
9 24 3 14 -12 51 0 T M M 2.0 9 350 M M 8 128 10 350
10 21 6 14 -12 51 0 T M M 4.5 10 90 M M 8 18 12 90
11 19 8 14 -12 51 0 0.00 M M 9.0 16 40 M M 5 21 20
12 26 15 21 -5 44 0 0.00 M M 8.1 17 350 M M 8 22 350
13 23 18 21 -6 44 0 0.01 M M 6.3 14 310 M M 9 18 18 300
14 19 11 15 -12 50 0 T M M 10.3 16 340 M M 10 18 21 330
15 13 9 11 -16 54 0 0.05 M M 13.9 22 30 M M 10 18 31 40
16 18 7 13 -14 52 0 T M M 10.2 23 20 M M 9 18 32 20
17 19 1 10 -18 55 0 T M M 3.9 10 80 M M 8 128 13 90
18 21 8 15 -13 50 0 T M M 6.7 13 10 M M 9 128 16 30
19 18 1 10 -18 55 0 T M M 8.0 17 250 M M 8 128 22 250
20 23 1 12 -16 53 0 T M M 4.6 12 220 M M 2 18 13 220
21 34 4 19 -10 46 0 0.02 M M 12.7 22 130 M M 2 18 33 130
22 37 27 32 3 33 0 0.03 M M 19.3 30 260 M M 8 18 40 240
23 43 33 38 9 27 0 T M M 12.9 21 260 M M 3 30 260
24 43 28 36 6 29 0 0.00 M M 14.0 23 340 M M 2 33 320
25 40 22 31 1 34 0 0.00 M M 6.4 20 290 M M 1 18 24 290
26 42 17 30 0 35 0 0.07 M M 7.4 20 130 M M 3 18 25 120
27 46 33 40 9 25 0 0.01 M M 7.1 13 130 M M 6 18 17 130
28 60 37 49 18 16 0 0.01 M M 13.2 28 270 M M 8 18 34 260
================================================================================
SM 789 362 1237 0 0.29 0.0 272.1 M 169
================================================================================
AV 28.2 12.9 9.7 FASTST M M 6 MAX(MPH)
MISC ----> 36 250 49 260
================================================================================
NOTES:
# LAST OF SEVERAL OCCURRENCES
COLUMN 17 PEAK WIND IN M.P.H.
PRELIMINARY LOCAL CLIMATOLOGICAL DATA (WS FORM: F-6) , PAGE 2
STATION: GOSHEN
MONTH: FEBRUARY
YEAR: 2021
LATITUDE: 41 31 N
LONGITUDE: 85 47 W
[TEMPERATURE DATA] [PRECIPITATION DATA] SYMBOLS USED IN COLUMN 16
AVERAGE MONTHLY: 20.6 TOTAL FOR MONTH: 0.29 1 = FOG OR MIST
DPTR FM NORMAL: -6.6 DPTR FM NORMAL: -1.59 2 = FOG REDUCING VISIBILITY
HIGHEST: 60 ON 28 GRTST 24HR 0.08 ON 26-27 TO 1/4 MILE OR LESS
LOWEST: 0 ON 7 3 = THUNDER
SNOW, ICE PELLETS, HAIL 4 = ICE PELLETS
TOTAL MONTH: 0.0 INCH 5 = HAIL
GRTST 24HR 0.0 6 = FREEZING RAIN OR DRIZZLE
GRTST DEPTH: M ON M 7 = DUSTSTORM OR SANDSTORM:
VSBY 1/2 MILE OR LESS
8 = SMOKE OR HAZE
[NO. OF DAYS WITH] [WEATHER - DAYS WITH] 9 = BLOWING SNOW
X = TORNADO
MAX 32 OR BELOW: 17 0.01 INCH OR MORE: 9
MAX 90 OR ABOVE: 0 0.10 INCH OR MORE: 0
MIN 32 OR BELOW: 25 0.50 INCH OR MORE: 0
MIN 0 OR BELOW: 1 1.00 INCH OR MORE: 0
[HDD (BASE 65) ]
TOTAL THIS MO. 1237 CLEAR (SCALE 0-3) 7
DPTR FM NORMAL 180 PTCLDY (SCALE 4-7) 13
TOTAL FM JUL 1 4481 CLOUDY (SCALE 8-10) 8
DPTR FM NORMAL -324
[CDD (BASE 65) ]
TOTAL THIS MO. 0
DPTR FM NORMAL 0 [PRESSURE DATA]
TOTAL FM JAN 1 0 HIGHEST SLP 30.47 ON 17
DPTR FM NORMAL 0 LOWEST SLP 29.33 ON 4
[REMARKS]
#FINAL-02-21#