000
CXGM50 PGUM 180122
CF6GSN
PRELIMINARY LOCAL CLIMATOLOGICAL DATA (WS FORM: F-6)
STATION: SAIPAN/ISLEY_(CGS) MP
MONTH: SEPTEMBER
YEAR: 2022
LATITUDE: 15 7 N
LONGITUDE: 145-44 E
TEMPERATURE IN F: :PCPN: SNOW: WIND :SUNSHINE: SKY :PK WND
================================================================================
1 2 3 4 5 6A 6B 7 8 9 10 11 12 13 14 15 16 17 18
12Z AVG MX 2MIN
DY MAX MIN AVG DEP HDD CDD WTR SNW DPTH SPD SPD DIR MIN PSBL S-S WX SPD DR
================================================================================
1 90 80 85 3 0 20 0.05 0.0 0 5.0 12 260 M M 4 14 170
2 90 81 86 4 0 21 0.03 0.0 0 4.0 12 140 M M 2 15 130
3 92 81 87 5 0 22 0.04 0.0 0 4.3 10 140 M M 3 13 90
4 89 82 86 4 0 21 0.20 0.0 0 3.0 10 120 M M 2 12 120
5 91 80 86 4 0 21 0.20 0.0 0 6.6 14 180 M M 4 20 180
6 91 81 86 4 0 21 0.18 0.0 0 5.7 12 180 M M 1 14 160
7 92 83 88 6 0 23 T 0.0 0 8.5 14 160 M M 3 19 160
8 92 83 88 6 0 23 0.00 0.0 0 10.8 16 110 M M 3 21 120
9 91 83 87 5 0 22 0.00 0.0 0 8.0 13 140 M M 3 17 150
10 91 80 86 4 0 21 0.00 0.0 0 4.1 12 150 M M 2 16 120
11 92 79 86 4 0 21 0.00 0.0 0 5.5 13 270 M M 3 16 270
12 92 79 86 4 0 21 0.03 0.0 0 9.4 20 240 M M 4 26 240
13 91 82 87 5 0 22 0.35 0.0 0 10.9 20 210 M M 4 25 210
14 90 81 86 4 0 21 0.10 0.0 0 8.7 18 220 M M 4 24 210
15 87 78 83 1 0 18 0.10 0.0 0 10.1 20 250 M M 5 27 250
16 90 80 85 3 0 20 0.01 0.0 0 6.2 15 260 M M 3 20 260
17 89 77 83 1 0 18 0.07 0.0 0 6.3 17 50 M M 6 21 320
18 90 78 84 2 0 19 1.25 0.0 0 10.2 18 60 M M 5 23 110
19 88 77 83 1 0 18 0.59 0.0 0 5.4 16 50 M M 5 20 50
20 88 77 83 1 0 18 0.83 0.0 0 5.7 17 220 M M 5 23 210
21 90 80 85 3 0 20 0.01 0.0 0 4.6 13 330 M M 1 16 310
22 91 80 86 4 0 21 0.15 0.0 0 8.5 22 110 M M 5 28 100
23 90 80 85 3 0 20 0.29 0.0 0 9.1 20 40 M M 4 27 60
24 91 78 85 3 0 20 0.89 0.0 0 9.5 24 70 M M 5 33 70
25 86 77 82 0 0 17 0.67 0.0 0 10.5 24 200 M M 7 32 210
26 88 79 84 2 0 19 0.15 0.0 0 6.9 14 140 M M 4 19 190
27 90 79 85 3 0 20 0.00 0.0 0 6.8 14 90 M M 1 18 70
28 90 81 86 4 0 21 0.00 0.0 0 7.6 14 100 M M 2 19 130
29 91 79 85 3 0 20 0.09 0.0 0 8.1 18 40 M M 3 21 50
30 90 81 86 4 0 21 T 0.0 0 10.1 18 80 M M 3 22 100
================================================================================
SM 2703 2396 0 610 6.28 0.0 220.1 M 106
================================================================================
AV 90.1 79.9 7.3 FASTST M M 4 MAX(MPH)
MISC ----> # 24 70 33 70
================================================================================
NOTES:
# LAST OF SEVERAL OCCURRENCES
COLUMN 17 PEAK WIND IN M.P.H.
PRELIMINARY LOCAL CLIMATOLOGICAL DATA (WS FORM: F-6) , PAGE 2
STATION: SAIPAN/ISLEY_(CGS) MP
MONTH: SEPTEMBER
YEAR: 2022
LATITUDE: 15 7 N
LONGITUDE: 145-44 E
[TEMPERATURE DATA] [PRECIPITATION DATA] SYMBOLS USED IN COLUMN 16
AVERAGE MONTHLY: 85.0 TOTAL FOR MONTH: 6.28 1 = FOG OR MIST
DPTR FM NORMAL: 2.8 DPTR FM NORMAL: -5.14 2 = FOG REDUCING VISIBILITY
HIGHEST: 92 ON 12,11 GRTST 24HR 1.47 ON 24-25 TO 1/4 MILE OR LESS
LOWEST: 77 ON 25,20 3 = THUNDER
SNOW, ICE PELLETS, HAIL 4 = ICE PELLETS
TOTAL MONTH: 0.0 INCH 5 = HAIL
GRTST 24HR 0.0 6 = FREEZING RAIN OR DRIZZLE
GRTST DEPTH: 0 7 = DUSTSTORM OR SANDSTORM:
VSBY 1/2 MILE OR LESS
8 = SMOKE OR HAZE
[NO. OF DAYS WITH] [WEATHER - DAYS WITH] 9 = BLOWING SNOW
X = TORNADO
MAX 32 OR BELOW: 0 0.01 INCH OR MORE: 22
MAX 90 OR ABOVE: 23 0.10 INCH OR MORE: 14
MIN 32 OR BELOW: 0 0.50 INCH OR MORE: 5
MIN 0 OR BELOW: 0 1.00 INCH OR MORE: 1
[HDD (BASE 65) ]
TOTAL THIS MO. 0 CLEAR (SCALE 0-3) 14
DPTR FM NORMAL 0 PTCLDY (SCALE 4-7) 16
TOTAL FM JUL 1 0 CLOUDY (SCALE 8-10) 0
DPTR FM NORMAL 0
[CDD (BASE 65) ]
TOTAL THIS MO. 610
DPTR FM NORMAL 94 [PRESSURE DATA]
TOTAL FM JAN 1 4816 HIGHEST SLP 29.97 ON 1
DPTR FM NORMAL 273 LOWEST SLP 29.85 ON 1
[REMARKS]
#FINAL-09-22#