000
CXGM50 PGUM 020104
CF6GSN
PRELIMINARY LOCAL CLIMATOLOGICAL DATA (WS FORM: F-6)
STATION: SAIPAN/ISLEY_(CGS) MP
MONTH: MARCH
YEAR: 2022
LATITUDE: 15 7 N
LONGITUDE: 145-44 E
TEMPERATURE IN F: :PCPN: SNOW: WIND :SUNSHINE: SKY :PK WND
================================================================================
1 2 3 4 5 6A 6B 7 8 9 10 11 12 13 14 15 16 17 18
12Z AVG MX 2MIN
DY MAX MIN AVG DEP HDD CDD WTR SNW DPTH SPD SPD DIR MIN PSBL S-S WX SPD DR
================================================================================
1 88 79 84 5 0 19 0.00 0.0 0 19.8 26 70 M M 2 33 90
2 86 76 81 2 0 16 0.21 0.0 0 18.0 25 80 M M 6 32 80
3 82 75 79 0 0 14 0.83 0.0 0 14.9 25 80 M M 6 31 80
4 85 75 80 0 0 15 0.48 0.0 0 17.0 24 80 M M 8 31 90
5 86 74 80 0 0 15 0.23 0.0 0 11.9 21 70 M M 5 25 80
6 87 77 82 2 0 17 0.00 0.0 0 8.6 14 80 M M 3 19 70
7 86 77 82 2 0 17 0.00 0.0 0 10.5 16 90 M M 2 22 110
8 85 76 81 1 0 16 0.01 0.0 0 10.6 20 160 M M 5 24 120
9 86 76 81 1 0 16 0.00 0.0 0 5.7 10 170 M M 4 14 150
10 86 75 81 1 0 16 T 0.0 0 6.0 13 140 M M 3 19 110
11 82 73 78 -2 0 13 1.10 0.0 0 17.7 26 60 M M 9 34 30
12 86 75 81 1 0 16 0.69 0.0 0 17.3 25 60 M M 9 31 60
13 85 73 79 -1 0 14 0.36 M M 11.1 28 50 M M 8 1 34 50
14 86 75 81 1 0 16 0.01 0.0 0 19.8 26 80 M M 5 32 60
15 86 75 81 1 0 16 0.01 0.0 0 14.0 22 80 M M 5 26 80
16 87 77 82 2 0 17 0.07 0.0 0 12.4 17 90 M M 6 21 80
17 87 77 82 2 0 17 0.15 0.0 0 13.4 22 70 M M 6 27 80
18 86 75 81 1 0 16 0.02 0.0 0 16.1 23 80 M M 6 28 70
19 86 78 82 2 0 17 0.00 0.0 0 11.4 16 90 M M 4 20 80
20 87 78 83 3 0 18 T 0.0 0 11.7 18 80 M M 4 22 80
21 87 79 83 3 0 18 0.01 0.0 0 15.2 22 80 M M 4 29 80
22 88 75 82 2 0 17 0.15 0.0 0 14.3 23 110 M M 4 29 90
23 87 77 82 2 0 17 0.00 0.0 0 13.6 21 90 M M 3 24 90
24 87 78 83 3 0 18 0.00 0.0 0 12.4 18 90 M M 3 24 120
25 87 77 82 2 0 17 0.10 0.0 0 14.2 29 80 M M 5 37 80
26 87 77 82 1 0 17 0.03 0.0 0 19.0 25 90 M M 6 31 100
27 88 78 83 2 0 18 T 0.0 0 19.9 29 90 M M 5 35 70
28 88 78 83 2 0 18 0.04 0.0 0 20.8 28 70 M M 6 33 70
29 89 79 84 3 0 19 T 0.0 0 20.8 28 70 M M 5 33 70
30 89 78 84 3 0 19 0.03 0.0 0 20.7 30 90 M M 5 40 80
31 88 77 83 2 0 18 T 0.0 0 17.3 26 70 M M 7 33 70
================================================================================
SM 2680 2369 0 517 4.53 0.0 456.1 M 159
================================================================================
AV 86.5 76.4 14.7 FASTST M M 5 MAX(MPH)
MISC ----> 30 90 40 80
================================================================================
NOTES:
# LAST OF SEVERAL OCCURRENCES
COLUMN 17 PEAK WIND IN M.P.H.
PRELIMINARY LOCAL CLIMATOLOGICAL DATA (WS FORM: F-6) , PAGE 2
STATION: SAIPAN/ISLEY_(CGS) MP
MONTH: MARCH
YEAR: 2022
LATITUDE: 15 7 N
LONGITUDE: 145-44 E
[TEMPERATURE DATA] [PRECIPITATION DATA] SYMBOLS USED IN COLUMN 16
AVERAGE MONTHLY: 81.4 TOTAL FOR MONTH: 4.53 1 = FOG OR MIST
DPTR FM NORMAL: 1.4 DPTR FM NORMAL: 2.57 2 = FOG REDUCING VISIBILITY
HIGHEST: 89 ON 30,29 GRTST 24HR 1.10 ON 11-11 TO 1/4 MILE OR LESS
LOWEST: 73 ON 13,11 3 = THUNDER
SNOW, ICE PELLETS, HAIL 4 = ICE PELLETS
TOTAL MONTH: 0.0 INCH 5 = HAIL
GRTST 24HR 0.0 6 = FREEZING RAIN OR DRIZZLE
GRTST DEPTH: 0 7 = DUSTSTORM OR SANDSTORM:
VSBY 1/2 MILE OR LESS
8 = SMOKE OR HAZE
[NO. OF DAYS WITH] [WEATHER - DAYS WITH] 9 = BLOWING SNOW
X = TORNADO
MAX 32 OR BELOW: 0 0.01 INCH OR MORE: 19
MAX 90 OR ABOVE: 0 0.10 INCH OR MORE: 10
MIN 32 OR BELOW: 0 0.50 INCH OR MORE: 3
MIN 0 OR BELOW: 0 1.00 INCH OR MORE: 1
[HDD (BASE 65) ]
TOTAL THIS MO. 0 CLEAR (SCALE 0-3) 6
DPTR FM NORMAL 0 PTCLDY (SCALE 4-7) 22
TOTAL FM JUL 1 0 CLOUDY (SCALE 8-10) 3
DPTR FM NORMAL 0
[CDD (BASE 65) ]
TOTAL THIS MO. 517
DPTR FM NORMAL 50 [PRESSURE DATA]
TOTAL FM JAN 1 1455 HIGHEST SLP 30.07 ON 1
DPTR FM NORMAL 147 LOWEST SLP 29.95 ON 1
[REMARKS]
#FINAL-03-22#