000
CXGM50 PGUM 280030
CF6GSN
PRELIMINARY LOCAL CLIMATOLOGICAL DATA (WS FORM: F-6)
STATION: SAIPAN/ISLEY_(CGS) MP
MONTH: MARCH
YEAR: 2024
LATITUDE: 15 7 N
LONGITUDE: 145-44 E
TEMPERATURE IN F: :PCPN: SNOW: WIND :SUNSHINE: SKY :PK WND
================================================================================
1 2 3 4 5 6A 6B 7 8 9 10 11 12 13 14 15 16 17 18
12Z AVG MX 2MIN
DY MAX MIN AVG DEP HDD CDD WTR SNW DPTH SPD SPD DIR MIN PSBL S-S WX SPD DR
================================================================================
1 86 73 80 1 0 15 0.15 0.0 0 16.9 25 80 M M 5 31 80
2 86 76 81 2 0 16 0.02 0.0 0 10.7 20 80 M M 5 25 90
3 88 74 81 2 0 16 0.03 0.0 0 8.7 16 90 M M 4 24 80
4 88 76 82 2 0 17 0.28 0.0 0 10.9 24 70 M M 5 32 70
5 87 77 82 2 0 17 0.04 0.0 0 13.4 25 80 M M 5 32 80
6 88 77 83 3 0 18 0.02 0.0 0 12.1 18 100 M M 4 26 110
7 88 74 81 1 0 16 0.02 0.0 0 9.2 16 90 M M 4 21 40
8 88 74 81 1 0 16 0.12 0.0 0 10.7 22 100 M M 3 31 110
9 87 74 81 1 0 16 T 0.0 0 11.9 20 50 M M 3 25 40
10 89 77 83 3 0 18 0.04 0.0 0 13.8 21 70 M M 5 30 60
11 88 76 82 2 0 17 0.12 0.0 0 18.0 29 70 M M 5 38 70
12 89 76 83 3 0 18 0.09 0.0 0 16.6 26 70 M M 5 33 60
13 86 76 81 1 0 16 0.11 0.0 0 9.8 18 80 M M 6 24 80
14 88 77 83 3 0 18 T 0.0 0 14.3 21 80 M M 3 27 70
15 88 77 83 3 0 18 T M M 13.8 23 60 M M 5 30 70
16 89 78 84 4 0 19 0.08 M M 15.1 24 60 M M 3 1 33 60
17 88 78 83 3 0 18 0.02 0.0 0 16.3 22 70 M M 4 28 80
18 87 77 82 2 0 17 0.00 0.0 0 12.9 18 70 M M 3 27 60
19 87 74 81 1 0 16 0.00 0.0 0 8.8 16 50 M M 1 25 40
20 88 72 80 0 0 15 0.00 M M 4.8 10 330 M M 3 16 10
21 88 72 80 0 0 15 0.00 0.0 0 7.7 14 70 M M 3 19 50
22 88 75 82 2 0 17 0.02 M M 15.0 24 50 M M 4 35 50
23 87 74 81 1 0 16 0.17 M M 21.1 30 60 M M 8 1 39 60
24 86 76 81 1 0 16 0.10 M M 22.0 29 80 M M 8 18 39 70
25 88 77 83 3 0 18 0.07 M M 21.2 26 80 M M 7 18 39 80
26 90 77 84 3 0 19 0.03 M M 16.5 23 70 M M 5 1 31 70
27 89 77 83 2 0 18 0.02 M M 7.3 15 90 M M 5 8 25 80
================================================================================
SM 2369 2041 0 456 1.55 0.0 359.5 M 121
================================================================================
AV 87.7 75.6 13.3 FASTST M M 4 MAX(MPH)
MISC ----> 30 60 # 39 60
================================================================================
NOTES:
# LAST OF SEVERAL OCCURRENCES
COLUMN 17 PEAK WIND IN M.P.H.
PRELIMINARY LOCAL CLIMATOLOGICAL DATA (WS FORM: F-6) , PAGE 2
STATION: SAIPAN/ISLEY_(CGS) MP
MONTH: MARCH
YEAR: 2024
LATITUDE: 15 7 N
LONGITUDE: 145-44 E
[TEMPERATURE DATA] [PRECIPITATION DATA] SYMBOLS USED IN COLUMN 16
AVERAGE MONTHLY: 81.7 TOTAL FOR MONTH: 1.55 1 = FOG OR MIST
DPTR FM NORMAL: 1.7 DPTR FM NORMAL: -0.17 2 = FOG REDUCING VISIBILITY
HIGHEST: 90 ON 26 GRTST 24HR 0.29 ON 3- 4 TO 1/4 MILE OR LESS
LOWEST: 72 ON 21,20 3 = THUNDER
SNOW, ICE PELLETS, HAIL 4 = ICE PELLETS
TOTAL MONTH: 0.0 INCH 5 = HAIL
GRTST 24HR 0.0 6 = FREEZING RAIN OR DRIZZLE
GRTST DEPTH: 0 7 = DUSTSTORM OR SANDSTORM:
VSBY 1/2 MILE OR LESS
8 = SMOKE OR HAZE
[NO. OF DAYS WITH] [WEATHER - DAYS WITH] 9 = BLOWING SNOW
X = TORNADO
MAX 32 OR BELOW: 0 0.01 INCH OR MORE: 20
MAX 90 OR ABOVE: 1 0.10 INCH OR MORE: 7
MIN 32 OR BELOW: 0 0.50 INCH OR MORE: 0
MIN 0 OR BELOW: 0 1.00 INCH OR MORE: 0
[HDD (BASE 65) ]
TOTAL THIS MO. 0 CLEAR (SCALE 0-3) 6
DPTR FM NORMAL 0 PTCLDY (SCALE 4-7) 20
TOTAL FM JUL 1 6 CLOUDY (SCALE 8-10) 1
DPTR FM NORMAL 6
[CDD (BASE 65) ]
TOTAL THIS MO. 456
DPTR FM NORMAL 53 [PRESSURE DATA]
TOTAL FM JAN 1 1383 HIGHEST SLP 30.06 ON 1
DPTR FM NORMAL 139 LOWEST SLP 29.95 ON 1
[REMARKS]