000
CXUS52 KGSP 010817
CF6GSP
PRELIMINARY LOCAL CLIMATOLOGICAL DATA (WS FORM: F-6)
STATION: GREENVILLE-SPARTANBURG SC
MONTH: MAY
YEAR: 2021
LATITUDE: 34 54 N
LONGITUDE: 82 13 W
TEMPERATURE IN F: :PCPN: SNOW: WIND :SUNSHINE: SKY :PK WND
================================================================================
1 2 3 4 5 6A 6B 7 8 9 10 11 12 13 14 15 16 17 18
12Z AVG MX 2MIN
DY MAX MIN AVG DEP HDD CDD WTR SNW DPTH SPD SPD DIR MIN PSBL S-S WX SPD DR
================================================================================
1 76 52 64 -1 1 0 0.00 0.0 0 5.4 16 360 M M 0 24 20
2 78 52 65 0 0 0 0.04 0.0 0 6.3 15 220 M M 3 21 210
3 71 64 68 2 0 3 0.59 0.0 0 10.1 24 220 M M 8 13 33 220
4 77 63 70 4 0 5 2.16 0.0 0 9.0 18 230 M M 7 123 23 230
5 81 60 71 5 0 6 0.00 0.0 0 10.4 21 210 M M 2 29 230
6 73 49 61 -5 4 0 0.00 0.0 0 5.4 16 210 M M 5 20 210
7 68 48 58 -9 7 0 0.00 0.0 0 5.7 22 10 M M 2 31 10
8 76 45 61 -6 4 0 0.00 0.0 0 8.3 18 250 M M 2 27 280
9 81 49 65 -2 0 0 T 0.0 0 7.9 22 210 M M 2 32 200
10 80 59 70 3 0 5 0.06 0.0 0 9.6 22 220 M M 4 29 220
11 75 57 66 -2 0 1 0.06 0.0 0 5.1 14 70 M M 6 1 18 60
12 62 45 54 -14 11 0 0.90 0.0 0 9.2 22 40 M M 10 1 31 30
13 68 39 54 -14 11 0 0.00 0.0 0 4.6 16 70 M M 2 1 22 70
14 73 43 58 -10 7 0 0.00 0.0 0 3.1 9 90 M M 5 13 90
15 76 52 64 -5 1 0 0.00 0.0 0 3.8 12 120 M M 6 15 150
16 79 56 68 -1 0 3 T 0.0 0 4.9 14 230 M M 6 19 280
17 80 54 67 -2 0 2 0.00 0.0 0 5.1 10 90 M M 1 15 150
18 71 58 65 -4 0 0 0.03 0.0 0 4.9 10 50 M M 3 14 50
19 80 57 69 -1 0 4 0.00 0.0 0 5.6 14 80 M M 2 18 18 90
20 82 56 69 -1 0 4 0.00 0.0 0 3.7 14 100 M M 3 19 100
21 84 54 69 -1 0 4 0.00 0.0 0 5.1 16 100 M M 1 20 50
22 86 54 70 0 0 5 0.00 0.0 0 2.0 9 80 M M 0 13 150
23 91 63 77 6 0 12 0.00 0.0 0 2.9 10 50 M M 1 13 50
24 92 61 77 6 0 12 0.00 0.0 0 2.7 10 180 M M 2 19 260
25 91 64 78 7 0 13 0.06 0.0 0 4.4 26 220 M M 3 138 33 210
26 91 63 77 5 0 12 0.00 0.0 0 7.4 21 220 M M 1 18 27 220
27 90 60 75 3 0 10 0.00 0.0 0 5.2 15 250 M M 2 22 230
28 89 66 78 6 0 13 0.56 0.0 0 10.2 22 210 M M 3 13 32 220
29 82 63 73 1 0 8 T 0.0 0 8.5 20 210 M M 6 25 190
30 72 53 63 -9 2 0 0.00 0.0 0 7.7 18 50 M M 9 25 60
31 75 51 63 -10 2 0 0.00 0.0 0 4.1 10 150 M M 5 14 160
================================================================================
SM 2450 1710 50 122 4.46 0.0 188.3 M 112
================================================================================
AV 79.0 55.2 6.1 FASTST M M 4 MAX(MPH)
MISC ----> 26 220 # 33 220
================================================================================
NOTES:
# LAST OF SEVERAL OCCURRENCES
COLUMN 17 PEAK WIND IN M.P.H.
PRELIMINARY LOCAL CLIMATOLOGICAL DATA (WS FORM: F-6) , PAGE 2
STATION: GREENVILLE-SPARTANBURG SC
MONTH: MAY
YEAR: 2021
LATITUDE: 34 54 N
LONGITUDE: 82 13 W
[TEMPERATURE DATA] [PRECIPITATION DATA] SYMBOLS USED IN COLUMN 16
AVERAGE MONTHLY: 67.1 TOTAL FOR MONTH: 4.46 1 = FOG OR MIST
DPTR FM NORMAL: -1.8 DPTR FM NORMAL: 0.39 2 = FOG REDUCING VISIBILITY
HIGHEST: 92 ON 24 GRTST 24HR 2.16 ON 4- 4 TO 1/4 MILE OR LESS
LOWEST: 39 ON 13 3 = THUNDER
SNOW, ICE PELLETS, HAIL 4 = ICE PELLETS
TOTAL MONTH: 0.0 INCH 5 = HAIL
GRTST 24HR 0.0 6 = FREEZING RAIN OR DRIZZLE
GRTST DEPTH: 0 7 = DUSTSTORM OR SANDSTORM:
VSBY 1/2 MILE OR LESS
8 = SMOKE OR HAZE
[NO. OF DAYS WITH] [WEATHER - DAYS WITH] 9 = BLOWING SNOW
X = TORNADO
MAX 32 OR BELOW: 0 0.01 INCH OR MORE: 9
MAX 90 OR ABOVE: 5 0.10 INCH OR MORE: 4
MIN 32 OR BELOW: 0 0.50 INCH OR MORE: 4
MIN 0 OR BELOW: 0 1.00 INCH OR MORE: 1
[HDD (BASE 65) ]
TOTAL THIS MO. 50 CLEAR (SCALE 0-3) 18
DPTR FM NORMAL 11 PTCLDY (SCALE 4-7) 10
TOTAL FM JUL 1 2917 CLOUDY (SCALE 8-10) 3
DPTR FM NORMAL -99
[CDD (BASE 65) ]
TOTAL THIS MO. 122
DPTR FM NORMAL -38 [PRESSURE DATA]
TOTAL FM JAN 1 168 HIGHEST SLP 30.45 ON 21
DPTR FM NORMAL -44 LOWEST SLP 29.72 ON 29
[REMARKS]
#FINAL-05-21#