000
CXUS56 KTFX 011110
CF6GTF
PRELIMINARY LOCAL CLIMATOLOGICAL DATA (WS FORM: F-6)
STATION: GREAT FALLS MT
MONTH: JUNE
YEAR: 2023
LATITUDE: 47 28 N
LONGITUDE: 111 22 W
TEMPERATURE IN F: :PCPN: SNOW: WIND :SUNSHINE: SKY :PK WND
================================================================================
1 2 3 4 5 6A 6B 7 8 9 10 11 12 13 14 15 16 17 18
12Z AVG MX 2MIN
DY MAX MIN AVG DEP HDD CDD WTR SNW DPTH SPD SPD DIR MIN PSBL S-S WX SPD DR
================================================================================
1 72 48 60 4 5 0 0.04 0.0 0 9.4 18 340 M M 6 1 25 330
2 56 51 54 -2 11 0 1.37 0.0 0 7.8 16 330 M M 10 1 22 330
3 61 47 54 -2 11 0 0.66 0.0 0 7.9 16 340 M M 8 1 20 330
4 76 43 60 3 5 0 0.00 0.0 0 5.7 14 120 M M 1 17 120
5 80 53 67 10 0 2 0.04 0.0 0 7.0 22 160 M M 2 13 27 160
6 70 52 61 4 4 0 0.00 0.0 0 7.0 21 320 M M 4 1 27 310
7 79 48 64 7 1 0 0.00 0.0 0 5.4 12 100 M M 0 1 17 110
8 79 53 66 8 0 1 0.26 0.0 0 7.0 20 80 M M 5 13 26 80
9 71 57 64 6 1 0 0.10 0.0 0 5.8 13 50 M M 6 1 16 50
10 71 53 62 4 3 0 0.04 0.0 0 5.4 18 180 M M 6 12 23 170
11 77 50 64 6 1 0 0.00 0.0 0 7.2 15 80 M M 1 21 60
12 77 51 64 6 1 0 0.00 0.0 0 6.2 15 30 M M 1 1 21 80
13 80 49 65 6 0 0 0.00 0.0 0 9.3 20 190 M M 1 3 31 190
14 70 45 58 -1 7 0 T 0.0 0 16.3 31 260 M M 3 42 260
15 65 41 53 -6 12 0 0.00 0.0 0 7.4 16 20 M M 4 21 70
16 74 39 57 -2 8 0 0.00 0.0 0 10.3 21 260 M M 0 30 260
17 72 52 62 2 3 0 0.01 0.0 0 13.0 25 220 M M 5 35 260
18 66 42 54 -6 11 0 0.09 0.0 0 12.7 28 250 M M 5 1 45 230
19 65 43 54 -6 11 0 T 0.0 0 15.0 26 240 M M 3 36 260
20 66 41 54 -6 11 0 0.00 0.0 0 10.9 22 180 M M 5 29 280
21 67 33 50 -10 15 0 T 0.0 0 7.8 20 190 M M 1 26 230
22 72 34 53 -8 12 0 0.00 0.0 0 7.1 14 80 M M 0 21 60
23 76 46 61 0 4 0 0.01 0.0 0 7.0 23 40 M M 2 3 29 50
24 75 52 64 3 1 0 0.71 0.0 0 8.4 17 200 M M 4 13 24 50
25 78 48 63 1 2 0 0.06 0.0 0 8.0 23 220 M M 2 1 29 260
26 76 46 61 -1 4 0 0.00 0.0 0 6.2 17 150 M M 1 23 140
27 78 49 64 2 1 0 0.00 0.0 0 6.6 20 330 M M 1 3 25 330
28 78 50 64 1 1 0 0.00 0.0 0 8.3 21 190 M M 2 28 190
29 83 49 66 3 0 1 0.00 0.0 0 7.0 13 200 M M 0 18 190
30 86 57 72 9 0 7 0.00 0.0 0 6.4 13 210 M M 1 21 260
================================================================================
SM 2196 1422 146 11 3.39 0.0 249.5 M 90
================================================================================
AV 73.2 47.4 8.3 FASTST M M 3 MAX(MPH)
MISC ----> 31 260 45 230
================================================================================
NOTES:
# LAST OF SEVERAL OCCURRENCES
COLUMN 17 PEAK WIND IN M.P.H.
PRELIMINARY LOCAL CLIMATOLOGICAL DATA (WS FORM: F-6) , PAGE 2
STATION: GREAT FALLS MT
MONTH: JUNE
YEAR: 2023
LATITUDE: 47 28 N
LONGITUDE: 111 22 W
[TEMPERATURE DATA] [PRECIPITATION DATA] SYMBOLS USED IN COLUMN 16
AVERAGE MONTHLY: 60.3 TOTAL FOR MONTH: 3.39 1 = FOG OR MIST
DPTR FM NORMAL: 0.9 DPTR FM NORMAL: 0.67 2 = FOG REDUCING VISIBILITY
HIGHEST: 86 ON 30 GRTST 24HR 1.76 ON 2- 3 TO 1/4 MILE OR LESS
LOWEST: 33 ON 21 3 = THUNDER
SNOW, ICE PELLETS, HAIL 4 = ICE PELLETS
TOTAL MONTH: 0.0 INCH 5 = HAIL
GRTST 24HR 0.0 6 = FREEZING RAIN OR DRIZZLE
GRTST DEPTH: 0 7 = DUSTSTORM OR SANDSTORM:
VSBY 1/2 MILE OR LESS
8 = SMOKE OR HAZE
[NO. OF DAYS WITH] [WEATHER - DAYS WITH] 9 = BLOWING SNOW
X = TORNADO
MAX 32 OR BELOW: 0 0.01 INCH OR MORE: 12
MAX 90 OR ABOVE: 0 0.10 INCH OR MORE: 5
MIN 32 OR BELOW: 0 0.50 INCH OR MORE: 3
MIN 0 OR BELOW: 0 1.00 INCH OR MORE: 1
[HDD (BASE 65) ]
TOTAL THIS MO. 146 CLEAR (SCALE 0-3) 17
DPTR FM NORMAL -47 PTCLDY (SCALE 4-7) 11
TOTAL FM JUL 1 7750 CLOUDY (SCALE 8-10) 2
DPTR FM NORMAL 28
[CDD (BASE 65) ]
TOTAL THIS MO. 11
DPTR FM NORMAL -13 [PRESSURE DATA]
TOTAL FM JAN 1 16 HIGHEST SLP 30.22 ON 21
DPTR FM NORMAL -11 LOWEST SLP 29.47 ON 18
[REMARKS]
#FINAL-06-23#