000
CXUS52 KFFC 011010
CF6GVL
PRELIMINARY LOCAL CLIMATOLOGICAL DATA (WS FORM: F-6)
STATION: GAINESVILLE
MONTH: JUNE
YEAR: 2023
LATITUDE: 34 16 N
LONGITUDE: 83 50 W
TEMPERATURE IN F: :PCPN: SNOW: WIND :SUNSHINE: SKY :PK WND
================================================================================
1 2 3 4 5 6A 6B 7 8 9 10 11 12 13 14 15 16 17 18
12Z AVG MX 2MIN
DY MAX MIN AVG DEP HDD CDD WTR SNW DPTH SPD SPD DIR MIN PSBL S-S WX SPD DR
================================================================================
1 82 64 73 0 0 8 0.00 M M 6.0 13 60 M M 2 20 110
2 86 65 76 3 0 11 0.00 M M 4.8 13 90 M M 1 17 100
3 88 63 76 3 0 11 0.00 M M 6.5 20 70 M M 1 27 90
4 83 65 74 1 0 9 0.03 M M 7.4 16 60 M M 5 3 23 50
5 82 62 72 -2 0 7 0.00 M M 5.1 13 240 M M 4 19 270
6 87 67 77 3 0 12 0.01 M M 7.8 18 310 M M 1 3 25 290
7 87 63 75 1 0 10 0.00 M M 7.5 18 300 M M 1 18 30 270
8 81 62 72 -2 0 7 0.44 M M 6.7 16 320 M M 4 13 25 270
9 81 58 70 -5 0 5 0.00 M M 4.9 15 300 M M 0 20 290
10 85 57 71 -4 0 6 0.00 M M 3.1 13 260 M M 2 15 260
11 77 65 71 -4 0 6 1.92 M M 4.6 24 290 M M 6 13 40 250
12 78 63 71 -4 0 6 0.36 M M 9.9 23 240 M M 6 13 33 250
13 77 58 68 -7 0 3 0.00 M M 7.5 18 250 M M 1 26 260
14 75 66 71 -5 0 6 0.19 M M 7.1 15 250 M M 6 13 22 230
15 82 66 74 -2 0 9 1.50 M M 7.0 18 20 M M 7 13 23 10
16 85 66 76 0 0 11 0.05 M M 7.3 17 280 M M 3 13 25 290
17 87 65 76 0 0 11 0.00 M M 6.3 13 290 M M 0 20 260
18 86 62 74 -2 0 9 0.00 M M 3.7 10 260 M M 1 8 16 250
19 80 67 74 -2 0 9 1.28 M M 4.8 16 270 M M 8 13 28 260
20 79 68 74 -3 0 9 0.02 M M 4.4 15 90 M M 8 123 20 100
21 71 63 67 -10 0 2 0.34 M M 11.6 21 70 M M 10 18 31 40
22 73 62 68 -9 0 3 M M M 6.7 16 80 M M 9 1 25 70
23 81 64 73 -4 0 8 M M M 5.0 17 260 M M 7 12 25 260
24 85 63 74 -3 0 9 0.00 M M 6.1 18 310 M M 2 30 320
25 89 65 77 0 0 12 0.75 M M 5.4 26 10 M M 2 13 37 30
26 87 66 77 -1 0 12 0.00 M M 7.9 16 260 M M 3 25 260
27 86 68 77 -1 0 12 0.00 M M 8.1 21 300 M M 0 29 290
28 88 65 77 -1 0 12 0.00 M M 5.7 12 300 M M 0 8 19 320
29 89 70 80 2 0 15 0.00 M M 4.3 13 340 M M 1 8 21 340
30 82 70 76 -2 0 11 0.06 M M 5.1 16 30 M M 1 138 22 10
================================================================================
SM 2479 1928 0 261 6.95 M 188.3 M 102
================================================================================
AV 82.6 64.3 6.3 FASTST M M 3 MAX(MPH)
MISC ----> 26 10 40 250
================================================================================
NOTES:
# LAST OF SEVERAL OCCURRENCES
COLUMN 17 PEAK WIND IN M.P.H.
PRELIMINARY LOCAL CLIMATOLOGICAL DATA (WS FORM: F-6) , PAGE 2
STATION: GAINESVILLE
MONTH: JUNE
YEAR: 2023
LATITUDE: 34 16 N
LONGITUDE: 83 50 W
[TEMPERATURE DATA] [PRECIPITATION DATA] SYMBOLS USED IN COLUMN 16
AVERAGE MONTHLY: 73.5 TOTAL FOR MONTH: 6.95 1 = FOG OR MIST
DPTR FM NORMAL: -2.2 DPTR FM NORMAL: 2.72 2 = FOG REDUCING VISIBILITY
HIGHEST: 89 ON 29,25 GRTST 24HR 2.28 ON 11-12 TO 1/4 MILE OR LESS
LOWEST: 57 ON 10 3 = THUNDER
SNOW, ICE PELLETS, HAIL 4 = ICE PELLETS
TOTAL MONTH: M 5 = HAIL
GRTST 24HR M ON M 6 = FREEZING RAIN OR DRIZZLE
GRTST DEPTH: M ON M 7 = DUSTSTORM OR SANDSTORM:
VSBY 1/2 MILE OR LESS
8 = SMOKE OR HAZE
[NO. OF DAYS WITH] [WEATHER - DAYS WITH] 9 = BLOWING SNOW
X = TORNADO
MAX 32 OR BELOW: 0 0.01 INCH OR MORE: 13
MAX 90 OR ABOVE: 0 0.10 INCH OR MORE: 8
MIN 32 OR BELOW: 0 0.50 INCH OR MORE: 4
MIN 0 OR BELOW: 0 1.00 INCH OR MORE: 3
[HDD (BASE 65) ]
TOTAL THIS MO. 0 CLEAR (SCALE 0-3) 18
DPTR FM NORMAL -2 PTCLDY (SCALE 4-7) 10
TOTAL FM JUL 1 2387 CLOUDY (SCALE 8-10) 2
DPTR FM NORMAL -612
[CDD (BASE 65) ]
TOTAL THIS MO. 261
DPTR FM NORMAL -62 [PRESSURE DATA]
TOTAL FM JAN 1 479 HIGHEST SLP 30.17 ON 30
DPTR FM NORMAL -42 LOWEST SLP 29.69 ON 7
[REMARKS]
#FINAL-06-23#