000
CXUS52 KFFC 011010
CF6GVL
PRELIMINARY LOCAL CLIMATOLOGICAL DATA (WS FORM: F-6)
STATION: GAINESVILLE
MONTH: APRIL
YEAR: 2022
LATITUDE: 34 16 N
LONGITUDE: 83 50 W
TEMPERATURE IN F: :PCPN: SNOW: WIND :SUNSHINE: SKY :PK WND
================================================================================
1 2 3 4 5 6A 6B 7 8 9 10 11 12 13 14 15 16 17 18
12Z AVG MX 2MIN
DY MAX MIN AVG DEP HDD CDD WTR SNW DPTH SPD SPD DIR MIN PSBL S-S WX SPD DR
================================================================================
1 64 46 55 -2 10 0 0.00 M M 11.0 18 240 M M 0 34 260
2 62 43 53 -4 12 0 0.00 M M 5.0 17 80 M M 2 25 100
3 71 47 59 1 6 0 0.00 M M 8.6 23 300 M M 0 34 330
4 73 47 60 2 5 0 0.00 M M 6.1 17 100 M M 0 25 90
5 63 50 57 -1 8 0 1.71 M M 7.5 16 250 M M 6 13 25 240
6 69 59 64 6 1 0 0.09 M M 4.6 14 260 M M 9 138 19 180
7 67 50 59 0 6 0 0.03 M M 12.5 26 280 M M 4 13 41 290
8 57 42 50 -9 15 0 T M M 11.3 23 250 M M 5 34 270
9 52 38 45 -14 20 0 0.00 M M 10.1 22 290 M M 7 35 310
10 71 35 53 -7 12 0 0.00 M M 4.6 17 250 M M 0 23 260
11 70 49 60 0 5 0 0.00 M M 5.4 16 250 M M 2 24 250
12 81 54 68 8 0 3 0.00 M M 3.9 13 140 M M 5 21 140
13 78 60 69 9 0 4 0.00 M M 5.0 18 140 M M 3 32 130
14 76 54 65 5 0 0 0.02 M M 8.1 18 250 M M 4 28 270
15 75 46 61 0 4 0 0.00 M M 5.7 17 100 M M 0 26 80
16 66 53 60 -1 5 0 0.73 M M 5.8 13 130 M M 5 138 19 140
17 74 52 63 2 2 0 0.00 M M 4.1 9 260 M M 4 12 13 280
18 65 47 56 -6 9 0 0.14 M M 9.4 23 300 M M 6 1 32 330
19 65 43 54 -8 11 0 0.00 M M 10.9 23 330 M M 0 42 340
20 69 43 56 -6 9 0 0.00 M M 8.5 17 90 M M 0 26 100
21 74 53 64 2 1 0 0.00 M M 4.2 9 170 M M 5 15 160
22 81 53 67 4 0 2 0.00 M M 1.7 12 70 M M 0 1 17 70
23 79 56 68 5 0 3 0.00 M M 4.3 14 120 M M M 26 130
24 79 58 69 6 0 4 0.00 M M 4.4 12 140 M M 2 16 140
25 84 57 71 8 0 6 0.00 M M 4.5 14 240 M M 1 19 260
26 74 55 65 1 0 0 T M M 7.4 16 260 M M 3 25 260
27 78 44 61 -3 4 0 0.00 M M 3.8 12 260 M M 0 16 20
28 77 50 64 0 1 0 0.00 M M 5.5 10 100 M M 0 19 230
29 79 52 66 2 0 1 0.00 M M 3.8 12 150 M M 1 19 190
30 80 54 67 2 0 2 0.00 M M 5.1 10 150 M M 3 19 200
================================================================================
SM 2153 1490 146 25 2.72 M 192.8 M 77
================================================================================
AV 71.8 49.7 6.4 FASTST M M 3 MAX(MPH)
MISC ----> 26 280 42 340
================================================================================
NOTES:
# LAST OF SEVERAL OCCURRENCES
COLUMN 17 PEAK WIND IN M.P.H.
PRELIMINARY LOCAL CLIMATOLOGICAL DATA (WS FORM: F-6) , PAGE 2
STATION: GAINESVILLE
MONTH: APRIL
YEAR: 2022
LATITUDE: 34 16 N
LONGITUDE: 83 50 W
[TEMPERATURE DATA] [PRECIPITATION DATA] SYMBOLS USED IN COLUMN 16
AVERAGE MONTHLY: 60.7 TOTAL FOR MONTH: 2.72 1 = FOG OR MIST
DPTR FM NORMAL: -0.2 DPTR FM NORMAL: -1.26 2 = FOG REDUCING VISIBILITY
HIGHEST: 84 ON 25 GRTST 24HR 1.71 ON 5- 5 TO 1/4 MILE OR LESS
LOWEST: 35 ON 10 3 = THUNDER
SNOW, ICE PELLETS, HAIL 4 = ICE PELLETS
TOTAL MONTH: M 5 = HAIL
GRTST 24HR M ON M 6 = FREEZING RAIN OR DRIZZLE
GRTST DEPTH: M ON M 7 = DUSTSTORM OR SANDSTORM:
VSBY 1/2 MILE OR LESS
8 = SMOKE OR HAZE
[NO. OF DAYS WITH] [WEATHER - DAYS WITH] 9 = BLOWING SNOW
X = TORNADO
MAX 32 OR BELOW: 0 0.01 INCH OR MORE: 6
MAX 90 OR ABOVE: 0 0.10 INCH OR MORE: 3
MIN 32 OR BELOW: 0 0.50 INCH OR MORE: 2
MIN 0 OR BELOW: 0 1.00 INCH OR MORE: 1
[HDD (BASE 65) ]
TOTAL THIS MO. 146 CLEAR (SCALE 0-3) 18
DPTR FM NORMAL -16 PTCLDY (SCALE 4-7) 10
TOTAL FM JUL 1 2348 CLOUDY (SCALE 8-10) 2
DPTR FM NORMAL -613
[CDD (BASE 65) ]
TOTAL THIS MO. 25
DPTR FM NORMAL -14 [PRESSURE DATA]
TOTAL FM JAN 1 35 HIGHEST SLP 30.46 ON 21
DPTR FM NORMAL -11 LOWEST SLP 29.61 ON 5
[REMARKS]
#FINAL-04-22#