000
CXUS54 KFWD 072148
CF6GVT
PRELIMINARY LOCAL CLIMATOLOGICAL DATA (WS FORM: F-6)
STATION: GREENVILLE
MONTH: JUNE
YEAR: 2022
LATITUDE: 33 4 N
LONGITUDE: 96 4 W
TEMPERATURE IN F: :PCPN: SNOW: WIND :SUNSHINE: SKY :PK WND
================================================================================
1 2 3 4 5 6A 6B 7 8 9 10 11 12 13 14 15 16 17 18
12Z AVG MX 2MIN
DY MAX MIN AVG DEP HDD CDD WTR SNW DPTH SPD SPD DIR MIN PSBL S-S WX SPD DR
================================================================================
1 93 71 82 5 0 17 0.00 M M 5.8 10 150 M M 4 17 0
2 84 65 75 -3 0 10 0.03 M M 8.5 21 350 M M 4 1 32 330
3 83 65 74 -4 0 9 0.00 M M 3.8 9 70 M M 5 8 17 60
4 87 65 76 -2 0 11 0.02 M M 5.4 12 130 M M 2 M M
5 92 66 79 1 0 14 0.00 M M 10.9 18 150 M M 1 1 31 120
6 93 75 84 5 0 19 0.00 M M 13.3 20 160 M M 4 25 180
7 92 75 84 5 0 19 0.00 M M 11.3 18 150 M M 3 25 180
8 89 74 82 3 0 17 0.00 M M 10.5 21 200 M M 3 29 150
9 92 71 82 3 0 17 0.00 M M 4.8 10 120 M M 4 M M
10 95 74 85 5 0 20 0.00 M M 7.1 24 350 M M 1 32 350
11 101 74 88 8 0 23 0.00 M M 8.3 15 200 M M 0 1 20 200
12 101 78 90 10 0 25 0.00 M M 12.7 17 170 M M 0 23 180
13 99 77 88 8 0 23 0.00 M M 14.0 22 190 M M 0 18 30 200
14 97 76 87 7 0 22 0.00 M M 16.9 28 180 M M 0 8 32 180
15 97 77 87 6 0 22 0.00 M M 15.8 22 160 M M 3 29 180
16 99 75 87 6 0 22 0.00 M M 7.3 15 170 M M 0 M M
17 99 69 84 3 0 19 0.00 M M 4.5 9 40 M M 2 8 M M
18 99 71 85 4 0 20 0.00 M M 4.9 13 140 M M 2 17 100
19 98 71 85 4 0 20 0.00 M M 6.8 16 100 M M 1 22 100
20 100 69 85 3 0 20 0.00 M M 6.8 12 110 M M 0 17 110
21 100 72 86 4 0 21 0.00 M M 6.7 13 210 M M 1 18 150
22 100 71 86 4 0 21 0.00 M M 4.8 9 60 M M 1 8 24 160
23 102 73 88 6 0 23 0.00 M M 3.9 10 90 M M 1 M M
24 102 73 88 6 0 23 0.00 M M 6.7 13 150 M M 0 8 17 140
25 102 74 88 6 0 23 0.00 M M 7.2 14 140 M M 0 20 200
26 102 68 85 2 0 20 0.00 M M 7.4 16 360 M M 1 22 360
27 91 71 81 -2 0 16 0.00 M M 8.3 12 50 M M 2 17 10
28 92 64 78 -5 0 13 0.00 M M 6.3 12 40 M M 0 20 80
29 93 66 80 -3 0 15 0.00 M M 6.6 14 50 M M 0 18 50
30 98 66 82 -1 0 17 0.00 M M 5.8 12 130 M M 1 20 190
================================================================================
SM 2872 2136 0 561 0.05 M 243.0 M 46
================================================================================
AV 95.7 71.2 8.1 FASTST M M 2 MAX(MPH)
MISC ----> 28 180 # 32 330
================================================================================
NOTES:
# LAST OF SEVERAL OCCURRENCES
COLUMN 17 PEAK WIND IN M.P.H.
PRELIMINARY LOCAL CLIMATOLOGICAL DATA (WS FORM: F-6) , PAGE 2
STATION: GREENVILLE
MONTH: JUNE
YEAR: 2022
LATITUDE: 33 4 N
LONGITUDE: 96 4 W
[TEMPERATURE DATA] [PRECIPITATION DATA] SYMBOLS USED IN COLUMN 16
AVERAGE MONTHLY: 83.5 TOTAL FOR MONTH: 0.05 1 = FOG OR MIST
DPTR FM NORMAL: 2.9 DPTR FM NORMAL: -4.13 2 = FOG REDUCING VISIBILITY
HIGHEST: 102 ON 26,25 GRTST 24HR 0.03 ON 2- 2 TO 1/4 MILE OR LESS
LOWEST: 64 ON 28 3 = THUNDER
SNOW, ICE PELLETS, HAIL 4 = ICE PELLETS
TOTAL MONTH: M 5 = HAIL
GRTST 24HR M ON M 6 = FREEZING RAIN OR DRIZZLE
GRTST DEPTH: M ON M 7 = DUSTSTORM OR SANDSTORM:
VSBY 1/2 MILE OR LESS
8 = SMOKE OR HAZE
[NO. OF DAYS WITH] [WEATHER - DAYS WITH] 9 = BLOWING SNOW
X = TORNADO
MAX 32 OR BELOW: 0 0.01 INCH OR MORE: 2
MAX 90 OR ABOVE: 26 0.10 INCH OR MORE: 0
MIN 32 OR BELOW: 0 0.50 INCH OR MORE: 0
MIN 0 OR BELOW: 0 1.00 INCH OR MORE: 0
[HDD (BASE 65) ]
TOTAL THIS MO. 0 CLEAR (SCALE 0-3) 24
DPTR FM NORMAL 0 PTCLDY (SCALE 4-7) 6
TOTAL FM JUL 1 2246 CLOUDY (SCALE 8-10) 0
DPTR FM NORMAL -157
[CDD (BASE 65) ]
TOTAL THIS MO. 561
DPTR FM NORMAL 93 [PRESSURE DATA]
TOTAL FM JAN 1 988 HIGHEST SLP M ON M
DPTR FM NORMAL 135 LOWEST SLP M ON M
[REMARKS]
#FINAL-06-22#