000
CXUS54 KFWD 010730
CF6GYI
PRELIMINARY LOCAL CLIMATOLOGICAL DATA (WS FORM: F-6)
STATION: SHERMAN DENISON
MONTH: MARCH
YEAR: 2020
LATITUDE: 33 42 N
LONGITUDE: 96 40 W
TEMPERATURE IN F: :PCPN: SNOW: WIND :SUNSHINE: SKY :PK WND
================================================================================
1 2 3 4 5 6A 6B 7 8 9 10 11 12 13 14 15 16 17 18
12Z AVG MX 2MIN
DY MAX MIN AVG DEP HDD CDD WTR SNW DPTH SPD SPD DIR MIN PSBL S-S WX SPD DR
================================================================================
1 74 58 66 16 0 1 0.00 0.0 0 20.5 28 180 M M 2 35 160
2 68 49 59 9 6 0 0.00 0.0 0 9.7 17 170 M M 0 23 190
3 62 49 56 5 9 0 0.00 0.0 0 4.9 10 360 M M 4 M M
4 57 47 52 1 13 0 0.19 0.0 0 6.1 13 60 M M 7 20 70
5 72 36 54 3 11 0 0.00 0.0 0 5.9 16 360 M M 0 24 360
6 65 37 51 0 14 0 0.00 0.0 0 4.1 14 40 M M 0 M M
7 65 43 54 2 11 0 0.00 0.0 0 10.5 20 150 M M 0 25 150
8 64 46 55 3 10 0 0.00 0.0 0 13.8 22 160 M M 4 31 160
9 75 53 64 12 1 0 0.02 0.0 0 16.4 23 200 M M 6 32 160
10 77 42 60 7 5 0 0.00 0.0 0 6.2 13 180 M M 0 M M
11 84 64 74 21 0 9 0.00 0.0 0 10.7 18 200 M M 1 1 23 200
12 84 66 75 22 0 10 0.01 0.0 0 13.9 22 210 M M 3 27 180
13 69 49 59 5 6 0 0.04 0.0 0 12.9 18 90 M M 10 13 25 60
14 54 49 52 -2 13 0 0.03 0.0 0 8.9 14 100 M M 10 123 21 100
15 56 47 52 -2 13 0 0.30 0.0 0 9.4 13 50 M M 10 13 21 360
16 60 50 55 1 10 0 0.59 0.0 0 6.1 14 130 M M 10 12 30 100
17 61 53 57 2 8 0 0.09 0.0 0 8.9 16 120 M M 10 123 22 110
18 79 60 70 15 0 5 1.76 0.0 0 12.7 16 190 M M 9 3 22 160
19 80 62 71 16 0 6 0.00 0.0 0 17.1 36 190 M M 4 3 48 190
20 62 40 51 -4 14 0 0.00 0.0 0 11.9 20 330 M M 6 24 340
21 56 38 47 -9 18 0 0.01 0.0 0 7.5 14 110 M M 5 3 17 30
22 58 50 54 -2 11 0 0.09 0.0 0 4.7 9 170 M M 10 1 M M
23 69 55 62 6 3 0 0.00 0.0 0 6.9 14 110 M M 10 1 M M
24 81 59 70 14 0 5 0.00 0.0 0 9.6 16 180 M M 4 1 29 180
25 85 54 70 13 0 5 0.00 0.0 0 10.0 17 190 M M 0 23 180
26 87 68 78 21 0 13 0.00 0.0 0 14.5 22 200 M M 0 27 200
27 78 69 74 17 0 9 0.00 0.0 0 12.8 23 200 M M 3 29 170
28 74 51 63 5 2 0 M 0.0 0 10.8 21 260 M M 2 3 30 220
29 72 47 60 2 5 0 0.00 0.0 0 4.4 9 130 M M 1 M M
30 64 52 58 0 7 0 0.04 0.0 0 6.3 M M M M 10 1 M M
31 65 51 58 0 7 0 0.00 0.0 0 6.7 14 350 M M 6 1 18 350
================================================================================
SM 2157 1594 197 63 3.17 0.0 304.8 M 147
================================================================================
AV 69.6 51.4 9.8 FASTST M M 5 MAX(MPH)
MISC ----> # 36 190 # 48 190
================================================================================
NOTES:
# LAST OF SEVERAL OCCURRENCES
COLUMN 17 PEAK WIND IN M.P.H.
PRELIMINARY LOCAL CLIMATOLOGICAL DATA (WS FORM: F-6) , PAGE 2
STATION: SHERMAN DENISON
MONTH: MARCH
YEAR: 2020
LATITUDE: 33 42 N
LONGITUDE: 96 40 W
[TEMPERATURE DATA] [PRECIPITATION DATA] SYMBOLS USED IN COLUMN 16
AVERAGE MONTHLY: 60.5 TOTAL FOR MONTH: 3.17 1 = FOG OR MIST
DPTR FM NORMAL: 6.2 DPTR FM NORMAL: -0.75 2 = FOG REDUCING VISIBILITY
HIGHEST: 87 ON 26 GRTST 24HR 1.76 ON 18-18 TO 1/4 MILE OR LESS
LOWEST: 36 ON 5 3 = THUNDER
SNOW, ICE PELLETS, HAIL 4 = ICE PELLETS
TOTAL MONTH: 0.0 INCH 5 = HAIL
GRTST 24HR 0.0 6 = FREEZING RAIN OR DRIZZLE
GRTST DEPTH: 0 7 = DUSTSTORM OR SANDSTORM:
VSBY 1/2 MILE OR LESS
8 = SMOKE OR HAZE
[NO. OF DAYS WITH] [WEATHER - DAYS WITH] 9 = BLOWING SNOW
X = TORNADO
MAX 32 OR BELOW: 0 0.01 INCH OR MORE: 12
MAX 90 OR ABOVE: 0 0.10 INCH OR MORE: 4
MIN 32 OR BELOW: 0 0.50 INCH OR MORE: 2
MIN 0 OR BELOW: 0 1.00 INCH OR MORE: 1
[HDD (BASE 65) ]
TOTAL THIS MO. 197 CLEAR (SCALE 0-3) 13
DPTR FM NORMAL -151 PTCLDY (SCALE 4-7) 9
TOTAL FM JUL 1 2112 CLOUDY (SCALE 8-10) 9
DPTR FM NORMAL -599
[CDD (BASE 65) ]
TOTAL THIS MO. 63
DPTR FM NORMAL 48 [PRESSURE DATA]
TOTAL FM JAN 1 66 HIGHEST SLP M ON M
DPTR FM NORMAL 50 LOWEST SLP M ON M
[REMARKS]
#FINAL-03-20#