000
CXUS54 KJAN 012216
CF6HBG
PRELIMINARY LOCAL CLIMATOLOGICAL DATA (WS FORM: F-6)
STATION: HATTIESBURG
MONTH: JULY
YEAR: 2023
LATITUDE: 31 16 N
LONGITUDE: 89 15 W
TEMPERATURE IN F: :PCPN: SNOW: WIND :SUNSHINE: SKY :PK WND
================================================================================
1 2 3 4 5 6A 6B 7 8 9 10 11 12 13 14 15 16 17 18
12Z AVG MX 2MIN
DY MAX MIN AVG DEP HDD CDD WTR SNW DPTH SPD SPD DIR MIN PSBL S-S WX SPD DR
================================================================================
1 99 76 88 7 0 23 0.00 0.0 0 3.2 12 180 M M 1 15 210
2 95 76 86 5 0 21 1.22 0.0 0 4.6 28 240 M M 2 123 38 230
3 96 75 86 5 0 21 0.00 0.0 0 3.0 15 150 M M 2 1 19 140
4 92 74 83 1 0 18 2.33 0.0 0 4.8 21 310 M M 2 13 24 300
5 94 75 85 3 0 20 0.28 0.0 0 3.7 24 170 M M 2 13 32 170
6 94 74 84 2 0 19 0.12 0.0 0 3.1 18 270 M M 2 3 26 260
7 93 73 83 1 0 18 0.00 0.0 0 4.7 15 300 M M 2 20 280
8 94 75 85 3 0 20 0.19 0.0 0 7.0 21 220 M M 2 3 35 230
9 94 75 85 3 0 20 0.26 0.0 0 4.8 23 320 M M 2 13 35 320
10 91 73 82 0 0 17 0.04 0.0 0 4.7 15 290 M M 5 22 220
11 93 74 84 2 0 19 0.59 0.0 0 3.1 28 330 M M 4 13 43 350
12 95 72 84 2 0 19 0.59 0.0 0 5.1 26 300 M M 3 1238 37 300
13 90 76 83 1 0 18 T 0.0 0 4.0 13 40 M M 4 13 17 30
14 93 78 86 4 0 21 0.00 0.0 0 6.2 16 50 M M 1 31 50
15 95 76 86 4 0 21 0.02 0.0 0 M M M M M M 3 M M
16 94 73 84 2 0 19 0.13 0.0 0 M M M M M M 3 M M
17 92 71 82 0 0 17 0.09 0.0 0 M M M M M M M M
18 97 73 85 3 0 20 0.00 0.0 0 2.0 9 150 M M 1 1 13 150
19 97 80 89 7 0 24 0.00 0.0 0 4.3 10 280 M M 0 17 240
20 97 79 88 6 0 23 0.00 0.0 0 3.7 12 270 M M 0 15 290
21 97 81 89 7 0 24 0.00 0.0 0 4.6 12 300 M M 1 17 250
22 97 76 87 5 0 22 0.02 0.0 0 5.3 23 350 M M 3 3 44 350
23 90 70 80 -2 0 15 0.00 0.0 0 4.3 13 20 M M 4 17 40
24 92 66 79 -3 0 14 0.00 0.0 0 1.8 13 30 M M 0 18 30
25 94 68 81 -1 0 16 0.00 0.0 0 1.5 10 20 M M 0 14 20
26 95 69 82 0 0 17 0.00 0.0 0 1.7 9 80 M M 0 18 14 30
27 98 72 85 3 0 20 0.00 0.0 0 3.5 22 150 M M 1 18 33 140
28 99 74 87 5 0 22 0.00 0.0 0 2.7 14 70 M M 1 38 19 50
29 98 74 86 4 0 21 0.00 0.0 0 2.3 13 220 M M 1 3 18 210
30 100 74 87 5 0 22 0.37 0.0 0 3.1 29 20 M M 1 13 43 360
31 96 73 85 3 0 20 0.00 0.0 0 2.6 10 60 M M 2 14 50
================================================================================
SM 2941 2295 0 611 6.25 0.0 105.4 M 49
================================================================================
AV 94.9 74.0 3.8 FASTST M M 2 MAX(MPH)
MISC ----> 29 20 44 350
================================================================================
NOTES:
# LAST OF SEVERAL OCCURRENCES
COLUMN 17 PEAK WIND IN M.P.H.
PRELIMINARY LOCAL CLIMATOLOGICAL DATA (WS FORM: F-6) , PAGE 2
STATION: HATTIESBURG
MONTH: JULY
YEAR: 2023
LATITUDE: 31 16 N
LONGITUDE: 89 15 W
[TEMPERATURE DATA] [PRECIPITATION DATA] SYMBOLS USED IN COLUMN 16
AVERAGE MONTHLY: 84.5 TOTAL FOR MONTH: 6.25 1 = FOG OR MIST
DPTR FM NORMAL: 2.6 DPTR FM NORMAL: 0.55 2 = FOG REDUCING VISIBILITY
HIGHEST: 100 ON 30 GRTST 24HR 2.33 ON 4- 4 TO 1/4 MILE OR LESS
LOWEST: 66 ON 24 3 = THUNDER
SNOW, ICE PELLETS, HAIL 4 = ICE PELLETS
TOTAL MONTH: 0.0 INCH 5 = HAIL
GRTST 24HR 0.0 6 = FREEZING RAIN OR DRIZZLE
GRTST DEPTH: 0 7 = DUSTSTORM OR SANDSTORM:
VSBY 1/2 MILE OR LESS
8 = SMOKE OR HAZE
[NO. OF DAYS WITH] [WEATHER - DAYS WITH] 9 = BLOWING SNOW
X = TORNADO
MAX 32 OR BELOW: 0 0.01 INCH OR MORE: 14
MAX 90 OR ABOVE: 31 0.10 INCH OR MORE: 10
MIN 32 OR BELOW: 0 0.50 INCH OR MORE: 4
MIN 0 OR BELOW: 0 1.00 INCH OR MORE: 2
[HDD (BASE 65) ]
TOTAL THIS MO. 0 CLEAR (SCALE 0-3) 24
DPTR FM NORMAL 0 PTCLDY (SCALE 4-7) 4
TOTAL FM JUL 1 0 CLOUDY (SCALE 8-10) 3
DPTR FM NORMAL 0
[CDD (BASE 65) ]
TOTAL THIS MO. 611
DPTR FM NORMAL 86 [PRESSURE DATA]
TOTAL FM JAN 1 1763 HIGHEST SLP 30.19 ON 25
DPTR FM NORMAL 361 LOWEST SLP 29.85 ON 22
[REMARKS]
#FINAL-07-23#