476
CXUS54 KOUN 010910
CF6HBR
PRELIMINARY LOCAL CLIMATOLOGICAL DATA (WS FORM: F-6)
STATION: HOBART
MONTH: DECEMBER
YEAR: 2020
LATITUDE: 35 0 N
LONGITUDE: 99 3 W
TEMPERATURE IN F: :PCPN: SNOW: WIND :SUNSHINE: SKY :PK WND
================================================================================
1 2 3 4 5 6A 6B 7 8 9 10 11 12 13 14 15 16 17 18
12Z AVG MX 2MIN
DY MAX MIN AVG DEP HDD CDD WTR SNW DPTH SPD SPD DIR MIN PSBL S-S WX SPD DR
================================================================================
1 60 30 45 3 20 0 0.00 M M 11.5 22 170 M M 0 27 170
2 44 33 39 -3 26 0 T M M 14.2 25 20 M M 6 1 33 20
3 41 25 33 -9 32 0 T M M 14.4 24 360 M M 8 1 31 350
4 59 21 40 -2 25 0 0.00 M M 6.8 12 270 M M 0 16 330
5 60 27 44 3 21 0 0.00 M M 8.4 16 10 M M 0 1 20 10
6 62 28 45 4 20 0 0.00 M M 8.1 15 350 M M 0 18 340
7 69 28 49 9 16 0 0.00 0.0 M 7.3 14 350 M M 0 19 360
8 69 27 48 8 17 0 0.00 0.0 M 7.1 14 200 M M 0 14 200
9 71 28 50 10 15 0 0.00 0.0 M 7.2 14 200 M M 0 16 200
10 71 35 53 13 12 0 T M M 10.6 17 310 M M 2 21 310
11 54 35 45 6 20 0 0.03 M M 10.4 22 60 M M 1 26 50
12 47 28 38 -1 27 0 0.00 M M 9.0 16 350 M M 0 20 350
13 37 22 30 -9 35 0 0.22 M M 13.7 25 10 M M 7 123 32 90
14 43 15 29 -10 36 0 0.00 M M 6.1 15 150 M M 0 1 18 150
15 36 31 34 -5 31 0 0.09 M M 8.4 15 110 M M 7 1 20 120
16 45 24 35 -3 30 0 0.00 M M 5.9 12 220 M M 3 1 13 220
17 57 26 42 4 23 0 0.00 0.0 M 9.1 18 180 M M 0 23 180
18 56 39 48 10 17 0 0.00 M M 13.9 28 210 M M 0 37 210
19 56 32 44 6 21 0 0.00 M M 8.1 16 360 M M 0 21 10
20 62 29 46 8 19 0 0.00 M M 9.2 15 340 M M 0 17 340
21 67 31 49 11 16 0 0.00 M M 8.8 16 50 M M 0 19 50
22 70 32 51 13 14 0 0.00 M M 14.8 33 190 M M 0 42 200
23 58 21 40 2 25 0 0.00 0.0 M 21.0 39 340 M M 0 47 340
24 56 18 37 -1 28 0 0.00 M M 12.7 33 310 M M 0 42 310
25 64 26 45 8 20 0 0.00 M M 8.9 16 240 M M 0 18 240
26 64 33 49 12 16 0 0.00 0.0 M 13.9 25 190 M M 0 33 190
27 68 34 51 14 14 0 0.00 M M 13.9 30 350 M M 0 37 350
28 50 39 45 8 20 0 T M M 13.6 22 90 M M 3 8 27 90
29 63 40 52 15 13 0 1.05 M M 17.9 29 170 M M 8 13 39 160
30 45 34 40 3 25 0 0.27 M M 16.1 29 10 M M 5 13 36 10
31 38 30 34 -3 31 0 0.30 M M 15.4 33 20 M M 4 16 44 20
================================================================================
SM 1742 901 685 0 1.96 0.0 346.4 M 54
================================================================================
AV 56.2 29.1 11.2 FASTST M M 2 MAX(MPH)
MISC ----> 39 340 47 340
================================================================================
NOTES:
# LAST OF SEVERAL OCCURRENCES
COLUMN 17 PEAK WIND IN M.P.H.
PRELIMINARY LOCAL CLIMATOLOGICAL DATA (WS FORM: F-6) , PAGE 2
STATION: HOBART
MONTH: DECEMBER
YEAR: 2020
LATITUDE: 35 0 N
LONGITUDE: 99 3 W
[TEMPERATURE DATA] [PRECIPITATION DATA] SYMBOLS USED IN COLUMN 16
AVERAGE MONTHLY: 42.6 TOTAL FOR MONTH: 1.96 1 = FOG OR MIST
DPTR FM NORMAL: 3.7 DPTR FM NORMAL: 0.68 2 = FOG REDUCING VISIBILITY
HIGHEST: 71 ON 10, 9 GRTST 24HR 1.27 ON 29-30 TO 1/4 MILE OR LESS
LOWEST: 15 ON 14 3 = THUNDER
SNOW, ICE PELLETS, HAIL 4 = ICE PELLETS
TOTAL MONTH: 0.0 INCH 5 = HAIL
GRTST 24HR 0.0 6 = FREEZING RAIN OR DRIZZLE
GRTST DEPTH: M ON M 7 = DUSTSTORM OR SANDSTORM:
VSBY 1/2 MILE OR LESS
8 = SMOKE OR HAZE
[NO. OF DAYS WITH] [WEATHER - DAYS WITH] 9 = BLOWING SNOW
X = TORNADO
MAX 32 OR BELOW: 0 0.01 INCH OR MORE: 6
MAX 90 OR ABOVE: 0 0.10 INCH OR MORE: 4
MIN 32 OR BELOW: 22 0.50 INCH OR MORE: 1
MIN 0 OR BELOW: 0 1.00 INCH OR MORE: 1
[HDD (BASE 65) ]
TOTAL THIS MO. 685 CLEAR (SCALE 0-3) 24
DPTR FM NORMAL -122 PTCLDY (SCALE 4-7) 6
TOTAL FM JUL 1 1263 CLOUDY (SCALE 8-10) 1
DPTR FM NORMAL -208
[CDD (BASE 65) ]
TOTAL THIS MO. 0
DPTR FM NORMAL 0 [PRESSURE DATA]
TOTAL FM JAN 1 2325 HIGHEST SLP 30.40 ON 14
DPTR FM NORMAL 257 LOWEST SLP 29.66 ON 23
[REMARKS]
#FINAL-12-20#