000
CXUS53 KBIS 010830
CF6HEI
PRELIMINARY LOCAL CLIMATOLOGICAL DATA (WS FORM: F-6)
STATION: HETTINGER ND
MONTH: MAY
YEAR: 2021
LATITUDE: 46 0 N
LONGITUDE: 102 39 W
TEMPERATURE IN F: :PCPN: SNOW: WIND :SUNSHINE: SKY :PK WND
================================================================================
1 2 3 4 5 6A 6B 7 8 9 10 11 12 13 14 15 16 17 18
12Z AVG MX 2MIN
DY MAX MIN AVG DEP HDD CDD WTR SNW DPTH SPD SPD DIR MIN PSBL S-S WX SPD DR
================================================================================
1 80 41 61 15 4 0 0.00 M M 9.0 23 290 M M 0 35 260
2 60 43 52 5 13 0 T M M 12.2 22 330 M M 8 1 30 340
3 61 26 44 -3 21 0 0.00 M M 11.3 23 340 M M 4 1 32 320
4 64 19 42 -6 23 0 T M M 8.1 24 180 M M 3 32 180
5 58 31 45 -3 20 0 T M M 8.2 20 30 M M 4 24 30
6 67 25 46 -2 19 0 0.00 M M 7.3 17 350 M M 3 8 30 260
7 64 34 49 0 16 0 0.00 M M 17.9 29 100 M M 0 42 110
8 45 32 39 -10 26 0 0.34 M M 16.1 35 80 M M 10 13 46 90
9 43 25 34 -16 31 0 0.06 M M 6.3 12 90 M M 2 1 15 100
10 56 23 40 -10 25 0 0.00 M M 3.7 15 80 M M 0 20 120
11 62 23 43 -7 22 0 0.00 M M 5.4 13 160 M M 0 21 170
12 68 36 52 1 13 0 T M M 9.4 25 280 M M 3 34 220
13 69 29 49 -2 16 0 0.00 M M 4.7 14 280 M M 4 17 280
14 72 35 54 3 11 0 T M M 4.8 15 90 M M 6 20 190
15 74 36 55 3 10 0 0.00 M M 5.0 13 190 M M 2 18 150
16 76 38 57 5 8 0 0.00 M M 5.8 15 100 M M 1 19 100
17 73 42 58 5 7 0 0.00 M M 13.0 24 150 M M 2 12 36 150
18 81 52 67 14 0 2 0.00 M M 16.3 26 150 M M 3 1 41 140
19 76 50 63 10 2 0 0.00 M M 15.0 29 360 M M 0 41 10
20 83 45 64 10 1 0 0.09 M M 13.7 26 120 M M 2 13 35 100
21 54 42 48 -6 17 0 0.29 M M 14.1 22 360 M M 10 123 30 10
22 53 41 47 -7 18 0 0.04 M M 11.5 20 340 M M 10 1 29 330
23 60 44 52 -3 13 0 1.32 M M 13.2 29 270 M M 10 123 35 260
24 76 42 59 4 6 0 0.00 M M 11.8 29 230 M M 1 41 230
25 64 42 53 -3 12 0 0.00 M M 20.4 38 290 M M 5 59 310
26 48 38 43 -13 22 0 0.34 M M 12.4 24 70 M M 10 1 32 80
27 43 33 38 -18 27 0 0.10 M M 10.8 18 70 M M 10 1 23 60
28 62 39 51 -5 14 0 0.11 M M 15.8 24 140 M M 5 13 35 130
29 69 39 54 -3 11 0 T M M 7.6 18 340 M M 5 1 23 310
30 72 35 54 -3 11 0 0.00 M M 7.9 18 320 M M 2 26 330
31 76 33 55 -3 10 0 0.01 M M 8.3 21 120 M M 2 3 29 140
================================================================================
SM 2009 1113 449 2 2.70 M 327.0 M 127
================================================================================
AV 64.8 35.9 10.5 FASTST M M 4 MAX(MPH)
MISC ----> 38 290 59 310
================================================================================
NOTES:
# LAST OF SEVERAL OCCURRENCES
COLUMN 17 PEAK WIND IN M.P.H.
PRELIMINARY LOCAL CLIMATOLOGICAL DATA (WS FORM: F-6) , PAGE 2
STATION: HETTINGER ND
MONTH: MAY
YEAR: 2021
LATITUDE: 46 0 N
LONGITUDE: 102 39 W
[TEMPERATURE DATA] [PRECIPITATION DATA] SYMBOLS USED IN COLUMN 16
AVERAGE MONTHLY: 50.4 TOTAL FOR MONTH: 2.70 1 = FOG OR MIST
DPTR FM NORMAL: -1.7 DPTR FM NORMAL: 0.38 2 = FOG REDUCING VISIBILITY
HIGHEST: 83 ON 20 GRTST 24HR 1.32 ON 23-23 TO 1/4 MILE OR LESS
LOWEST: 19 ON 4 3 = THUNDER
SNOW, ICE PELLETS, HAIL 4 = ICE PELLETS
TOTAL MONTH: M 5 = HAIL
GRTST 24HR M ON M 6 = FREEZING RAIN OR DRIZZLE
GRTST DEPTH: M ON M 7 = DUSTSTORM OR SANDSTORM:
VSBY 1/2 MILE OR LESS
8 = SMOKE OR HAZE
[NO. OF DAYS WITH] [WEATHER - DAYS WITH] 9 = BLOWING SNOW
X = TORNADO
MAX 32 OR BELOW: 0 0.01 INCH OR MORE: 10
MAX 90 OR ABOVE: 0 0.10 INCH OR MORE: 6
MIN 32 OR BELOW: 9 0.50 INCH OR MORE: 1
MIN 0 OR BELOW: 0 1.00 INCH OR MORE: 1
[HDD (BASE 65) ]
TOTAL THIS MO. 449 CLEAR (SCALE 0-3) 16
DPTR FM NORMAL 43 PTCLDY (SCALE 4-7) 8
TOTAL FM JUL 1 7990 CLOUDY (SCALE 8-10) 7
DPTR FM NORMAL -478
[CDD (BASE 65) ]
TOTAL THIS MO. 2
DPTR FM NORMAL -4 [PRESSURE DATA]
TOTAL FM JAN 1 2 HIGHEST SLP M ON M
DPTR FM NORMAL -4 LOWEST SLP 29.53 ON 2
[REMARKS]
#FINAL-05-21#