000
CXUS54 KHGX 011410
CF6HGX
PRELIMINARY LOCAL CLIMATOLOGICAL DATA (WS FORM: F-6)
STATION: DICKINSON WFO
MONTH: MAY
YEAR: 2021
LATITUDE: 29 28 N
LONGITUDE: 95 5 W
TEMPERATURE IN F: :PCPN: SNOW: WIND :SUNSHINE: SKY :PK WND
================================================================================
1 2 3 4 5 6A 6B 7 8 9 10 11 12 13 14 15 16 17 18
12Z AVG MX 2MIN
DY MAX MIN AVG DEP HDD CDD WTR SNW DPTH SPD SPD DIR MIN PSBL S-S WX SPD DR
================================================================================
1 77 69 73 0 0 8 0.73 0.0 0 M M M M M M 3 M M
2 84 72 78 4 0 13 0.36 0.0 0 M M M M M M M M
3 85 76 81 7 0 16 0.00 0.0 0 M M M M M M M M
4 89 72 81 7 0 16 0.00 0.0 0 M M M M M M M M
5 83 62 73 -1 0 8 0.00 0.0 0 M M M M M M M M
6 84 64 74 0 0 9 0.00 0.0 0 M M M M M M M M
7 85 62 74 -1 0 9 0.00 0.0 0 M M M M M M M M
8 82 69 76 1 0 11 0.00 0.0 0 M M M M M M M M
9 83 77 80 5 0 15 T 0.0 0 M M M M M M M M
10 88 77 83 7 0 18 0.00 0.0 0 M M M M M M M M
11 86 72 79 3 0 14 0.45 0.0 0 M M M M M M 3 M M
12 81 66 74 -2 0 9 0.26 0.0 0 M M M M M M 3 M M
13 76 57 67 -9 0 2 0.00 0.0 0 M M M M M M M M
14 81 66 74 -3 0 9 0.00 0.0 0 M M M M M M M M
15 82 65 74 -3 0 9 0.00 0.0 0 M M M M M M M M
16 77 71 74 -3 0 9 0.26 0.0 0 M M M M M M M M
17 85 69 77 0 0 12 0.61 0.0 0 M M M M M M M M
18 81 65 73 -5 0 8 2.04 0.0 0 M M M M M M M M
19 72 66 69 -9 0 4 1.29 0.0 0 M M M M M M M M
20 82 66 74 -4 0 9 0.01 0.0 0 M M M M M M M M
21 81 72 77 -1 0 12 0.07 0.0 0 M M M M M M M M
22 80 72 76 -3 0 11 1.35 0.0 0 M M M M M M M M
23 78 72 75 -4 0 10 1.02 0.0 0 M M M M M M M M
24 82 73 78 -1 0 13 0.09 0.0 0 M M M M M M M M
25 84 76 80 1 0 15 T 0.0 0 M M M M M M M M
26 86 76 81 1 0 16 0.00 0.0 0 M M M M M M M M
27 87 75 81 1 0 16 0.00 0.0 0 M M M M M M M M
28 85 M M M M M 0.80 0.0 0 M M M M M M 3 M M
29 88 M M M M M 0.13 0.0 0 M M M M M M 3 M M
30 80 M M M M M 0.01 0.0 0 M M M M M M M M
31 85 M M M M M 0.00 0.0 0 M M M M M M M M
================================================================================
SM 2559 1879 0 301 9.48 0.0 M M M
================================================================================
AV 82.5 69.6 M FASTST M M M MAX(MPH)
MISC ----> M M M M
================================================================================
NOTES:
# LAST OF SEVERAL OCCURRENCES
COLUMN 17 PEAK WIND IN M.P.H.
PRELIMINARY LOCAL CLIMATOLOGICAL DATA (WS FORM: F-6) , PAGE 2
STATION: DICKINSON WFO
MONTH: MAY
YEAR: 2021
LATITUDE: 29 28 N
LONGITUDE: 95 5 W
[TEMPERATURE DATA] [PRECIPITATION DATA] SYMBOLS USED IN COLUMN 16
AVERAGE MONTHLY: 76.1 TOTAL FOR MONTH: 9.48 1 = FOG OR MIST
DPTR FM NORMAL: -0.9 DPTR FM NORMAL: 4.36 2 = FOG REDUCING VISIBILITY
HIGHEST: 89 ON 4 GRTST 24HR 2.04 ON 18-18 TO 1/4 MILE OR LESS
LOWEST: 57 ON 13 3 = THUNDER
SNOW, ICE PELLETS, HAIL 4 = ICE PELLETS
TOTAL MONTH: 0.0 INCH 5 = HAIL
GRTST 24HR 0.0 6 = FREEZING RAIN OR DRIZZLE
GRTST DEPTH: 0 7 = DUSTSTORM OR SANDSTORM:
VSBY 1/2 MILE OR LESS
8 = SMOKE OR HAZE
[NO. OF DAYS WITH] [WEATHER - DAYS WITH] 9 = BLOWING SNOW
X = TORNADO
MAX 32 OR BELOW: 0 0.01 INCH OR MORE: 16
MAX 90 OR ABOVE: 0 0.10 INCH OR MORE: 12
MIN 32 OR BELOW: 0 0.50 INCH OR MORE: 7
MIN 0 OR BELOW: 0 1.00 INCH OR MORE: 4
[HDD (BASE 65) ]
TOTAL THIS MO. 0 CLEAR (SCALE 0-3) 0
DPTR FM NORMAL -1 PTCLDY (SCALE 4-7) 0
TOTAL FM JUL 1 1124 CLOUDY (SCALE 8-10) 31
DPTR FM NORMAL -21
[CDD (BASE 65) ]
TOTAL THIS MO. 301
DPTR FM NORMAL -74 [PRESSURE DATA]
TOTAL FM JAN 1 611 HIGHEST SLP M ON M
DPTR FM NORMAL -79 LOWEST SLP M ON M
[REMARKS]
#FINAL-05-21#