000
CXUS54 KHGX 040144
CF6HGX
PRELIMINARY LOCAL CLIMATOLOGICAL DATA (WS FORM: F-6)
STATION: DICKINSON WFO
MONTH: NOVEMBER
YEAR: 2020
LATITUDE: 29 28 N
LONGITUDE: 95 5 W
TEMPERATURE IN F: :PCPN: SNOW: WIND :SUNSHINE: SKY :PK WND
================================================================================
1 2 3 4 5 6A 6B 7 8 9 10 11 12 13 14 15 16 17 18
12Z AVG MX 2MIN
DY MAX MIN AVG DEP HDD CDD WTR SNW DPTH SPD SPD DIR MIN PSBL S-S WX SPD DR
================================================================================
1 78 52 65 -1 0 0 0.00 0.0 0 M M M M M M M M
2 72 50 61 -4 4 0 0.00 M M M M M M M M M M
3 74 46 60 -5 5 0 0.00 M M M M M M M M M M
4 79 50 65 0 0 0 0.00 M M M M M M M M M M
5 78 51 65 0 0 0 0.00 M M M M M M M M M M
6 77 56 67 3 0 2 0.00 M M M M M M M M M M
7 80 57 69 5 0 4 0.00 M M M M M M M M M M
8 79 64 72 8 0 7 0.00 M M M M M M M M 1 M M
9 80 70 75 11 0 10 T 0.0 0 M M M M M M 1 M M
10 83 70 77 14 0 12 T 0.0 0 M M M M M M M M
11 83 69 76 13 0 11 0.00 0.0 0 M M M M M M M M
12 82 64 73 10 0 8 0.00 0.0 0 M M M M M M M M
13 76 67 72 10 0 7 0.00 0.0 0 M M M M M M M M
14 84 69 77 15 0 12 0.00 0.0 0 M M M M M M M M
15 70 60 65 3 0 0 0.19 0.0 0 M M M M M M M M
16 70 49 60 -2 5 0 0.00 0.0 0 M M M M M M M M
17 73 47 60 -1 5 0 0.00 0.0 0 M M M M M M M M
18 72 51 62 1 3 0 0.00 0.0 0 M M M M M M M M
19 76 56 66 5 0 1 T 0.0 0 M M M M M M 18 M M
20 78 63 71 11 0 6 T 0.0 0 M M M M M M 128 M M
21 79 64 72 12 0 7 0.00 0.0 0 M M M M M M 1 M M
22 82 61 72 12 0 7 0.00 0.0 0 M M M M M M M M
23 69 62 66 6 0 1 0.00 0.0 0 M M M M M M M M
24 80 66 73 14 0 8 0.17 0.0 0 M M M M M M M M
25 75 57 66 7 0 1 T 0.0 0 M M M M M M M M
26 74 57 66 7 0 1 0.01 0.0 0 M M M M M M M M
27 79 68 74 16 0 9 0.73 0.0 0 M M M M M M M M
28 68 64 66 8 0 1 2.74 0.0 0 M M M M M M M M
29 64 51 58 0 7 0 0.55 0.0 0 M M M M M M M M
30 57 40 49 -9 16 0 0.00 0.0 0 M M M M M M M M
================================================================================
SM 2271 1751 45 115 4.39 0.0 M M M
================================================================================
AV 75.7 58.4 M FASTST M M M MAX(MPH)
MISC ----> M M M M
================================================================================
NOTES:
# LAST OF SEVERAL OCCURRENCES
COLUMN 17 PEAK WIND IN M.P.H.
PRELIMINARY LOCAL CLIMATOLOGICAL DATA (WS FORM: F-6) , PAGE 2
STATION: DICKINSON WFO
MONTH: NOVEMBER
YEAR: 2020
LATITUDE: 29 28 N
LONGITUDE: 95 5 W
[TEMPERATURE DATA] [PRECIPITATION DATA] SYMBOLS USED IN COLUMN 16
AVERAGE MONTHLY: 67.0 TOTAL FOR MONTH: 4.39 1 = FOG OR MIST
DPTR FM NORMAL: 5.3 DPTR FM NORMAL: -0.52 2 = FOG REDUCING VISIBILITY
HIGHEST: 84 ON 14 GRTST 24HR 2.74 ON 28-28 TO 1/4 MILE OR LESS
LOWEST: 40 ON 30 3 = THUNDER
SNOW, ICE PELLETS, HAIL 4 = ICE PELLETS
TOTAL MONTH: 0.0 INCH 5 = HAIL
GRTST 24HR 0.0 6 = FREEZING RAIN OR DRIZZLE
GRTST DEPTH: 0 7 = DUSTSTORM OR SANDSTORM:
VSBY 1/2 MILE OR LESS
8 = SMOKE OR HAZE
[NO. OF DAYS WITH] [WEATHER - DAYS WITH] 9 = BLOWING SNOW
X = TORNADO
MAX 32 OR BELOW: 0 0.01 INCH OR MORE: 6
MAX 90 OR ABOVE: 0 0.10 INCH OR MORE: 5
MIN 32 OR BELOW: 0 0.50 INCH OR MORE: 3
MIN 0 OR BELOW: 0 1.00 INCH OR MORE: 1
[HDD (BASE 65) ]
TOTAL THIS MO. 45 CLEAR (SCALE 0-3) 0
DPTR FM NORMAL -116 PTCLDY (SCALE 4-7) 0
TOTAL FM JUL 1 73 CLOUDY (SCALE 8-10) 30
DPTR FM NORMAL -124
[CDD (BASE 65) ]
TOTAL THIS MO. 115
DPTR FM NORMAL 53 [PRESSURE DATA]
TOTAL FM JAN 1 3565 HIGHEST SLP M ON M
DPTR FM NORMAL 898 LOWEST SLP M ON M
[REMARKS]
#FINAL-11-20#