000
CXUS54 KHGX 011510
CF6HGX
PRELIMINARY LOCAL CLIMATOLOGICAL DATA (WS FORM: F-6)
STATION: DICKINSON WFO
MONTH: NOVEMBER
YEAR: 2023
LATITUDE: 29 28 N
LONGITUDE: 95 5 W
TEMPERATURE IN F: :PCPN: SNOW: WIND :SUNSHINE: SKY :PK WND
================================================================================
1 2 3 4 5 6A 6B 7 8 9 10 11 12 13 14 15 16 17 18
12Z AVG MX 2MIN
DY MAX MIN AVG DEP HDD CDD WTR SNW DPTH SPD SPD DIR MIN PSBL S-S WX SPD DR
================================================================================
1 61 41 51 -16 14 0 0.00 0.0 0 M M M M M M M M
2 65 38 52 -15 13 0 0.00 0.0 0 M M M M M M M M
3 73 47 60 -6 5 0 0.00 0.0 0 M M M M M M M M
4 79 55 67 1 0 2 0.00 0.0 0 M M M M M M M M
5 80 57 69 3 0 4 0.00 0.0 0 M M M M M M 1 M M
6 80 62 71 5 0 6 0.00 0.0 0 M M M M M M M M
7 83 62 73 8 0 8 T 0.0 0 M M M M M M M M
8 83 68 76 11 0 11 0.00 0.0 0 M M M M M M M M
9 77 68 73 8 0 8 0.81 0.0 0 M M M M M M M M
10 70 55 63 -1 2 0 0.19 0.0 0 M M M M M M M M
11 60 55 58 -6 7 0 0.02 0.0 0 M M M M M M 1 M M
12 63 57 60 -4 5 0 0.28 0.0 0 M M M M M M 1 M M
13 62 59 61 -3 4 0 0.94 0.0 0 M M M M M M M M
14 69 57 63 0 2 0 0.01 0.0 0 M M M M M M M M
15 73 52 63 0 2 0 T 0.0 0 M M M M M M M M
16 65 58 62 -1 3 0 0.01 0.0 0 M M M M M M M M
17 78 57 68 6 0 3 0.00 0.0 0 M M M M M M M M
18 74 57 66 4 0 1 0.00 0.0 0 M M M M M M M M
19 74 54 64 2 1 0 T 0.0 0 M M M M M M M M
20 83 65 74 12 0 9 0.04 0.0 0 M M M M M M M M
21 66 49 58 -3 7 0 0.00 0.0 0 M M M M M M M M
22 57 44 51 -10 14 0 0.00 0.0 0 M M M M M M M M
23 56 42 49 -12 16 0 0.03 0.0 0 M M M M M M M M
24 64 48 56 -5 9 0 0.00 0.0 0 M M M M M M M M
25 65 50 58 -2 7 0 0.00 0.0 0 M M M M M M M M
26 64 46 55 -5 10 0 0.03 0.0 0 M M M M M M M M
27 57 43 50 -10 15 0 0.00 0.0 0 M M M M M M M M
28 60 42 51 -9 14 0 0.00 0.0 0 M M M M M M M M
29 67 40 54 -6 11 0 0.00 0.0 0 M M M M M M M M
30 72 61 67 8 0 2 4.39 0.0 0 M M M M M M 3 M M
================================================================================
SM 2080 1589 161 54 6.75 0.0 M M M
================================================================================
AV 69.3 53.0 M FASTST M M M MAX(MPH)
MISC ----> M M M M
================================================================================
NOTES:
# LAST OF SEVERAL OCCURRENCES
COLUMN 17 PEAK WIND IN M.P.H.
PRELIMINARY LOCAL CLIMATOLOGICAL DATA (WS FORM: F-6) , PAGE 2
STATION: DICKINSON WFO
MONTH: NOVEMBER
YEAR: 2023
LATITUDE: 29 28 N
LONGITUDE: 95 5 W
[TEMPERATURE DATA] [PRECIPITATION DATA] SYMBOLS USED IN COLUMN 16
AVERAGE MONTHLY: 61.2 TOTAL FOR MONTH: 6.75 1 = FOG OR MIST
DPTR FM NORMAL: -1.7 DPTR FM NORMAL: 2.21 2 = FOG REDUCING VISIBILITY
HIGHEST: 83 ON 20, 8 GRTST 24HR 4.39 ON 30-30 TO 1/4 MILE OR LESS
LOWEST: 38 ON 2 3 = THUNDER
SNOW, ICE PELLETS, HAIL 4 = ICE PELLETS
TOTAL MONTH: 0.0 INCH 5 = HAIL
GRTST 24HR 0.0 6 = FREEZING RAIN OR DRIZZLE
GRTST DEPTH: 0 7 = DUSTSTORM OR SANDSTORM:
VSBY 1/2 MILE OR LESS
8 = SMOKE OR HAZE
[NO. OF DAYS WITH] [WEATHER - DAYS WITH] 9 = BLOWING SNOW
X = TORNADO
MAX 32 OR BELOW: 0 0.01 INCH OR MORE: 11
MAX 90 OR ABOVE: 0 0.10 INCH OR MORE: 5
MIN 32 OR BELOW: 0 0.50 INCH OR MORE: 3
MIN 0 OR BELOW: 0 1.00 INCH OR MORE: 1
[HDD (BASE 65) ]
TOTAL THIS MO. 161 CLEAR (SCALE 0-3) 0
DPTR FM NORMAL 19 PTCLDY (SCALE 4-7) 0
TOTAL FM JUL 1 197 CLOUDY (SCALE 8-10) 30
DPTR FM NORMAL 34
[CDD (BASE 65) ]
TOTAL THIS MO. 54
DPTR FM NORMAL -27 [PRESSURE DATA]
TOTAL FM JAN 1 3681 HIGHEST SLP M ON M
DPTR FM NORMAL 515 LOWEST SLP M ON M
[REMARKS]
#FINAL-11-23#