000
CXUS56 KPQR 011710
CF6HIO
PRELIMINARY LOCAL CLIMATOLOGICAL DATA (WS FORM: F-6)
STATION: HILLSBORO OR
MONTH: NOVEMBER
YEAR: 2020
LATITUDE: 45 32 N
LONGITUDE: 122 57 W
TEMPERATURE IN F: :PCPN: SNOW: WIND :SUNSHINE: SKY :PK WND
================================================================================
1 2 3 4 5 6A 6B 7 8 9 10 11 12 13 14 15 16 17 18
12Z AVG MX 2MIN
DY MAX MIN AVG DEP HDD CDD WTR SNW DPTH SPD SPD DIR MIN PSBL S-S WX SPD DR
================================================================================
1 68 30 49 1 16 0 0.00 M M 2.8 9 120 M M 0 1 12 140
2 66 30 48 1 17 0 0.00 M M 1.0 6 180 M M 0 12 7 170
3 60 34 47 0 18 0 0.27 M M 1.8 13 170 M M 10 12 16 170
4 69 57 63 16 2 0 T M M 10.3 17 200 M M 9 24 180
5 60 48 54 7 11 0 0.70 M M 4.8 14 340 M M 9 1 19 340
6 50 35 43 -3 22 0 0.23 M M 3.6 10 310 M M 8 1 12 170
7 49 29 39 -7 26 0 0.02 M M 4.9 21 310 M M 6 12 26 320
8 49 27 38 -8 27 0 0.00 M M 4.6 14 340 M M 3 8 22 10
9 43 24 34 -12 31 0 0.03 M M 1.4 9 190 M M 6 1 13 190
10 51 35 43 -3 22 0 0.13 M M 3.6 15 260 M M 9 12 21 250
11 50 34 42 -4 23 0 0.00 M M 0.8 7 290 M M 8 12 9 280
12 47 35 41 -4 24 0 0.09 M M 5.5 20 170 M M 10 128 25 170
13 53 40 47 2 18 0 0.90 M M 10.5 28 170 M M 8 18 39 170
14 49 34 42 -3 23 0 0.90 M M 7.2 23 150 M M 8 1 28 150
15 56 43 50 5 15 0 0.03 M M 6.4 17 180 M M 7 1 23 180
16 52 42 47 3 18 0 0.19 M M 2.3 8 130 M M 9 12 10 140
17 57 41 49 5 16 0 0.25 M M 8.2 26 180 M M 8 12 34 180
18 49 44 47 3 18 0 0.76 M M 9.2 20 180 M M 10 1 27 220
19 51 35 43 -1 22 0 0.10 M M 4.8 13 180 M M 8 12 17 190
20 47 34 41 -2 24 0 0.00 M M 1.2 7 280 M M 8 128 8 290
21 42 33 38 -5 27 0 0.00 M M 2.4 7 290 M M 10 12 8 280
22 40 33 37 -6 28 0 0.08 M M 1.3 7 270 M M 10 12 8 270
23 51 40 46 3 19 0 0.05 M M 1.2 8 320 M M 10 1 10 330
24 50 38 44 2 21 0 0.24 M M 5.2 20 300 M M 10 12 23 300
25 49 35 42 0 23 0 0.02 M M 2.8 9 180 M M 8 12 14 210
26 50 40 45 3 20 0 0.00 M M 1.2 7 330 M M 10 1 7 330
27 48 35 42 0 23 0 0.00 M M 3.3 8 180 M M 8 12 9 170
28 44 38 41 0 24 0 0.08 M M 2.5 8 120 M M 10 1 9 120
29 51 34 43 2 22 0 0.00 M M 3.5 10 160 M M 7 12 13 160
30 53 30 42 1 23 0 0.27 M M 5.3 21 290 M M 6 1 28 310
================================================================================
SM 1554 1087 623 0 5.34 M 123.6 M 233
================================================================================
AV 51.8 36.2 4.1 FASTST M M 8 MAX(MPH)
MISC ----> 28 170 39 170
================================================================================
NOTES:
# LAST OF SEVERAL OCCURRENCES
COLUMN 17 PEAK WIND IN M.P.H.
PRELIMINARY LOCAL CLIMATOLOGICAL DATA (WS FORM: F-6) , PAGE 2
STATION: HILLSBORO OR
MONTH: NOVEMBER
YEAR: 2020
LATITUDE: 45 32 N
LONGITUDE: 122 57 W
[TEMPERATURE DATA] [PRECIPITATION DATA] SYMBOLS USED IN COLUMN 16
AVERAGE MONTHLY: 44.0 TOTAL FOR MONTH: 5.34 1 = FOG OR MIST
DPTR FM NORMAL: -0.4 DPTR FM NORMAL: -1.13 2 = FOG REDUCING VISIBILITY
HIGHEST: 69 ON 4 GRTST 24HR 0.98 ON 12-13 TO 1/4 MILE OR LESS
LOWEST: 24 ON 9 3 = THUNDER
SNOW, ICE PELLETS, HAIL 4 = ICE PELLETS
TOTAL MONTH: M 5 = HAIL
GRTST 24HR M ON M 6 = FREEZING RAIN OR DRIZZLE
GRTST DEPTH: M ON M 7 = DUSTSTORM OR SANDSTORM:
VSBY 1/2 MILE OR LESS
8 = SMOKE OR HAZE
[NO. OF DAYS WITH] [WEATHER - DAYS WITH] 9 = BLOWING SNOW
X = TORNADO
MAX 32 OR BELOW: 0 0.01 INCH OR MORE: 20
MAX 90 OR ABOVE: 0 0.10 INCH OR MORE: 12
MIN 32 OR BELOW: 6 0.50 INCH OR MORE: 4
MIN 0 OR BELOW: 0 1.00 INCH OR MORE: 0
[HDD (BASE 65) ]
TOTAL THIS MO. 623 CLEAR (SCALE 0-3) 3
DPTR FM NORMAL 3 PTCLDY (SCALE 4-7) 9
TOTAL FM JUL 1 1066 CLOUDY (SCALE 8-10) 18
DPTR FM NORMAL -234
[CDD (BASE 65) ]
TOTAL THIS MO. 0
DPTR FM NORMAL 0 [PRESSURE DATA]
TOTAL FM JAN 1 344 HIGHEST SLP 30.54 ON 30
DPTR FM NORMAL 146 LOWEST SLP 29.32 ON 13
[REMARKS]
#FINAL-11-20#