000
CXUS56 KPQR 011201
CF6HIO
PRELIMINARY LOCAL CLIMATOLOGICAL DATA (WS FORM: F-6)
STATION: HILLSBORO OR
MONTH: SEPTEMBER
YEAR: 2023
LATITUDE: 45 32 N
LONGITUDE: 122 57 W
TEMPERATURE IN F: :PCPN: SNOW: WIND :SUNSHINE: SKY :PK WND
================================================================================
1 2 3 4 5 6A 6B 7 8 9 10 11 12 13 14 15 16 17 18
12Z AVG MX 2MIN
DY MAX MIN AVG DEP HDD CDD WTR SNW DPTH SPD SPD DIR MIN PSBL S-S WX SPD DR
================================================================================
1 81 60 71 6 0 6 0.00 M M 5.7 15 20 M M 5 19 20
2 88 57 73 8 0 8 0.49 M M 3.3 17 190 M M 3 13 23 180
3 70 61 66 1 0 1 T M M 5.0 13 300 M M 10 3 16 290
4 67 51 59 -6 6 0 0.00 M M 3.8 12 310 M M 8 13 310
5 72 47 60 -4 5 0 0.00 M M 2.5 13 340 M M 2 18 350
6 76 45 61 -3 4 0 0.00 M M 4.4 15 300 M M 4 18 300
7 76 54 65 1 0 0 0.00 M M 5.4 13 10 M M 6 16 10
8 78 47 63 -1 2 0 0.00 M M 3.5 8 50 M M 0 12 70
9 86 50 68 4 0 3 0.00 M M 2.0 13 310 M M 0 15 300
10 81 53 67 3 0 2 0.00 M M 2.7 10 290 M M 0 14 300
11 76 54 65 2 0 0 0.00 M M 4.0 15 330 M M 5 18 330
12 76 50 63 0 2 0 0.00 M M 3.5 17 310 M M 5 20 310
13 82 50 66 3 0 1 0.00 M M 4.7 13 10 M M 3 17 20
14 92 50 71 8 0 6 0.00 M M 2.1 7 330 M M 0 11 100
15 94 50 72 10 0 7 0.00 M M 2.5 12 300 M M 0 1 13 300
16 86 51 69 7 0 4 0.00 M M 3.5 16 320 M M 0 19 330
17 72 48 60 -2 5 0 0.00 M M 2.8 10 310 M M 0 12 310
18 72 49 61 -1 4 0 T M M 7.5 16 310 M M 4 21 320
19 72 43 58 -3 7 0 0.00 M M 3.6 15 330 M M 2 20 340
20 69 50 60 -1 5 0 T M M 4.9 14 290 M M 6 18 310
21 75 43 59 -2 6 0 0.00 M M 2.4 9 30 M M 0 13 310
22 76 43 60 0 5 0 0.00 M M 3.0 10 190 M M 0 16 160
23 67 48 58 -2 7 0 0.05 M M 4.0 14 180 M M 6 19 180
24 62 48 55 -5 10 0 0.22 M M 3.4 14 130 M M 9 12 19 130
25 64 53 59 -1 6 0 0.94 M M 8.6 22 170 M M 10 1 28 190
26 65 52 59 0 6 0 0.08 M M 8.3 21 190 M M 9 1 26 190
27 63 51 57 -2 8 0 0.33 M M 8.3 31 140 M M 9 1 37 130
28 64 51 58 0 7 0 0.10 M M 2.7 13 240 M M 9 1 15 240
29 63 52 58 0 7 0 T M M 4.6 13 300 M M 10 16 320
30 69 46 58 0 7 0 0.00 M M 7.5 18 350 M M 1 27 340
================================================================================
SM 2234 1507 109 38 2.21 M 130.2 M 126
================================================================================
AV 74.5 50.2 4.3 FASTST M M 4 MAX(MPH)
MISC ----> 31 140 37 130
================================================================================
NOTES:
# LAST OF SEVERAL OCCURRENCES
COLUMN 17 PEAK WIND IN M.P.H.
PRELIMINARY LOCAL CLIMATOLOGICAL DATA (WS FORM: F-6) , PAGE 2
STATION: HILLSBORO OR
MONTH: SEPTEMBER
YEAR: 2023
LATITUDE: 45 32 N
LONGITUDE: 122 57 W
[TEMPERATURE DATA] [PRECIPITATION DATA] SYMBOLS USED IN COLUMN 16
AVERAGE MONTHLY: 62.4 TOTAL FOR MONTH: 2.21 1 = FOG OR MIST
DPTR FM NORMAL: 0.3 DPTR FM NORMAL: 0.83 2 = FOG REDUCING VISIBILITY
HIGHEST: 94 ON 15 GRTST 24HR 1.06 ON 24-25 TO 1/4 MILE OR LESS
LOWEST: 43 ON 22,21 3 = THUNDER
SNOW, ICE PELLETS, HAIL 4 = ICE PELLETS
TOTAL MONTH: M 5 = HAIL
GRTST 24HR M ON M 6 = FREEZING RAIN OR DRIZZLE
GRTST DEPTH: M ON M 7 = DUSTSTORM OR SANDSTORM:
VSBY 1/2 MILE OR LESS
8 = SMOKE OR HAZE
[NO. OF DAYS WITH] [WEATHER - DAYS WITH] 9 = BLOWING SNOW
X = TORNADO
MAX 32 OR BELOW: 0 0.01 INCH OR MORE: 7
MAX 90 OR ABOVE: 2 0.10 INCH OR MORE: 5
MIN 32 OR BELOW: 0 0.50 INCH OR MORE: 1
MIN 0 OR BELOW: 0 1.00 INCH OR MORE: 0
[HDD (BASE 65) ]
TOTAL THIS MO. 109 CLEAR (SCALE 0-3) 14
DPTR FM NORMAL -15 PTCLDY (SCALE 4-7) 8
TOTAL FM JUL 1 121 CLOUDY (SCALE 8-10) 8
DPTR FM NORMAL -75
[CDD (BASE 65) ]
TOTAL THIS MO. 38
DPTR FM NORMAL 5 [PRESSURE DATA]
TOTAL FM JAN 1 511 HIGHEST SLP 30.18 ON 13
DPTR FM NORMAL 237 LOWEST SLP 29.76 ON 25
[REMARKS]
#FINAL-09-23#