000
CXUS53 KGID 011026
CF6HJH
PRELIMINARY LOCAL CLIMATOLOGICAL DATA (WS FORM: F-6)
STATION: HEBRON NE
MONTH: NOVEMBER
YEAR: 2022
LATITUDE: 40 9 N
LONGITUDE: 97 35 W
TEMPERATURE IN F: :PCPN: SNOW: WIND :SUNSHINE: SKY :PK WND
================================================================================
1 2 3 4 5 6A 6B 7 8 9 10 11 12 13 14 15 16 17 18
12Z AVG MX 2MIN
DY MAX MIN AVG DEP HDD CDD WTR SNW DPTH SPD SPD DIR MIN PSBL S-S WX SPD DR
================================================================================
1 78 47 63 M 2 0 0.00 M M 10.2 17 200 M M 0 24 200
2 77 55 66 M 0 1 0.00 M M 18.6 27 180 M M 0 38 180
3 74 42 58 M 7 0 T M M 15.3 22 210 M M 6 31 190
4 44 34 39 M 26 0 M M M 12.9 20 350 M M 8 28 360
5 62 26 44 M 21 0 0.00 M M 11.1 20 200 M M 1 29 200
6 60 34 47 M 18 0 0.00 M M 7.5 18 210 M M 0 24 210
7 56 33 45 M 20 0 0.00 M M 8.9 18 100 M M 1 24 100
8 67 47 57 M 8 0 0.01 M M 15.8 18 170 M M 10 29 170
9 75 64 70 M 0 5 0.00 M M 20.5 28 200 M M 9 38 200
10 67 26 47 M 18 0 0.01 M M 15.1 23 180 M M 3 32 190
11 35 17 26 M 39 0 0.00 M M 10.5 17 350 M M 0 25 350
12 32 12 22 M 43 0 0.00 M M 5.8 13 360 M M 3 M M
13 44 12 28 M 37 0 0.00 M M 10.5 21 150 M M 0 28 160
14 34 22 28 M 37 0 M M M 6.3 15 360 M M 8 18 350
15 37 17 27 M 38 0 0.00 M M 5.6 18 330 M M 7 25 330
16 33 14 24 M 41 0 0.00 M M 8.2 16 310 M M 2 24 330
17 36 16 26 M 39 0 0.00 M M 9.9 22 340 M M 4 30 340
18 28 10 19 M 46 0 0.00 M M 10.2 18 320 M M 0 24 330
19 32 11 22 M 43 0 0.00 M M 9.6 22 330 M M 1 31 330
20 51 18 35 M 30 0 0.00 M M 8.7 16 210 M M 0 23 210
21 56 15 36 M 29 0 0.00 M M 1.5 6 50 M M 0 M M
22 60 15 38 M 27 0 0.00 M M 2.8 9 190 M M 0 M M
23 52 28 40 M 25 0 0.00 M M 4.5 12 170 M M 3 1 M M
24 51 28 40 M 25 0 0.00 M M 7.9 21 360 M M 3 12 27 360
25 54 17 36 M 29 0 0.00 M M 5.1 10 200 M M 0 M M
26 57 26 42 M 23 0 0.01 M M 8.6 22 360 M M 3 28 360
27 44 19 32 M 33 0 0.00 M M 9.7 20 350 M M 1 30 350
28 55 22 39 M 26 0 0.00 M M 7.5 16 220 M M 1 25 220
29 41 17 29 M 36 0 M M M 14.1 24 360 M M 7 38 20
30 34 10 22 M 43 0 0.00 M M 5.3 9 340 M M 0 16 340
================================================================================
SM 1526 754 809 6 M M 288.2 M 81
================================================================================
AV 50.9 25.1 9.6 FASTST M M 3 MAX(MPH)
MISC ----> 28 200 # M M
================================================================================
NOTES:
# LAST OF SEVERAL OCCURRENCES
COLUMN 17 PEAK WIND IN M.P.H.
PRELIMINARY LOCAL CLIMATOLOGICAL DATA (WS FORM: F-6) , PAGE 2
STATION: HEBRON NE
MONTH: NOVEMBER
YEAR: 2022
LATITUDE: 40 9 N
LONGITUDE: 97 35 W
[TEMPERATURE DATA] [PRECIPITATION DATA] SYMBOLS USED IN COLUMN 16
AVERAGE MONTHLY: 38.0 TOTAL FOR MONTH: M 1 = FOG OR MIST
DPTR FM NORMAL: M DPTR FM NORMAL: M 2 = FOG REDUCING VISIBILITY
HIGHEST: 78 ON 1 GRTST 24HR M ON M TO 1/4 MILE OR LESS
LOWEST: 10 ON 30,18 3 = THUNDER
SNOW, ICE PELLETS, HAIL 4 = ICE PELLETS
TOTAL MONTH: M 5 = HAIL
GRTST 24HR M ON M 6 = FREEZING RAIN OR DRIZZLE
GRTST DEPTH: M ON M 7 = DUSTSTORM OR SANDSTORM:
VSBY 1/2 MILE OR LESS
8 = SMOKE OR HAZE
[NO. OF DAYS WITH] [WEATHER - DAYS WITH] 9 = BLOWING SNOW
X = TORNADO
MAX 32 OR BELOW: 3 0.01 INCH OR MORE: M
MAX 90 OR ABOVE: 0 0.10 INCH OR MORE: M
MIN 32 OR BELOW: 22 0.50 INCH OR MORE: M
MIN 0 OR BELOW: 0 1.00 INCH OR MORE: M
[HDD (BASE 65) ]
TOTAL THIS MO. 809 CLEAR (SCALE 0-3) 19
DPTR FM NORMAL M PTCLDY (SCALE 4-7) 8
TOTAL FM JUL 1 1176 CLOUDY (SCALE 8-10) 3
DPTR FM NORMAL M
[CDD (BASE 65) ]
TOTAL THIS MO. 6
DPTR FM NORMAL M [PRESSURE DATA]
TOTAL FM JAN 1 1428 HIGHEST SLP M ON M
DPTR FM NORMAL M LOWEST SLP M ON M
[REMARKS]
#FINAL-11-22#