268
CXUS54 KJAN 012226
CF6HKS
PRELIMINARY LOCAL CLIMATOLOGICAL DATA (WS FORM: F-6)
STATION: JACKSON HAWKINS
MONTH: SEPTEMBER
YEAR: 2020
LATITUDE: 32 20 N
LONGITUDE: 90 14 W
TEMPERATURE IN F: :PCPN: SNOW: WIND :SUNSHINE: SKY :PK WND
================================================================================
1 2 3 4 5 6A 6B 7 8 9 10 11 12 13 14 15 16 17 18
12Z AVG MX 2MIN
DY MAX MIN AVG DEP HDD CDD WTR SNW DPTH SPD SPD DIR MIN PSBL S-S WX SPD DR
================================================================================
1 94 76 85 5 0 20 0.00 0.0 0 8.4 16 220 M M 3 22 220
2 93 77 85 5 0 20 0.00 0.0 0 8.1 16 180 M M 3 8 23 190
3 92 73 83 3 0 18 0.00 0.0 0 4.6 12 280 M M 1 1 17 240
4 95 73 84 4 0 19 T 0.0 0 2.5 9 360 M M 2 13 14 310
5 93 75 84 4 0 19 0.00 0.0 0 4.5 10 350 M M 0 17 330
6 94 70 82 3 0 17 0.00 0.0 0 2.9 9 90 M M 0 14 50
7 92 67 80 1 0 15 0.00 0.0 0 2.5 10 160 M M 0 14 100
8 93 68 81 2 0 16 0.00 0.0 0 5.2 13 170 M M 1 19 140
9 93 73 83 5 0 18 0.00 0.0 0 4.6 12 100 M M 1 16 100
10 94 70 82 4 0 17 0.00 0.0 0 2.3 10 40 M M 1 14 100
11 93 73 83 5 0 18 1.29 0.0 0 2.1 22 100 M M 4 13 28 100
12 93 74 84 6 0 19 0.01 0.0 0 4.4 15 140 M M 4 13 19 160
13 92 73 83 6 0 18 T 0.0 0 5.2 14 40 M M 3 3 21 40
14 89 74 82 5 0 17 0.00 0.0 0 7.2 16 80 M M 4 24 60
15 89 74 82 5 0 17 T 0.0 0 7.9 16 80 M M 2 26 60
16 83 72 78 2 0 13 T 0.0 0 7.5 15 50 M M 7 26 60
17 89 69 79 3 0 14 T 0.0 0 5.2 12 360 M M 4 8 19 20
18 81 66 74 -2 0 9 0.00 0.0 0 5.4 13 30 M M 0 21 50
19 78 65 72 -3 0 7 0.00 0.0 0 6.2 12 60 M M 2 20 60
20 83 65 74 -1 0 9 0.00 0.0 0 9.4 17 70 M M 4 25 70
21 74 68 71 -4 0 6 0.00 0.0 0 10.7 18 100 M M 10 27 130
22 79 66 73 -1 0 8 0.00 0.0 0 10.2 12 120 M M 8 23 100
23 73 67 70 -4 0 5 2.69 0.0 0 7.8 15 100 M M M 1 24 80
24 74 65 70 -4 0 5 1.72 0.0 0 8.7 17 300 M M 9 1 27 190
25 72 65 69 -4 0 4 T 0.0 0 2.0 6 300 M M 10 18 9 290
26 82 68 75 2 0 10 T 0.0 0 2.6 9 170 M M 8 1 12 170
27 85 68 77 4 0 12 0.00 0.0 0 3.6 12 190 M M 5 12 16 M
28 77 59 68 -4 0 3 0.01 0.0 0 5.5 17 300 M M 6 1 27 310
29 75 54 65 -7 0 0 0.00 0.0 0 5.5 17 290 M M 0 25 340
30 80 51 66 -6 0 1 0.00 0.0 0 2.5 13 230 M M 0 16 290
================================================================================
SM 2574 2058 0 374 5.72 0.0 165.2 M 102
================================================================================
AV 85.8 68.6 5.5 FASTST M M 4 MAX(MPH)
MISC ----> # 22 100 # 28 100
================================================================================
NOTES:
# LAST OF SEVERAL OCCURRENCES
COLUMN 17 PEAK WIND IN M.P.H.
PRELIMINARY LOCAL CLIMATOLOGICAL DATA (WS FORM: F-6) , PAGE 2
STATION: JACKSON HAWKINS
MONTH: SEPTEMBER
YEAR: 2020
LATITUDE: 32 20 N
LONGITUDE: 90 14 W
[TEMPERATURE DATA] [PRECIPITATION DATA] SYMBOLS USED IN COLUMN 16
AVERAGE MONTHLY: 77.2 TOTAL FOR MONTH: 5.72 1 = FOG OR MIST
DPTR FM NORMAL: 0.9 DPTR FM NORMAL: 2.50 2 = FOG REDUCING VISIBILITY
HIGHEST: 95 ON 4 GRTST 24HR 2.69 ON 23-23 TO 1/4 MILE OR LESS
LOWEST: 51 ON 30 3 = THUNDER
SNOW, ICE PELLETS, HAIL 4 = ICE PELLETS
TOTAL MONTH: 0.0 INCH 5 = HAIL
GRTST 24HR 0.0 6 = FREEZING RAIN OR DRIZZLE
GRTST DEPTH: 0 7 = DUSTSTORM OR SANDSTORM:
VSBY 1/2 MILE OR LESS
8 = SMOKE OR HAZE
[NO. OF DAYS WITH] [WEATHER - DAYS WITH] 9 = BLOWING SNOW
X = TORNADO
MAX 32 OR BELOW: 0 0.01 INCH OR MORE: 5
MAX 90 OR ABOVE: 13 0.10 INCH OR MORE: 3
MIN 32 OR BELOW: 0 0.50 INCH OR MORE: 3
MIN 0 OR BELOW: 0 1.00 INCH OR MORE: 3
[HDD (BASE 65) ]
TOTAL THIS MO. 0 CLEAR (SCALE 0-3) 15
DPTR FM NORMAL -3 PTCLDY (SCALE 4-7) 10
TOTAL FM JUL 1 0 CLOUDY (SCALE 8-10) 4
DPTR FM NORMAL -3
[CDD (BASE 65) ]
TOTAL THIS MO. 374
DPTR FM NORMAL 31 [PRESSURE DATA]
TOTAL FM JAN 1 2348 HIGHEST SLP M ON M
DPTR FM NORMAL 157 LOWEST SLP 29.62 ON 24
[REMARKS]
#FINAL-09-20#