000
CXUS53 KFSD 011731
CF6HON
PRELIMINARY LOCAL CLIMATOLOGICAL DATA (WS FORM: F-6)
STATION: HURON
MONTH: FEBRUARY
YEAR: 2021
LATITUDE: 44 22 N
LONGITUDE: 98 13 W
TEMPERATURE IN F: :PCPN: SNOW: WIND :SUNSHINE: SKY :PK WND
================================================================================
1 2 3 4 5 6A 6B 7 8 9 10 11 12 13 14 15 16 17 18
12Z AVG MX 2MIN
DY MAX MIN AVG DEP HDD CDD WTR SNW DPTH SPD SPD DIR MIN PSBL S-S WX SPD DR
================================================================================
1 26 21 24 6 41 0 0.00 0.0 1 7.8 16 140 M M 10 1 24 140
2 26 20 23 5 42 0 0.00 0.0 1 11.3 17 160 M M 10 1 25 170
3 34 23 29 11 36 0 0.02 0.3 1 14.0 29 320 M M 10 1 37 330
4 23 8 16 -2 49 0 T T 1 22.2 31 330 M M 2 41 320
5 22 1 12 -7 53 0 0.00 0.0 1 14.9 23 360 M M 3 30 360
6 5 -7 -1 -20 66 0 T T 1 11.7 21 350 M M 3 35 340
7 -1 -13 -7 -26 72 0 0.05 0.7 1 4.5 9 50 M M 7 14 40
8 6 -18 -6 -25 71 0 0.00 0.0 2 3.1 10 210 M M 2 1 14 210
9 9 -7 1 -19 64 0 T T 2 7.6 15 290 M M 5 1 20 280
10 7 -5 1 -19 64 0 0.00 0.0 2 7.2 15 340 M M 5 21 360
11 2 -13 -5 -25 70 0 T T 2 8.4 14 360 M M 9 1 18 360
12 0 -19 -9 -29 74 0 0.00 0.0 2 6.9 16 290 M M 0 1 21 310
13 1 -16 -7 -28 72 0 T T 2 8.8 17 350 M M 3 22 350
14 -8 -23 -15 -36 80 0 0.00 0.0 2 6.6 14 360 M M 0 18 350
15 -1 -22 -11 -32 76 0 0.00 0.0 2 7.0 16 180 M M 0 23 190
16 2 -17 -7 -29 72 0 T T 2 11.0 20 130 M M 4 26 160
17 14 -6 4 -18 61 0 0.02 1.0 2 5.9 16 150 M M 8 1 23 160
18 22 -8 7 -15 58 0 T T 3 6.5 21 300 M M 5 1 26 310
19 29 -6 12 -11 53 0 0.00 0.0 3 6.2 15 180 M M 1 1 23 210
20 35 7 21 -2 44 0 T 0.0 1 11.5 17 170 M M 3 16 24 160
21 44 22 33 9 32 0 0.01 0.2 1 5.8 15 120 M M 6 1 21 120
22 60 30 45 21 20 0 0.00 0.0 T 15.7 35 300 M M 1 47 330
23 52 30 41 17 24 0 0.00 0.0 0 8.9 26 320 M M 4 36 310
24 44 24 34 9 31 0 0.00 0.0 0 10.9 31 360 M M 8 43 340
25 46 16 31 6 34 0 0.00 0.0 0 10.9 21 210 M M 0 30 220
26 51 31 41 15 24 0 0.00 0.0 0 12.7 23 200 M M 4 35 170
27 49 21 35 9 30 0 0.04 0.5 0 6.2 18 10 M M 4 1 23 10
28 29 14 22 -4 43 0 0.13 1.5 2 13.8 28 350 M M 4 1 36 350
================================================================================
SM 628 88 1456 0 0.27 4.2 268.0 M 121
================================================================================
AV 22.4 3.1 9.6 FASTST M M 4 MAX(MPH)
MISC ----> 35 300 47 330
================================================================================
NOTES:
# LAST OF SEVERAL OCCURRENCES
-COLUMN 17 PEAK WIND IN M.P.H.
-PRECIPITATION AMOUNTS IN COLUMNS 7,8, AND 9 ARE THE OFFICIAL PRECIPITATION
AMOUNTS FOR HURON, SD.
-SNOW DEPTH IN COLUMN 9 IS RECORDED AT 6 AM CST (12Z).
PRELIMINARY LOCAL CLIMATOLOGICAL DATA (WS FORM: F-6) , PAGE 2
STATION: HURON
MONTH: FEBRUARY
YEAR: 2021
LATITUDE: 44 22 N
LONGITUDE: 98 13 W
[TEMPERATURE DATA] [PRECIPITATION DATA] SYMBOLS USED IN COLUMN 16
AVERAGE MONTHLY: 12.8 TOTAL FOR MONTH: 0.27 1 = FOG OR MIST
DPTR FM NORMAL: -8.8 DPTR FM NORMAL: -0.33 2 = FOG REDUCING VISIBILITY
HIGHEST: 60 ON 22 GRTST 24HR 0.17 ON 27-28 TO 1/4 MILE OR LESS
LOWEST: -23 ON 14 3 = THUNDER
SNOW, ICE PELLETS, HAIL 4 = ICE PELLETS
TOTAL MONTH: 4.2 INCHES 5 = HAIL
GRTST 24HR 2.0 ON 27-28 6 = FREEZING RAIN OR DRIZZLE
GRTST DEPTH: 3 ON 19,18 7 = DUSTSTORM OR SANDSTORM:
VSBY 1/2 MILE OR LESS
8 = SMOKE OR HAZE
[NO. OF DAYS WITH] [WEATHER - DAYS WITH] 9 = BLOWING SNOW
X = TORNADO
MAX 32 OR BELOW: 19 0.01 INCH OR MORE: 6
MAX 90 OR ABOVE: 0 0.10 INCH OR MORE: 1
MIN 32 OR BELOW: 28 0.50 INCH OR MORE: 0
MIN 0 OR BELOW: 14 1.00 INCH OR MORE: 0
[HDD (BASE 65) ]
TOTAL THIS MO. 1456 CLEAR (SCALE 0-3) 11
DPTR FM NORMAL 241 PTCLDY (SCALE 4-7) 13
TOTAL FM JUL 1 5525 CLOUDY (SCALE 8-10) 4
DPTR FM NORMAL -307
[CDD (BASE 65) ]
TOTAL THIS MO. 0
DPTR FM NORMAL 0 [PRESSURE DATA]
TOTAL FM JAN 1 0 HIGHEST SLP 30.90 ON 14
DPTR FM NORMAL 0 LOWEST SLP 29.56 ON 23
[REMARKS]
#FINAL-02-21#