000
CXUS53 KFSD 011553
CF6HON
PRELIMINARY LOCAL CLIMATOLOGICAL DATA (WS FORM: F-6)
STATION: HURON
MONTH: OCTOBER
YEAR: 2020
LATITUDE: 44 22 N
LONGITUDE: 98 13 W
TEMPERATURE IN F: :PCPN: SNOW: WIND :SUNSHINE: SKY :PK WND
================================================================================
1 2 3 4 5 6A 6B 7 8 9 10 11 12 13 14 15 16 17 18
12Z AVG MX 2MIN
DY MAX MIN AVG DEP HDD CDD WTR SNW DPTH SPD SPD DIR MIN PSBL S-S WX SPD DR
================================================================================
1 56 34 45 -9 20 0 0.00 0.0 0 11.5 26 340 M M 5 37 330
2 56 32 44 -10 21 0 T 0.0 0 4.6 13 120 M M 4 19 120
3 61 36 49 -5 16 0 0.00 0.0 0 2.9 12 360 M M 7 16 70
4 67 35 51 -2 14 0 0.00 0.0 0 10.8 20 180 M M 1 29 170
5 77 47 62 9 3 0 0.00 0.0 0 11.8 23 320 M M 0 32 320
6 85 45 65 13 0 0 0.00 0.0 0 8.9 23 300 M M 0 27 290
7 74 42 58 6 7 0 0.00 0.0 0 5.3 16 20 M M 1 22 30
8 76 37 57 6 8 0 0.00 0.0 0 11.4 25 150 M M 0 40 170
9 86 45 66 15 0 1 0.00 0.0 0 7.5 17 330 M M 0 22 330
10 73 37 55 5 10 0 0.00 0.0 0 9.1 18 140 M M 0 1 26 170
11 83 48 66 16 0 1 T 0.0 0 19.4 38 320 M M 3 54 320
12 69 39 54 4 11 0 0.00 0.0 0 10.8 18 250 M M 1 26 250
13 63 42 53 4 12 0 0.00 0.0 0 13.4 25 300 M M 1 37 290
14 62 38 50 1 15 0 T 0.0 0 18.4 40 290 M M 2 53 290
15 54 27 41 -7 24 0 0.00 0.0 0 13.4 26 310 M M 3 36 300
16 53 32 43 -5 22 0 0.00 0.0 0 11.7 23 290 M M 4 33 300
17 48 32 40 -8 25 0 0.00 0.0 0 11.1 26 350 M M 6 34 350
18 41 20 31 -16 34 0 0.00 0.0 0 8.4 17 310 M M 2 25 300
19 36 31 34 -13 31 0 T T 0 7.0 15 140 M M 10 1 23 150
20 44 28 36 -10 29 0 0.35 0.5 0 9.6 23 310 M M 9 1 32 330
21 33 27 30 -16 35 0 0.20 2.6 T 5.7 13 100 M M 7 12 18 100
22 33 30 32 -13 33 0 0.06 0.2 3 13.2 21 350 M M 10 16 29 70
23 32 20 26 -19 39 0 T T 2 12.0 22 330 M M 4 1 29 360
24 27 21 24 -20 41 0 0.22 2.0 T 7.6 14 110 M M 8 1 19 90
25 26 9 18 -26 47 0 0.07 1.5 4 10.4 18 350 M M 5 1 23 350
26 25 4 15 -29 50 0 0.00 0.0 3 4.9 14 170 M M 0 19 170
27 33 6 20 -23 45 0 0.00 0.0 3 8.0 17 170 M M 0 24 190
28 50 23 37 -6 28 0 0.00 0.0 2 9.3 20 350 M M 2 28 360
29 42 21 32 -10 33 0 0.00 0.0 0 7.3 15 160 M M 4 1 23 140
30 52 24 38 -4 27 0 0.00 0.0 0 9.1 23 160 M M 0 35 170
31 59 32 46 5 19 0 0.00 0.0 0 19.5 39 320 M M 0 54 300
================================================================================
SM 1676 944 699 2 0.90 6.8 314.0 M 99
================================================================================
AV 54.1 30.5 10.1 FASTST M M 3 MAX(MPH)
MISC ----> 40 290 # 54 320
================================================================================
NOTES:
#LAST OF SEVERAL OCCURRENCES
-COLUMN 17 PEAK WIND IN M.P.H.
-PRECIPITATION AMOUNTS IN COLUMNS 7,8, AND 9 ARE THE OFFICIAL PRECIPITATION
AMOUNTS FOR HURON SD.
-SNOW DEPTH IN COLUMN 9 IS RECORDED AT 6 AM CST (12Z).
PRELIMINARY LOCAL CLIMATOLOGICAL DATA (WS FORM: F-6) , PAGE 2
STATION: HURON
MONTH: OCTOBER
YEAR: 2020
LATITUDE: 44 22 N
LONGITUDE: 98 13 W
[TEMPERATURE DATA] [PRECIPITATION DATA] SYMBOLS USED IN COLUMN 16
AVERAGE MONTHLY: 42.3 TOTAL FOR MONTH: 0.90 1 = FOG OR MIST
DPTR FM NORMAL: -5.6 DPTR FM NORMAL: -0.89 2 = FOG REDUCING VISIBILITY
HIGHEST: 86 ON 9 GRTST 24HR 0.35 ON 20-20 TO 1/4 MILE OR LESS
LOWEST: 4 ON 26 3 = THUNDER
SNOW, ICE PELLETS, HAIL 4 = ICE PELLETS
TOTAL MONTH: 6.8 INCHES 5 = HAIL
GRTST 24HR 3.5 ON 24-25 6 = FREEZING RAIN OR DRIZZLE
GRTST DEPTH: 4 ON 25 7 = DUSTSTORM OR SANDSTORM:
VSBY 1/2 MILE OR LESS
8 = SMOKE OR HAZE
[NO. OF DAYS WITH] [WEATHER - DAYS WITH] 9 = BLOWING SNOW
X = TORNADO
MAX 32 OR BELOW: 4 0.01 INCH OR MORE: 5
MAX 90 OR ABOVE: 0 0.10 INCH OR MORE: 3
MIN 32 OR BELOW: 18 0.50 INCH OR MORE: 0
MIN 0 OR BELOW: 0 1.00 INCH OR MORE: 0
[HDD (BASE 65) ]
TOTAL THIS MO. 699 CLEAR (SCALE 0-3) 16
DPTR FM NORMAL 165 PTCLDY (SCALE 4-7) 11
TOTAL FM JUL 1 859 CLOUDY (SCALE 8-10) 4
DPTR FM NORMAL 129
[CDD (BASE 65) ]
TOTAL THIS MO. 2
DPTR FM NORMAL -2 [PRESSURE DATA]
TOTAL FM JAN 1 879 HIGHEST SLP 30.55 ON 26
DPTR FM NORMAL 137 LOWEST SLP 29.37 ON 11
[REMARKS]
RECORD DAILY MAXIMUM SNOWFALL ESTABLISHED ON THE 21ST WITH 2.6 INCHES. THE
PREVIOUS RECORD WAS 2.5 INCHES SET BACK IN 1951.
RECORD DAILY MAXIMUM SNOWFALL ESTABLISHED ON THE 24TH WITH 2.0 INCHES. THE
PREVIOUS RECORD WAS 0.9 INCHES SET BACK IN 1962.
RECORD DAILY MAXIMUM SNOWFALL ESTABLISHED ON THE 25TH WITH 1.5 INCHES. THE
PREVIOUS RECORD WAS 1.1 INCHES SET BACK IN 1919.
RECORD DAILY MINIMUM TEMPERATURE ESTABLISHED ON THE 27TH WITH A LOW OF 6
DEGREES. THE PREVIOUS RECORD WAS 9 DEGREES SET BACK IN 1997.
#FINAL-10-20#