000
CXUS54 KLZK 011230
CF6HOT
PRELIMINARY LOCAL CLIMATOLOGICAL DATA (WS FORM: F-6)
STATION: HOT SPRINGS MEMORIAL FIELD
MONTH: MARCH
YEAR: 2024
LATITUDE: 34 28 N
LONGITUDE: 93 6 W
TEMPERATURE IN F: :PCPN: SNOW: WIND :SUNSHINE: SKY :PK WND
================================================================================
1 2 3 4 5 6A 6B 7 8 9 10 11 12 13 14 15 16 17 18
12Z AVG MX 2MIN
DY MAX MIN AVG DEP HDD CDD WTR SNW DPTH SPD SPD DIR MIN PSBL S-S WX SPD DR
================================================================================
1 59 38 49 -1 16 0 T M M 2.2 12 140 M M 4 18 140
2 71 36 54 4 11 0 0.00 M M 5.4 14 140 M M 2 12 19 140
3 71 55 63 12 2 0 0.00 M M 6.5 15 190 M M 6 18 24 230
4 78 64 71 20 0 6 0.00 M M 7.0 14 150 M M 7 138 24 160
5 76 56 66 15 0 1 0.04 M M 3.1 16 150 M M 3 13 25 140
6 70 51 61 9 4 0 0.00 M M 6.3 10 130 M M 3 1 16 130
7 65 56 61 9 4 0 0.51 M M 5.3 12 80 M M 10 13 20 360
8 64 56 60 8 5 0 0.53 M M 4.4 20 100 M M 10 1 26 100
9 61 40 51 -1 14 0 0.05 M M 4.8 13 340 M M 7 1 24 340
10 65 34 50 -3 15 0 0.00 M M 3.1 12 250 M M 0 20 230
11 67 35 51 -2 14 0 0.00 M M 2.4 13 170 M M 0 21 210
12 72 39 56 3 9 0 0.00 M M 5.1 16 210 M M 2 26 200
13 76 58 67 13 0 2 0.00 M M 6.1 15 200 M M 6 22 200
14 82 61 72 18 0 7 1.91 M M 7.3 16 40 M M 8 13 29 30
15 66 49 58 4 7 0 0.23 M M 3.4 12 80 M M 9 13 16 90
16 70 45 58 4 7 0 0.10 M M 2.4 9 250 M M 5 12 14 290
17 64 49 57 2 8 0 T M M 4.5 16 60 M M 8 1 23 50
18 55 36 46 -9 19 0 0.00 M M 6.0 15 320 M M 0 27 330
19 64 29 47 -8 18 0 0.00 M M 5.0 14 250 M M 0 8 25 250
20 74 42 58 2 7 0 0.00 M M 3.8 14 230 M M 0 19 240
21 64 45 55 -1 10 0 T M M 3.6 9 80 M M 6 13 90
22 60 49 55 -1 10 0 0.32 M M 1.6 8 300 M M 7 12 14 340
23 61 47 54 -3 11 0 0.00 M M 7.1 15 90 M M 1 23 350
24 65 46 56 -1 9 0 0.00 M M 8.4 16 150 M M 2 28 140
25 63 49 56 -1 9 0 1.15 M M 8.4 22 150 M M 9 13 36 150
26 59 38 49 -9 16 0 0.00 M M 5.7 13 310 M M 0 20 340
27 64 33 49 -9 16 0 0.00 M M 3.7 10 60 M M 1 17 90
28 70 39 55 -3 10 0 0.00 M M 2.8 12 250 M M 2 8 17 260
29 76 46 61 3 4 0 0.00 M M 8.2 20 230 M M 0 30 250
30 72 60 66 7 0 1 0.00 M M 8.1 17 240 M M 7 27 250
31 74 64 69 10 0 4 0.00 M M 8.1 17 240 M M 8 24 240
================================================================================
SM 2098 1445 255 21 4.84 M 159.8 M 133
================================================================================
AV 67.7 46.6 5.2 FASTST M M 4 MAX(MPH)
MISC ----> 22 150 36 150
================================================================================
NOTES:
# LAST OF SEVERAL OCCURRENCES
COLUMN 17 PEAK WIND IN M.P.H.
PRELIMINARY LOCAL CLIMATOLOGICAL DATA (WS FORM: F-6) , PAGE 2
STATION: HOT SPRINGS MEMORIAL FIELD
MONTH: MARCH
YEAR: 2024
LATITUDE: 34 28 N
LONGITUDE: 93 6 W
[TEMPERATURE DATA] [PRECIPITATION DATA] SYMBOLS USED IN COLUMN 16
AVERAGE MONTHLY: 57.1 TOTAL FOR MONTH: 4.84 1 = FOG OR MIST
DPTR FM NORMAL: 2.6 DPTR FM NORMAL: -0.06 2 = FOG REDUCING VISIBILITY
HIGHEST: 82 ON 14 GRTST 24HR 2.14 ON 14-15 TO 1/4 MILE OR LESS
LOWEST: 29 ON 19 3 = THUNDER
SNOW, ICE PELLETS, HAIL 4 = ICE PELLETS
TOTAL MONTH: M 5 = HAIL
GRTST 24HR M ON M 6 = FREEZING RAIN OR DRIZZLE
GRTST DEPTH: M ON M 7 = DUSTSTORM OR SANDSTORM:
VSBY 1/2 MILE OR LESS
8 = SMOKE OR HAZE
[NO. OF DAYS WITH] [WEATHER - DAYS WITH] 9 = BLOWING SNOW
X = TORNADO
MAX 32 OR BELOW: 0 0.01 INCH OR MORE: 9
MAX 90 OR ABOVE: 0 0.10 INCH OR MORE: 7
MIN 32 OR BELOW: 1 0.50 INCH OR MORE: 4
MIN 0 OR BELOW: 0 1.00 INCH OR MORE: 2
[HDD (BASE 65) ]
TOTAL THIS MO. 255 CLEAR (SCALE 0-3) 14
DPTR FM NORMAL -87 PTCLDY (SCALE 4-7) 12
TOTAL FM JUL 1 2422 CLOUDY (SCALE 8-10) 5
DPTR FM NORMAL -283
[CDD (BASE 65) ]
TOTAL THIS MO. 21
DPTR FM NORMAL 4 [PRESSURE DATA]
TOTAL FM JAN 1 34 HIGHEST SLP 30.32 ON 11
DPTR FM NORMAL 14 LOWEST SLP 29.45 ON 25
[REMARKS]
#FINAL-03-24#