000
CXUS54 KHGX 011410
CF6HOU
PRELIMINARY LOCAL CLIMATOLOGICAL DATA (WS FORM: F-6)
STATION: HOUSTON/HOBBY AIRPORT
MONTH: JULY
YEAR: 2023
LATITUDE: 29 38 N
LONGITUDE: 95 17 W
TEMPERATURE IN F: :PCPN: SNOW: WIND :SUNSHINE: SKY :PK WND
================================================================================
1 2 3 4 5 6A 6B 7 8 9 10 11 12 13 14 15 16 17 18
12Z AVG MX 2MIN
DY MAX MIN AVG DEP HDD CDD WTR SNW DPTH SPD SPD DIR MIN PSBL S-S WX SPD DR
================================================================================
1 99 79 89 5 0 24 0.00 0.0 0 7.8 17 150 M M 4 21 160
2 98 78 88 4 0 23 0.02 0.0 0 7.4 22 360 M M 6 3 30 10
3 97 80 89 5 0 24 T 0.0 0 6.9 21 150 M M 6 26 180
4 94 80 87 3 0 22 0.11 0.0 0 8.8 18 150 M M 7 3 26 180
5 96 81 89 5 0 24 T 0.0 0 7.6 26 170 M M 7 35 170
6 89 75 82 -2 0 17 0.91 0.0 0 6.3 23 190 M M 8 13 29 190
7 92 75 84 0 0 19 0.12 0.0 0 6.6 22 190 M M 7 1 28 190
8 92 78 85 1 0 20 T 0.0 0 8.2 23 200 M M 4 3 28 200
9 95 80 88 4 0 23 T 0.0 0 10.0 20 190 M M 4 26 190
10 98 79 89 5 0 24 0.00 0.0 0 9.4 20 180 M M 3 26 180
11 98 81 90 6 0 25 0.00 0.0 0 10.2 22 200 M M 5 28 200
12 99 81 90 6 0 25 0.00 0.0 0 11.8 22 180 M M 5 28 160
13 99 81 90 5 0 25 0.00 0.0 0 10.8 22 200 M M 5 28 180
14 98 81 90 5 0 25 0.00 0.0 0 11.0 22 190 M M 4 8 29 190
15 99 80 90 5 0 25 0.00 0.0 0 9.9 20 200 M M 2 25 200
16 100 79 90 5 0 25 0.00 0.0 0 7.9 17 180 M M 4 1 23 190
17 101 78 90 5 0 25 0.00 0.0 0 8.4 17 190 M M 3 23 180
18 99 80 90 5 0 25 0.00 0.0 0 9.6 21 180 M M 2 27 160
19 100 80 90 5 0 25 0.00 0.0 0 9.8 21 160 M M 2 27 180
20 99 79 89 4 0 24 0.00 0.0 0 7.4 20 160 M M 2 27 160
21 99 78 89 4 0 24 0.00 0.0 0 7.3 20 170 M M 3 26 140
22 101 78 90 5 0 25 0.00 0.0 0 7.6 23 60 M M 4 3 29 60
23 100 77 89 4 0 24 0.01 0.0 0 5.0 24 140 M M 5 3 35 120
24 97 78 88 3 0 23 T 0.0 0 5.4 22 100 M M 5 26 100
25 95 79 87 2 0 22 1.58 0.0 0 6.2 23 220 M M 3 3 40 100
26 99 79 89 4 0 24 T 0.0 0 6.5 22 210 M M 3 3 27 200
27 96 80 88 3 0 23 0.00 0.0 0 6.3 25 200 M M 2 3 33 190
28 96 77 87 2 0 22 0.00 0.0 0 5.2 16 170 M M 3 3 23 150
29 97 79 88 3 0 23 0.00 0.0 0 5.8 18 190 M M 3 23 180
30 99 79 89 4 0 24 0.00 0.0 0 6.5 16 180 M M 3 22 200
31 102 80 91 5 0 26 0.00 0.0 0 7.0 16 130 M M 3 20 130
================================================================================
SM 3023 2449 0 729 2.75 0.0 244.6 M 127
================================================================================
AV 97.5 79.0 7.9 FASTST M M 4 MAX(MPH)
MISC ----> 26 170 40 100
================================================================================
NOTES:
# LAST OF SEVERAL OCCURRENCES
COLUMN 17 PEAK WIND IN M.P.H.
PRELIMINARY LOCAL CLIMATOLOGICAL DATA (WS FORM: F-6) , PAGE 2
STATION: HOUSTON/HOBBY AIRPORT
MONTH: JULY
YEAR: 2023
LATITUDE: 29 38 N
LONGITUDE: 95 17 W
[TEMPERATURE DATA] [PRECIPITATION DATA] SYMBOLS USED IN COLUMN 16
AVERAGE MONTHLY: 88.3 TOTAL FOR MONTH: 2.75 1 = FOG OR MIST
DPTR FM NORMAL: 3.5 DPTR FM NORMAL: -1.84 2 = FOG REDUCING VISIBILITY
HIGHEST: 102 ON 31 GRTST 24HR 1.58 ON 25-25 TO 1/4 MILE OR LESS
LOWEST: 75 ON 7, 6 3 = THUNDER
SNOW, ICE PELLETS, HAIL 4 = ICE PELLETS
TOTAL MONTH: 0.0 INCH 5 = HAIL
GRTST 24HR 0.0 6 = FREEZING RAIN OR DRIZZLE
GRTST DEPTH: 0 7 = DUSTSTORM OR SANDSTORM:
VSBY 1/2 MILE OR LESS
8 = SMOKE OR HAZE
[NO. OF DAYS WITH] [WEATHER - DAYS WITH] 9 = BLOWING SNOW
X = TORNADO
MAX 32 OR BELOW: 0 0.01 INCH OR MORE: 6
MAX 90 OR ABOVE: 30 0.10 INCH OR MORE: 4
MIN 32 OR BELOW: 0 0.50 INCH OR MORE: 2
MIN 0 OR BELOW: 0 1.00 INCH OR MORE: 1
[HDD (BASE 65) ]
TOTAL THIS MO. 0 CLEAR (SCALE 0-3) 9
DPTR FM NORMAL 0 PTCLDY (SCALE 4-7) 22
TOTAL FM JUL 1 0 CLOUDY (SCALE 8-10) 0
DPTR FM NORMAL 0
[CDD (BASE 65) ]
TOTAL THIS MO. 729
DPTR FM NORMAL 117 [PRESSURE DATA]
TOTAL FM JAN 1 2372 HIGHEST SLP 30.16 ON 25
DPTR FM NORMAL 500 LOWEST SLP 29.84 ON 22
[REMARKS]
#FINAL-07-23#