000
CXUS54 KBRO 021547
CF6HRL
PRELIMINARY LOCAL CLIMATOLOGICAL DATA (WS FORM: F-6)
STATION: HARLINGEN
MONTH: MARCH
YEAR: 2021
LATITUDE: 26 13 N
LONGITUDE: 97 40 W
TEMPERATURE IN F: :PCPN: SNOW: WIND :SUNSHINE: SKY :PK WND
================================================================================
1 2 3 4 5 6A 6B 7 8 9 10 11 12 13 14 15 16 17 18
12Z AVG MX 2MIN
DY MAX MIN AVG DEP HDD CDD WTR SNW DPTH SPD SPD DIR MIN PSBL S-S WX SPD DR
================================================================================
1 81 53 67 1 0 2 0.03 0.0 0 15.2 31 360 M M 10 1 40 350
2 68 48 58 -8 7 0 T 0.0 0 12.9 26 350 M M 7 1 33 350
3 75 46 61 -5 4 0 0.00 0.0 0 7.1 17 90 M M 0 22 90
4 80 50 65 -1 0 0 0.00 0.0 0 10.8 21 120 M M 6 1 27 130
5 83 57 70 3 0 5 T 0.0 0 8.0 17 150 M M 7 1 20 160
6 75 50 63 -4 2 0 0.00 0.0 0 12.3 24 340 M M 2 1 29 340
7 74 47 61 -6 4 0 0.00 0.0 0 9.3 18 90 M M 6 23 80
8 80 60 70 3 0 5 0.00 0.0 0 9.7 20 120 M M 8 31 120
9 84 60 72 4 0 7 0.00 0.0 0 16.9 28 140 M M 2 36 140
10 86 63 75 7 0 10 0.00 0.0 0 19.6 33 160 M M 1 40 170
11 87 69 78 10 0 13 0.00 0.0 0 20.1 30 140 M M 8 38 170
12 87 71 79 11 0 14 0.00 0.0 0 17.7 26 140 M M 9 34 130
13 88 71 80 12 0 15 0.00 0.0 0 19.9 30 150 M M 8 37 140
14 84 62 73 5 0 8 0.00 0.0 0 15.9 30 170 M M 9 38 160
15 85 63 74 5 0 9 T 0.0 0 7.2 20 120 M M 7 1 23 130
16 86 71 79 10 0 14 T 0.0 0 12.7 25 160 M M 8 18 30 160
17 95 55 75 6 0 10 0.00 0.0 0 13.2 35 360 M M 4 18 41 350
18 83 50 67 -2 0 2 0.00 0.0 0 10.8 28 10 M M 0 33 350
19 76 46 61 -9 4 0 0.00 0.0 0 9.6 18 40 M M 0 27 20
20 78 45 62 -8 3 0 0.00 0.0 0 7.8 20 80 M M 0 24 80
21 79 50 65 -5 0 0 0.00 0.0 0 10.5 23 130 M M 2 27 130
22 83 59 71 1 0 6 0.00 0.0 0 17.8 35 160 M M 5 42 170
23 89 66 78 8 0 13 T 0.0 0 9.5 22 160 M M 5 18 26 150
24 86 69 78 7 0 13 0.00 0.0 0 10.7 20 100 M M 7 128 25 90
25 86 55 71 0 0 6 0.00 0.0 0 12.5 35 360 M M 3 18 40 360
26 86 50 68 -3 0 3 0.00 0.0 0 7.9 18 100 M M 6 12 23 80
27 94 72 83 12 0 18 0.00 0.0 0 18.2 33 170 M M 6 18 41 180
28 75 61 68 -4 0 3 T 0.0 0 14.8 32 20 M M 10 1 42 20
29 67 56 62 -10 3 0 0.73 0.0 0 8.2 20 330 M M 10 1 23 340
30 88 65 77 5 0 12 0.00 0.0 0 17.8 33 170 M M 6 12 41 180
31 91 66 79 7 0 14 T 0.0 0 15.9 28 30 M M 6 1 35 30
================================================================================
SM 2559 1806 27 202 0.76 0.0 400.5 M 168
================================================================================
AV 82.5 58.3 12.9 FASTST M M 5 MAX(MPH)
MISC ----> # 35 360 # 42 170
================================================================================
NOTES:
# LAST OF SEVERAL OCCURRENCES
COLUMN 17 PEAK WIND IN M.P.H.
PRELIMINARY LOCAL CLIMATOLOGICAL DATA (WS FORM: F-6) , PAGE 2
STATION: HARLINGEN
MONTH: MARCH
YEAR: 2021
LATITUDE: 26 13 N
LONGITUDE: 97 40 W
[TEMPERATURE DATA] [PRECIPITATION DATA] SYMBOLS USED IN COLUMN 16
AVERAGE MONTHLY: 70.4 TOTAL FOR MONTH: 0.76 1 = FOG OR MIST
DPTR FM NORMAL: 1.4 DPTR FM NORMAL: -0.53 2 = FOG REDUCING VISIBILITY
HIGHEST: 95 ON 17 GRTST 24HR 0.73 ON 29-29 TO 1/4 MILE OR LESS
LOWEST: 45 ON 20 3 = THUNDER
SNOW, ICE PELLETS, HAIL 4 = ICE PELLETS
TOTAL MONTH: 0.0 INCH 5 = HAIL
GRTST 24HR 0.0 6 = FREEZING RAIN OR DRIZZLE
GRTST DEPTH: 0 7 = DUSTSTORM OR SANDSTORM:
VSBY 1/2 MILE OR LESS
8 = SMOKE OR HAZE
[NO. OF DAYS WITH] [WEATHER - DAYS WITH] 9 = BLOWING SNOW
X = TORNADO
MAX 32 OR BELOW: 0 0.01 INCH OR MORE: 2
MAX 90 OR ABOVE: 3 0.10 INCH OR MORE: 1
MIN 32 OR BELOW: 0 0.50 INCH OR MORE: 1
MIN 0 OR BELOW: 0 1.00 INCH OR MORE: 0
[HDD (BASE 65) ]
TOTAL THIS MO. 27 CLEAR (SCALE 0-3) 9
DPTR FM NORMAL -19 PTCLDY (SCALE 4-7) 17
TOTAL FM JUL 1 637 CLOUDY (SCALE 8-10) 5
DPTR FM NORMAL 20
[CDD (BASE 65) ]
TOTAL THIS MO. 202
DPTR FM NORMAL 32 [PRESSURE DATA]
TOTAL FM JAN 1 386 HIGHEST SLP 30.38 ON 8
DPTR FM NORMAL 91 LOWEST SLP 29.54 ON 24
[REMARKS]
#FINAL-03-21#