000
CXUS53 KGID 011758
CF6HSI
PRELIMINARY LOCAL CLIMATOLOGICAL DATA (WS FORM: F-6)
STATION: HASTINGS NE
MONTH: NOVEMBER
YEAR: 2020
LATITUDE: 40 35 N
LONGITUDE: 98 26 W
TEMPERATURE IN F: :PCPN: SNOW: WIND :SUNSHINE: SKY :PK WND
================================================================================
1 2 3 4 5 6A 6B 7 8 9 10 11 12 13 14 15 16 17 18
12Z AVG MX 2MIN
DY MAX MIN AVG DEP HDD CDD WTR SNW DPTH SPD SPD DIR MIN PSBL S-S WX SPD DR
================================================================================
1 52 25 39 -7 26 0 0.00 0.0 0 6.5 13 30 M M 0 20 330
2 74 33 54 9 11 0 0.00 0.0 0 4.6 10 260 M M 0 8 16 170
3 81 43 62 17 3 0 0.00 0.0 0 7.7 18 210 M M 0 26 230
4 85 39 62 18 3 0 0.00 0.0 0 4.9 13 260 M M 0 23 270
5 78 44 61 17 4 0 0.00 0.0 0 4.4 14 340 M M 0 17 340
6 79 45 62 19 3 0 0.00 0.0 0 11.5 21 190 M M 0 34 180
7 74 57 66 23 0 1 0.00 0.0 0 16.8 26 180 M M 1 42 190
8 72 55 64 22 1 0 0.00 0.0 0 19.6 35 180 M M 2 55 180
9 62 31 47 5 18 0 0.95 T 0 17.8 29 330 M M 9 136 38 220
10 35 27 31 -10 34 0 0.24 0.2 T 11.8 23 340 M M 6 16 29 30
11 55 28 42 1 23 0 0.00 0.0 T 7.3 15 250 M M 1 21 250
12 37 25 31 -9 34 0 0.00 0.0 0 8.6 28 350 M M 3 34 360
13 47 23 35 -5 30 0 0.00 0.0 0 12.2 26 210 M M 0 36 210
14 63 32 48 8 17 0 T 0.0 0 15.8 40 310 M M 2 55 310
15 53 32 43 4 22 0 0.00 0.0 0 13.6 25 300 M M 0 35 320
16 60 31 46 8 19 0 0.00 0.0 0 8.7 21 310 M M 0 27 310
17 65 31 48 10 17 0 0.00 0.0 0 8.9 21 160 M M 2 31 160
18 68 41 55 17 10 0 0.00 0.0 0 11.5 21 200 M M 0 30 190
19 75 38 57 20 8 0 0.00 0.0 0 7.1 17 340 M M 0 8 22 330
20 57 35 46 10 19 0 0.00 0.0 0 7.9 15 350 M M 1 8 19 350
21 46 31 39 3 26 0 T 0.0 0 6.1 13 120 M M 7 18 17 150
22 52 23 38 2 27 0 0.00 0.0 0 8.8 26 330 M M 0 1 33 330
23 41 26 34 -1 31 0 0.04 T 0 13.4 25 160 M M 9 1 38 160
24 47 31 39 4 26 0 0.15 0.0 0 14.1 23 360 M M 10 1 32 10
25 47 24 36 2 29 0 0.00 0.0 0 8.3 16 350 M M 0 23 10
26 48 29 39 5 26 0 0.00 0.0 0 9.3 18 40 M M 0 1 24 30
27 51 25 38 5 27 0 0.00 0.0 0 6.9 15 270 M M 0 1 20 270
28 56 29 43 10 22 0 0.00 0.0 0 7.2 15 230 M M 0 22 230
29 39 19 29 -3 36 0 0.00 0.0 0 19.6 33 350 M M 0 43 360
30 45 12 29 -3 36 0 0.00 0.0 0 9.0 14 180 M M 0 20 180
================================================================================
SM 1744 964 588 1 1.38 0.2 309.9 M 53
================================================================================
AV 58.1 32.1 10.3 FASTST M M 2 MAX(MPH)
MISC ----> 40 310 # 55 180
================================================================================
NOTES:
# LAST OF SEVERAL OCCURRENCES
COLUMN 17 PEAK WIND IN M.P.H.
PRELIMINARY LOCAL CLIMATOLOGICAL DATA (WS FORM: F-6) , PAGE 2
STATION: HASTINGS NE
MONTH: NOVEMBER
YEAR: 2020
LATITUDE: 40 35 N
LONGITUDE: 98 26 W
[TEMPERATURE DATA] [PRECIPITATION DATA] SYMBOLS USED IN COLUMN 16
AVERAGE MONTHLY: 45.1 TOTAL FOR MONTH: 1.38 1 = FOG OR MIST
DPTR FM NORMAL: 6.4 DPTR FM NORMAL: 0.09 2 = FOG REDUCING VISIBILITY
HIGHEST: 85 ON 4 GRTST 24HR 1.08 ON 9-10 TO 1/4 MILE OR LESS
LOWEST: 12 ON 30 3 = THUNDER
SNOW, ICE PELLETS, HAIL 4 = ICE PELLETS
TOTAL MONTH: 0.2 INCH 5 = HAIL
GRTST 24HR 0.2 ON 10-10 6 = FREEZING RAIN OR DRIZZLE
GRTST DEPTH: T 7 = DUSTSTORM OR SANDSTORM:
VSBY 1/2 MILE OR LESS
8 = SMOKE OR HAZE
[NO. OF DAYS WITH] [WEATHER - DAYS WITH] 9 = BLOWING SNOW
X = TORNADO
MAX 32 OR BELOW: 0 0.01 INCH OR MORE: 4
MAX 90 OR ABOVE: 0 0.10 INCH OR MORE: 3
MIN 32 OR BELOW: 20 0.50 INCH OR MORE: 1
MIN 0 OR BELOW: 0 1.00 INCH OR MORE: 0
[HDD (BASE 65) ]
TOTAL THIS MO. 588 CLEAR (SCALE 0-3) 25
DPTR FM NORMAL -200 PTCLDY (SCALE 4-7) 2
TOTAL FM JUL 1 1173 CLOUDY (SCALE 8-10) 3
DPTR FM NORMAL -108
[CDD (BASE 65) ]
TOTAL THIS MO. 1
DPTR FM NORMAL 1 [PRESSURE DATA]
TOTAL FM JAN 1 1272 HIGHEST SLP 30.61 ON 1
DPTR FM NORMAL 195 LOWEST SLP 29.44 ON 14
[REMARKS]
#FINAL-11-20#