000
CXUS54 KHUN 032223
CF6HSV
PRELIMINARY LOCAL CLIMATOLOGICAL DATA (WS FORM: F-6)
STATION: HUNTSVILLE
MONTH: JULY
YEAR: 2023
LATITUDE: 34 39 N
LONGITUDE: 86 46 W
TEMPERATURE IN F: :PCPN: SNOW: WIND :SUNSHINE: SKY :PK WND
================================================================================
1 2 3 4 5 6A 6B 7 8 9 10 11 12 13 14 15 16 17 18
12Z AVG MX 2MIN
DY MAX MIN AVG DEP HDD CDD WTR SNW DPTH SPD SPD DIR MIN PSBL S-S WX SPD DR
================================================================================
1 94 71 83 2 0 18 0.57 0.0 0 5.3 32 330 M M 5 13 45 330
2 92 70 81 0 0 16 0.02 0.0 0 5.6 17 200 M M 6 3 24 180
3 87 71 79 -2 0 14 0.29 0.0 0 4.9 22 170 M M 8 13 32 240
4 88 70 79 -2 0 14 0.02 0.0 0 2.9 9 180 M M 7 13 12 170
5 91 75 83 2 0 18 0.00 0.0 0 3.4 15 230 M M 5 1 20 220
6 92 73 83 2 0 18 0.03 0.0 0 4.7 25 260 M M 6 138 38 270
7 92 72 82 1 0 17 0.06 0.0 0 3.7 13 300 M M 6 3 20 330
8 89 70 80 -1 0 15 T 0.0 0 5.5 15 240 M M 6 13 20 240
9 85 69 77 -4 0 12 1.09 0.0 0 3.7 20 300 M M 8 13 29 290
10 86 68 77 -4 0 12 0.00 0.0 0 5.4 12 340 M M 5 16 340
11 89 64 77 -4 0 12 0.00 0.0 0 3.0 10 220 M M 4 12 15 250
12 93 69 81 0 0 16 0.00 0.0 0 6.5 13 210 M M 3 3 19 230
13 89 74 82 1 0 17 0.00 0.0 0 5.3 14 210 M M 5 21 210
14 91 74 83 2 0 18 0.04 0.0 0 4.2 21 260 M M 8 13 31 280
15 88 72 80 -1 0 15 0.25 0.0 0 5.8 16 260 M M 6 13 24 270
16 91 72 82 1 0 17 0.00 0.0 0 2.8 10 320 M M 2 1 15 360
17 91 69 80 -1 0 15 0.00 0.0 0 3.0 10 360 M M 1 18 15 330
18 94 70 82 1 0 17 0.61 0.0 0 5.0 38 330 M M 5 138 60 330
19 80 70 75 -6 0 10 0.25 0.0 0 5.8 26 20 M M 7 13 38 10
20 93 74 84 3 0 19 0.00 0.0 0 6.9 18 260 M M 6 13 26 260
21 91 71 81 0 0 16 0.83 0.0 0 5.9 35 280 M M 7 13 60 300
22 86 71 79 -2 0 14 0.00 0.0 0 3.8 13 330 M M 7 1 17 360
23 88 68 78 -3 0 13 0.00 0.0 0 4.3 13 350 M M 4 1 18 340
24 89 66 78 -3 0 13 0.00 0.0 0 2.1 8 300 M M 2 1 12 280
25 92 70 81 0 0 16 0.00 0.0 0 2.9 10 260 M M 1 1 14 240
26 93 71 82 1 0 17 0.00 0.0 0 3.7 12 250 M M 3 1 15 220
27 96 74 85 4 0 20 0.00 0.0 0 2.6 9 260 M M 3 14 270
28 98 72 85 4 0 20 0.71 0.0 0 2.8 28 90 M M 4 13 34 80
29 96 74 85 4 0 20 0.00 0.0 0 4.1 12 300 M M 2 1 18 300
30 92 75 84 3 0 19 T 0.0 0 5.5 14 330 M M 4 3 19 320
31 93 69 81 0 0 16 0.00 0.0 0 5.3 16 340 M M 4 23 330
================================================================================
SM 2809 2198 0 494 4.77 0.0 136.4 M 150
================================================================================
AV 90.6 70.9 4.4 FASTST M M 5 MAX(MPH)
MISC ----> 38 330 # 60 330
================================================================================
NOTES:
# LAST OF SEVERAL OCCURRENCES
COLUMN 17 PEAK WIND IN M.P.H.
PRELIMINARY LOCAL CLIMATOLOGICAL DATA (WS FORM: F-6) , PAGE 2
STATION: HUNTSVILLE
MONTH: JULY
YEAR: 2023
LATITUDE: 34 39 N
LONGITUDE: 86 46 W
[TEMPERATURE DATA] [PRECIPITATION DATA] SYMBOLS USED IN COLUMN 16
AVERAGE MONTHLY: 80.8 TOTAL FOR MONTH: 4.77 1 = FOG OR MIST
DPTR FM NORMAL: -0.5 DPTR FM NORMAL: 0.28 2 = FOG REDUCING VISIBILITY
HIGHEST: 98 ON 28 GRTST 24HR 1.09 ON 9- 9 TO 1/4 MILE OR LESS
LOWEST: 64 ON 11 3 = THUNDER
SNOW, ICE PELLETS, HAIL 4 = ICE PELLETS
TOTAL MONTH: 0.0 INCH 5 = HAIL
GRTST 24HR 0.0 6 = FREEZING RAIN OR DRIZZLE
GRTST DEPTH: 0 7 = DUSTSTORM OR SANDSTORM:
VSBY 1/2 MILE OR LESS
8 = SMOKE OR HAZE
[NO. OF DAYS WITH] [WEATHER - DAYS WITH] 9 = BLOWING SNOW
X = TORNADO
MAX 32 OR BELOW: 0 0.01 INCH OR MORE: 13
MAX 90 OR ABOVE: 19 0.10 INCH OR MORE: 8
MIN 32 OR BELOW: 0 0.50 INCH OR MORE: 5
MIN 0 OR BELOW: 0 1.00 INCH OR MORE: 1
[HDD (BASE 65) ]
TOTAL THIS MO. 0 CLEAR (SCALE 0-3) 6
DPTR FM NORMAL 0 PTCLDY (SCALE 4-7) 25
TOTAL FM JUL 1 0 CLOUDY (SCALE 8-10) 0
DPTR FM NORMAL 0
[CDD (BASE 65) ]
TOTAL THIS MO. 494
DPTR FM NORMAL -11 [PRESSURE DATA]
TOTAL FM JAN 1 1141 HIGHEST SLP 30.26 ON 19
DPTR FM NORMAL -79 LOWEST SLP 29.82 ON 8
[REMARKS]
#FINAL-07-23#