000
CXUS54 KHUN 021516
CLMHSV
CLIMATE REPORT
NATIONAL WEATHER SERVICE HUNTSVILLE AL
1016 AM CDT FRI JUN 02 2023
...................................
...THE HUNTSVILLE CLIMATE SUMMARY FOR THE MONTH OF MAY 2023...
CLIMATE NORMAL PERIOD 1991 TO 2020
CLIMATE RECORD PERIOD 1894 TO 2023
WEATHER OBSERVED NORMAL DEPART LAST YEAR`S
VALUE DATE(S) VALUE FROM VALUE
NORMAL
..............................................................
TEMPERATURE (F)
RECORD
HIGH 99 05/27/1926
05/30/1914
05/29/1914
LOW 32 05/07/1944
05/02/1909
HIGHEST 93 05/15 MM MM 92
LOWEST 42 05/02 MM MM 54
AVG. MAXIMUM 81.2 82.5 -1.3 83.8
AVG. MINIMUM 59.6 60.2 -0.6 62.2
MEAN 70.4 71.3 -0.9 73.0
DAYS MAX >= 90 3 3.9 -0.9 6
DAYS MAX <= 32 0 0.0 0.0 0
DAYS MIN <= 32 0 0.0 0.0 0
DAYS MIN <= 0 0 0.0 0.0 0
PRECIPITATION (INCHES)
RECORD
MAXIMUM 11.88 1983
MINIMUM 0.32 1951
TOTALS 2.75 4.67 -1.92 4.37
DAILY AVG. 0.09 0.15 -0.06 0.14
DAYS >= .01 9 10.0 -1.0 12
DAYS >= .10 7 6.6 0.4 8
DAYS >= .50 1 3.3 -2.3 1
DAYS >= 1.00 1 1.4 -0.4 1
GREATEST
24 HR. TOTAL 1.02 05/20 TO 05/20 2.17
SNOWFALL (INCHES)
RECORDS
TOTAL T 1998
24 HR TOTAL 0.0 MM
TOTALS 0.0 0.0 0.0 0.0
SINCE 7/1 0.6 2.4 MM MM
DAYS >= TRACE MM 0.0 MM 0
DAYS >= 1.0 MM 0.0 MM 0
GREATEST
SNOW DEPTH MM MM
24 HR TOTAL MM
DEGREE DAYS
HEATING TOTAL 33 23 10 4
SINCE 7/1 2461 2830 -369 MM
COOLING TOTAL 208 220 -12 260
SINCE 1/1 272 308 -36 MM
FREEZE DATES
RECORD
EARLIEST 10/09/2000
LATEST 05/07/1944
EARLIEST 10/19 11/08
LATEST 03/21 03/24
..............................................................
WIND (MPH)
AVERAGE WIND SPEED 6.7
HIGHEST WIND SPEED/DIRECTION 35/120 DATE 05/11
HIGHEST GUST SPEED/DIRECTION 54/140 DATE 05/11
SKY COVER
POSSIBLE SUNSHINE (PERCENT) MM
WEATHER CONDITIONS. NUMBER OF DAYS WITH
THUNDERSTORM 7 MIXED PRECIP 0
HEAVY RAIN 4 RAIN 5
LIGHT RAIN 11 FREEZING RAIN 0
LT FREEZING RAIN 0 HAIL 0
HEAVY SNOW 0 SNOW 0
LIGHT SNOW 0 SLEET 0
FOG 10 FOG W/VIS <= 1/4 MILE 0
- INDICATES NEGATIVE NUMBERS.
R INDICATES RECORD WAS SET OR TIED.
MM INDICATES DATA IS MISSING.
T INDICATES TRACE AMOUNT.
$$