000
CXUS53 KAPX 010730
CF6HTL
PRELIMINARY LOCAL CLIMATOLOGICAL DATA (WS FORM: F-6)
STATION: HOUGHTON LAKE MI
MONTH: MARCH
YEAR: 2022
LATITUDE: 44 22 N
LONGITUDE: 84 41 W
TEMPERATURE IN F: :PCPN: SNOW: WIND :SUNSHINE: SKY :PK WND
================================================================================
1 2 3 4 5 6A 6B 7 8 9 10 11 12 13 14 15 16 17 18
12Z AVG MX 2MIN
DY MAX MIN AVG DEP HDD CDD WTR SNW DPTH SPD SPD DIR MIN PSBL S-S WX SPD DR
================================================================================
1 33 12 23 -1 42 0 0.00 0.0 6 6.1 18 310 M M 8 27 310
2 31 5 18 -6 47 0 0.03 0.5 6 6.5 23 330 M M 5 1 30 330
3 26 2 14 -11 51 0 T T 6 5.7 15 310 M M 4 20 320
4 35 -4 16 -9 49 0 0.00 0.0 6 3.0 10 240 M M 0 16 260
5 43 23 33 7 32 0 T 0.0 5 9.2 20 120 M M 7 29 120
6 49 32 41 15 24 0 0.08 0.0 4 15.2 32 240 M M 9 18 52 230
7 32 17 25 -1 40 0 0.30 5.3 3 7.5 22 330 M M 10 128 29 320
8 34 4 19 -8 46 0 T T 6 6.3 15 220 M M 3 128 21 220
9 32 15 24 -3 41 0 0.00 0.0 6 9.2 18 280 M M 4 1 27 260
10 26 17 22 -5 43 0 T T 6 7.3 14 330 M M 7 19 280
11 28 13 21 -7 44 0 0.02 0.3 6 8.9 24 300 M M 6 18 36 310
12 15 6 11 -17 54 0 0.01 0.1 6 12.2 25 300 M M 6 18 40 300
13 32 7 20 -8 45 0 0.01 T 6 8.0 17 200 M M 8 18 25 210
14 42 11 27 -2 38 0 0.00 0.0 6 3.9 16 350 M M 7 21 340
15 44 29 37 8 28 0 0.01 0.1 5 5.5 10 180 M M 6 1 14 190
16 57 23 40 10 25 0 0.00 0.0 4 6.2 15 160 M M 1 128 21 170
17 64 35 50 20 15 0 0.00 0.0 T 5.9 12 280 M M 2 16 190
18 42 36 39 9 26 0 0.14 0.0 T 10.7 21 60 M M 10 1 30 50
19 38 33 36 5 29 0 0.17 T T 10.2 17 60 M M 10 1 26 60
20 54 26 40 9 25 0 0.00 0.0 T 5.7 13 280 M M 1 19 290
21 44 23 34 2 31 0 0.85 0.0 T 4.0 13 70 M M 6 1 16 80
22 38 32 35 3 30 0 T 0.0 T 13.6 25 90 M M 10 37 100
23 36 32 34 2 31 0 0.53 T 0 17.2 29 100 M M 10 1 42 110
24 39 32 36 3 29 0 0.20 T 0 3.5 10 300 M M 10 1 14 320
25 46 31 39 6 26 0 T T T 8.0 15 250 M M 10 1 24 260
26 35 19 27 -7 38 0 0.01 0.2 0 16.8 28 310 M M 10 1 39 310
27 21 13 17 -17 48 0 0.02 0.2 1 15.0 28 310 M M 9 8 44 310
28 26 8 17 -17 48 0 T T T 8.9 20 330 M M 4 18 30 330
29 40 8 24 -11 41 0 0.00 0.0 T 6.0 15 180 M M 2 24 130
30 47 28 38 3 27 0 1.16 T T 9.6 25 130 M M 10 16 43 140
31 50 28 39 3 26 0 0.66 T T 12.7 23 290 M M 10 128 32 300
================================================================================
SM 1179 596 1119 0 4.20 6.7 268.5 M 205
================================================================================
AV 38.0 19.2 8.7 FASTST M M 7 MAX(MPH)
MISC ----> 32 240 52 230
================================================================================
NOTES:
# LAST OF SEVERAL OCCURRENCES
COLUMN 17 PEAK WIND IN M.P.H.
PRELIMINARY LOCAL CLIMATOLOGICAL DATA (WS FORM: F-6) , PAGE 2
STATION: HOUGHTON LAKE MI
MONTH: MARCH
YEAR: 2022
LATITUDE: 44 22 N
LONGITUDE: 84 41 W
[TEMPERATURE DATA] [PRECIPITATION DATA] SYMBOLS USED IN COLUMN 16
AVERAGE MONTHLY: 28.6 TOTAL FOR MONTH: 4.20 1 = FOG OR MIST
DPTR FM NORMAL: -1.1 DPTR FM NORMAL: 2.42 2 = FOG REDUCING VISIBILITY
HIGHEST: 64 ON 17 GRTST 24HR 1.22 ON 30-31 TO 1/4 MILE OR LESS
LOWEST: -4 ON 4 3 = THUNDER
SNOW, ICE PELLETS, HAIL 4 = ICE PELLETS
TOTAL MONTH: 6.7 INCHES 5 = HAIL
GRTST 24HR 5.3 ON 7- 7 6 = FREEZING RAIN OR DRIZZLE
GRTST DEPTH: 6 ON 13,12 7 = DUSTSTORM OR SANDSTORM:
VSBY 1/2 MILE OR LESS
8 = SMOKE OR HAZE
[NO. OF DAYS WITH] [WEATHER - DAYS WITH] 9 = BLOWING SNOW
X = TORNADO
MAX 32 OR BELOW: 10 0.01 INCH OR MORE: 16
MAX 90 OR ABOVE: 0 0.10 INCH OR MORE: 8
MIN 32 OR BELOW: 28 0.50 INCH OR MORE: 4
MIN 0 OR BELOW: 1 1.00 INCH OR MORE: 1
[HDD (BASE 65) ]
TOTAL THIS MO. 1119 CLEAR (SCALE 0-3) 6
DPTR FM NORMAL 26 PTCLDY (SCALE 4-7) 13
TOTAL FM JUL 1 6419 CLOUDY (SCALE 8-10) 12
DPTR FM NORMAL -355
[CDD (BASE 65) ]
TOTAL THIS MO. 0
DPTR FM NORMAL 0 [PRESSURE DATA]
TOTAL FM JAN 1 0 HIGHEST SLP 30.49 ON 4
DPTR FM NORMAL 0 LOWEST SLP 28.89 ON 31
[REMARKS]
#FINAL-03-22#