196
CXUS53 KAPX 010830
CF6HTL
PRELIMINARY LOCAL CLIMATOLOGICAL DATA (WS FORM: F-6)
STATION: HOUGHTON LAKE MI
MONTH: FEBRUARY
YEAR: 2021
LATITUDE: 44 22 N
LONGITUDE: 84 41 W
TEMPERATURE IN F: :PCPN: SNOW: WIND :SUNSHINE: SKY :PK WND
================================================================================
1 2 3 4 5 6A 6B 7 8 9 10 11 12 13 14 15 16 17 18
12Z AVG MX 2MIN
DY MAX MIN AVG DEP HDD CDD WTR SNW DPTH SPD SPD DIR MIN PSBL S-S WX SPD DR
================================================================================
1 30 14 22 4 43 0 0.00 0.0 9 7.0 10 50 M M 3 17 350
2 32 15 24 6 41 0 0.00 0.0 9 9.2 18 320 M M 0 26 350
3 36 1 19 1 46 0 0.00 0.0 9 3.3 9 320 M M 0 1 13 320
4 35 17 26 8 39 0 0.21 2.9 9 9.6 21 160 M M 4 12 31 160
5 31 8 20 2 45 0 0.04 2.0 11 15.0 26 260 M M 10 18 45 250
6 14 6 10 -8 55 0 0.02 T 12 11.8 21 260 M M 8 18 33 240
7 11 -5 3 -15 62 0 T T 12 9.5 17 290 M M 4 8 28 270
8 13 -2 6 -13 59 0 0.01 T 12 5.2 13 240 M M 8 1 18 260
9 13 3 8 -11 57 0 T T 12 6.3 14 270 M M 7 20 290
10 16 -9 4 -15 61 0 T T 12 4.9 13 300 M M 7 18 17 250
11 17 -10 4 -15 61 0 0.00 0.0 12 4.1 13 360 M M 6 20 30
12 19 3 11 -8 54 0 0.06 0.2 12 4.5 13 160 M M 8 18 16 170
13 19 -1 9 -10 56 0 0.13 2.1 12 3.7 14 100 M M 8 12 19 140
14 13 -8 3 -17 62 0 T T 14 6.8 14 310 M M 8 128 18 310
15 12 2 7 -13 58 0 0.00 0.0 14 9.3 18 30 M M 5 8 27 50
16 17 -1 8 -12 57 0 0.16 1.2 15 7.9 17 330 M M 7 8 25 10
17 23 -15 4 -16 61 0 0.00 0.0 15 1.5 8 200 M M 0 10 220
18 24 -2 11 -9 54 0 0.03 0.4 16 3.3 12 60 M M 7 1 17 50
19 27 6 17 -4 48 0 T T 16 2.6 8 280 M M 9 128 12 260
20 27 2 15 -6 50 0 0.01 0.2 16 4.0 12 230 M M 7 128 17 250
21 30 0 15 -6 50 0 0.01 0.3 16 8.2 17 120 M M 7 18 27 140
22 33 23 28 6 37 0 0.11 1.5 18 9.8 17 260 M M 10 1 29 220
23 42 32 37 15 28 0 0.04 0.5 18 10.7 20 280 M M 6 1 37 280
24 37 22 30 8 35 0 0.03 T 14 9.4 22 330 M M 10 1 33 320
25 33 8 21 -1 44 0 0.01 0.1 13 6.4 20 280 M M 4 1 28 280
26 39 21 30 7 35 0 0.00 0.0 12 8.0 18 180 M M 4 12 26 180
27 43 26 35 12 30 0 T T 12 5.9 13 230 M M 6 1 21 250
28 41 21 31 8 34 0 T T 12 10.5 29 280 M M 5 18 46 290
================================================================================
SM 727 177 1362 0 0.87 11.4 198.4 M 168
================================================================================
AV 26.0 6.3 7.1 FASTST M M 6 MAX(MPH)
MISC ----> 29 280 46 290
================================================================================
NOTES:
# LAST OF SEVERAL OCCURRENCES
COLUMN 17 PEAK WIND IN M.P.H.
PRELIMINARY LOCAL CLIMATOLOGICAL DATA (WS FORM: F-6) , PAGE 2
STATION: HOUGHTON LAKE MI
MONTH: FEBRUARY
YEAR: 2021
LATITUDE: 44 22 N
LONGITUDE: 84 41 W
[TEMPERATURE DATA] [PRECIPITATION DATA] SYMBOLS USED IN COLUMN 16
AVERAGE MONTHLY: 16.1 TOTAL FOR MONTH: 0.87 1 = FOG OR MIST
DPTR FM NORMAL: -3.9 DPTR FM NORMAL: -0.34 2 = FOG REDUCING VISIBILITY
HIGHEST: 43 ON 27 GRTST 24HR 0.25 ON 4- 5 TO 1/4 MILE OR LESS
LOWEST: -15 ON 17 3 = THUNDER
SNOW, ICE PELLETS, HAIL 4 = ICE PELLETS
TOTAL MONTH: 11.4 INCHES 5 = HAIL
GRTST 24HR 2.9 ON 4- 4 6 = FREEZING RAIN OR DRIZZLE
GRTST DEPTH: 18 ON 23,22 7 = DUSTSTORM OR SANDSTORM:
VSBY 1/2 MILE OR LESS
8 = SMOKE OR HAZE
[NO. OF DAYS WITH] [WEATHER - DAYS WITH] 9 = BLOWING SNOW
X = TORNADO
MAX 32 OR BELOW: 19 0.01 INCH OR MORE: 14
MAX 90 OR ABOVE: 0 0.10 INCH OR MORE: 4
MIN 32 OR BELOW: 28 0.50 INCH OR MORE: 0
MIN 0 OR BELOW: 10 1.00 INCH OR MORE: 0
[HDD (BASE 65) ]
TOTAL THIS MO. 1362 CLEAR (SCALE 0-3) 4
DPTR FM NORMAL 102 PTCLDY (SCALE 4-7) 17
TOTAL FM JUL 1 5490 CLOUDY (SCALE 8-10) 7
DPTR FM NORMAL -383
[CDD (BASE 65) ]
TOTAL THIS MO. 0
DPTR FM NORMAL 0 [PRESSURE DATA]
TOTAL FM JAN 1 0 HIGHEST SLP 30.50 ON 11
DPTR FM NORMAL 0 LOWEST SLP 29.11 ON 5
[REMARKS]
#FINAL-02-21#