544
CXUS53 KIND 010600
CF6HUF
PRELIMINARY LOCAL CLIMATOLOGICAL DATA (WS FORM: F-6)
STATION: TERRE HAUTE IN
MONTH: JUNE
YEAR: 2020
LATITUDE: 39 27 N
LONGITUDE: 87 18 W
TEMPERATURE IN F: :PCPN: SNOW: WIND :SUNSHINE: SKY :PK WND
================================================================================
1 2 3 4 5 6A 6B 7 8 9 10 11 12 13 14 15 16 17 18
12Z AVG MX 2MIN
DY MAX MIN AVG DEP HDD CDD WTR SNW DPTH SPD SPD DIR MIN PSBL S-S WX SPD DR
================================================================================
1 78 49 64 -4 1 0 0.00 M M 6.3 13 170 M M 1 17 180
2 89 61 75 6 0 10 0.00 M M 9.8 20 210 M M 0 27 200
3 91 68 80 11 0 15 T M M 8.6 16 240 M M 1 3 24 250
4 86 68 77 8 0 12 0.24 M M 4.8 17 270 M M 3 13 27 260
5 86 63 75 5 0 10 0.00 M M 3.0 12 200 M M 1 12 17 230
6 90 65 78 8 0 13 0.00 M M 5.1 12 30 M M 0 12 18 40
7 87 57 72 2 0 7 0.00 M M 6.1 14 50 M M 0 18 90
8 89 59 74 3 0 9 0.00 M M 8.8 17 100 M M 0 23 100
9 86 74 80 9 0 15 0.30 M M 16.7 36 170 M M 5 1 50 180
10 84 63 74 3 0 9 T M M 17.2 31 210 M M 7 45 210
11 84 58 71 -1 0 6 0.00 M M 7.4 18 290 M M 2 26 280
12 88 56 72 0 0 7 0.00 M M 3.7 13 300 M M 0 19 360
13 83 57 70 -2 0 5 0.00 M M 7.1 16 50 M M 1 22 30
14 77 54 66 -6 0 1 0.08 M M 8.0 15 40 M M 2 21 60
15 81 50 66 -7 0 1 0.00 M M 5.0 14 60 M M 1 20 30
16 84 56 70 -3 0 5 0.00 M M 5.3 15 160 M M 0 28 140
17 85 58 72 -1 0 7 0.00 M M 2.3 14 80 M M 2 21 70
18 89 59 74 1 0 9 0.00 M M 3.0 10 340 M M 1 15 50
19 91 63 77 3 0 12 0.00 M M 2.7 12 220 M M 1 16 240
20 94 64 79 5 0 14 T M M 6.3 23 320 M M 2 36 330
21 81 66 74 0 0 9 0.03 M M 4.2 13 260 M M 5 1 17 270
22 90 64 77 3 0 12 1.33 M M 7.5 22 160 M M 3 138 29 140
23 80 66 73 -1 0 8 0.08 M M 7.4 17 300 M M 8 1 25 310
24 82 60 71 -3 0 6 0.00 M M 5.4 14 300 M M 2 20 310
25 86 59 73 -2 0 8 0.00 M M 3.0 12 200 M M 2 18 230
26 91 68 80 5 0 15 T M M 9.3 22 220 M M 2 33 220
27 79 73 76 1 0 11 0.51 M M 7.9 17 230 M M 6 13 25 240
28 86 71 79 4 0 14 0.49 M M 4.4 15 220 M M 7 1 24 210
29 89 72 81 6 0 16 0.00 M M 3.5 9 250 M M 2 1 13 220
30 83 70 77 2 0 12 T M M 6.1 17 210 M M 2 3 24 210
================================================================================
SM 2569 1871 1 278 3.06 M 195.9 M 69
================================================================================
AV 85.6 62.4 6.5 FASTST M M 2 MAX(MPH)
MISC ----> 36 170 50 180
================================================================================
NOTES:
# LAST OF SEVERAL OCCURRENCES
COLUMN 17 PEAK WIND IN M.P.H.
PRELIMINARY LOCAL CLIMATOLOGICAL DATA (WS FORM: F-6) , PAGE 2
STATION: TERRE HAUTE IN
MONTH: JUNE
YEAR: 2020
LATITUDE: 39 27 N
LONGITUDE: 87 18 W
[TEMPERATURE DATA] [PRECIPITATION DATA] SYMBOLS USED IN COLUMN 16
AVERAGE MONTHLY: 74.0 TOTAL FOR MONTH: 3.06 1 = FOG OR MIST
DPTR FM NORMAL: 1.6 DPTR FM NORMAL: -1.38 2 = FOG REDUCING VISIBILITY
HIGHEST: 94 ON 20 GRTST 24HR 1.34 ON 22-23 TO 1/4 MILE OR LESS
LOWEST: 49 ON 1 3 = THUNDER
SNOW, ICE PELLETS, HAIL 4 = ICE PELLETS
TOTAL MONTH: M 5 = HAIL
GRTST 24HR M ON M 6 = FREEZING RAIN OR DRIZZLE
GRTST DEPTH: M ON M 7 = DUSTSTORM OR SANDSTORM:
VSBY 1/2 MILE OR LESS
8 = SMOKE OR HAZE
[NO. OF DAYS WITH] [WEATHER - DAYS WITH] 9 = BLOWING SNOW
X = TORNADO
MAX 32 OR BELOW: 0 0.01 INCH OR MORE: 8
MAX 90 OR ABOVE: 6 0.10 INCH OR MORE: 5
MIN 32 OR BELOW: 0 0.50 INCH OR MORE: 2
MIN 0 OR BELOW: 0 1.00 INCH OR MORE: 1
[HDD (BASE 65) ]
TOTAL THIS MO. 1 CLEAR (SCALE 0-3) 24
DPTR FM NORMAL -12 PTCLDY (SCALE 4-7) 6
TOTAL FM JUL 1 4929 CLOUDY (SCALE 8-10) 0
DPTR FM NORMAL -437
[CDD (BASE 65) ]
TOTAL THIS MO. 278
DPTR FM NORMAL 43 [PRESSURE DATA]
TOTAL FM JAN 1 382 HIGHEST SLP M ON M
DPTR FM NORMAL 61 LOWEST SLP 29.57 ON 10
[REMARKS]
#FINAL-06-20#