000
CXUS53 KIND 010700
CF6HUF
PRELIMINARY LOCAL CLIMATOLOGICAL DATA (WS FORM: F-6)
STATION: TERRE HAUTE IN
MONTH: NOVEMBER
YEAR: 2023
LATITUDE: 39 27 N
LONGITUDE: 87 18 W
TEMPERATURE IN F: :PCPN: SNOW: WIND :SUNSHINE: SKY :PK WND
================================================================================
1 2 3 4 5 6A 6B 7 8 9 10 11 12 13 14 15 16 17 18
12Z AVG MX 2MIN
DY MAX MIN AVG DEP HDD CDD WTR SNW DPTH SPD SPD DIR MIN PSBL S-S WX SPD DR
================================================================================
1 48 29 39 -9 26 0 0.00 M M 4.9 15 340 M M 3 21 320
2 57 25 41 -7 24 0 0.00 M M 9.0 18 210 M M 0 26 190
3 63 39 51 3 14 0 0.00 M M 12.8 23 190 M M 0 35 200
4 67 48 58 11 7 0 0.00 M M 6.1 14 250 M M 4 19 200
5 65 31 48 1 17 0 0.00 M M 1.3 8 150 M M 1 128 12 90
6 77 44 61 14 4 0 T M M 11.0 25 210 M M 5 37 220
7 74 43 59 13 6 0 0.00 M M 3.5 10 90 M M 3 12 14 100
8 80 55 68 22 0 3 0.00 M M 14.0 25 250 M M 6 37 260
9 70 45 58 12 7 0 0.00 M M 7.9 20 320 M M 4 32 330
10 59 34 47 2 18 0 0.00 M M 5.9 16 330 M M 0 23 330
11 54 23 39 -6 26 0 0.00 M M 4.0 13 130 M M 0 17 120
12 60 29 45 1 20 0 0.00 M M 3.4 13 160 M M 1 17 120
13 68 30 49 5 16 0 0.00 M M 3.3 15 350 M M 0 8 24 340
14 65 24 45 1 20 0 0.00 M M 4.9 16 150 M M 0 22 150
15 68 27 48 5 17 0 0.00 M M 2.8 10 240 M M 0 15 220
16 67 34 51 8 14 0 T M M 6.4 18 180 M M 3 24 170
17 63 38 51 9 14 0 0.18 M M 8.9 17 10 M M 8 1 24 200
18 53 26 40 -2 25 0 0.00 M M 2.4 9 260 M M 0 1 12 260
19 61 28 45 3 20 0 0.00 M M 1.2 9 70 M M 0 10 80
20 58 40 49 7 16 0 0.18 M M 10.9 23 100 M M 6 1 32 90
21 53 42 48 7 17 0 0.12 M M 9.6 17 300 M M 10 1 25 270
22 45 34 40 -1 25 0 0.00 M M 6.7 13 250 M M 8 17 240
23 54 33 44 4 21 0 0.00 M M 6.3 14 240 M M 0 18 230
24 44 32 38 -2 27 0 0.00 M M 9.8 23 50 M M 0 31 60
25 45 26 36 -4 29 0 0.00 M M 3.7 8 60 M M 0 10 30
26 41 25 33 -6 32 0 0.18 M M 7.5 21 270 M M 7 1 31 300
27 36 23 30 -9 35 0 0.00 M M 11.1 22 300 M M 5 31 310
28 28 16 22 -17 43 0 0.00 M M 6.8 18 310 M M 3 27 300
29 51 19 35 -3 30 0 0.00 M M 7.7 15 240 M M 0 21 260
30 57 31 44 6 21 0 T M M 9.3 23 210 M M 5 32 230
================================================================================
SM 1731 973 591 3 0.66 M 203.1 M 82
================================================================================
AV 57.7 32.4 6.8 FASTST M M 3 MAX(MPH)
MISC ----> # 25 210 # 37 220
================================================================================
NOTES:
# LAST OF SEVERAL OCCURRENCES
COLUMN 17 PEAK WIND IN M.P.H.
PRELIMINARY LOCAL CLIMATOLOGICAL DATA (WS FORM: F-6) , PAGE 2
STATION: TERRE HAUTE IN
MONTH: NOVEMBER
YEAR: 2023
LATITUDE: 39 27 N
LONGITUDE: 87 18 W
[TEMPERATURE DATA] [PRECIPITATION DATA] SYMBOLS USED IN COLUMN 16
AVERAGE MONTHLY: 45.1 TOTAL FOR MONTH: 0.66 1 = FOG OR MIST
DPTR FM NORMAL: 2.0 DPTR FM NORMAL: -2.39 2 = FOG REDUCING VISIBILITY
HIGHEST: 80 ON 8 GRTST 24HR 0.30 ON 20-21 TO 1/4 MILE OR LESS
LOWEST: 16 ON 28 3 = THUNDER
SNOW, ICE PELLETS, HAIL 4 = ICE PELLETS
TOTAL MONTH: M 5 = HAIL
GRTST 24HR M ON M 6 = FREEZING RAIN OR DRIZZLE
GRTST DEPTH: M ON M 7 = DUSTSTORM OR SANDSTORM:
VSBY 1/2 MILE OR LESS
8 = SMOKE OR HAZE
[NO. OF DAYS WITH] [WEATHER - DAYS WITH] 9 = BLOWING SNOW
X = TORNADO
MAX 32 OR BELOW: 1 0.01 INCH OR MORE: 4
MAX 90 OR ABOVE: 0 0.10 INCH OR MORE: 4
MIN 32 OR BELOW: 17 0.50 INCH OR MORE: 0
MIN 0 OR BELOW: 0 1.00 INCH OR MORE: 0
[HDD (BASE 65) ]
TOTAL THIS MO. 591 CLEAR (SCALE 0-3) 19
DPTR FM NORMAL -65 PTCLDY (SCALE 4-7) 10
TOTAL FM JUL 1 874 CLOUDY (SCALE 8-10) 1
DPTR FM NORMAL -188
[CDD (BASE 65) ]
TOTAL THIS MO. 3
DPTR FM NORMAL 3 [PRESSURE DATA]
TOTAL FM JAN 1 1107 HIGHEST SLP M ON M
DPTR FM NORMAL 31 LOWEST SLP 29.61 ON 8
[REMARKS]
#FINAL-11-23#